File: //home/surajaut/access-logs/surajauto.com-ssl_log
57.141.18.10 - - [16/Jul/2026:12:00:34 +0000] "GET /2026/06/29/best-on-the-internet-betting-site-in-bangladesh/2 HTTP/2" 301 1 "-" "Mozilla/5.0 (Macintosh; Intel Mac OS X 10_15_7) AppleWebKit/537.36 (KHTML, like Gecko) Chrome/145.0.0.0 Safari/537.36 (compatible; meta-externalagent/1.1 (+https://developers.facebook.com/docs/sharing/webmasters/crawler))"
66.249.65.198 - - [16/Jul/2026:12:00:56 +0000] "GET /?q=59516895020660 HTTP/1.1" 200 25144 "-" "Mozilla/5.0 (Linux; Android 6.0.1; Nexus 5X Build/MMB29P) AppleWebKit/537.36 (KHTML, like Gecko) Chrome/150.0.7871.114 Mobile Safari/537.36 (compatible; Googlebot/2.1; +http://www.google.com/bot.html)"
216.24.210.168 - - [16/Jul/2026:12:01:16 +0000] "POST /wp-login.php HTTP/1.1" 200 2461 "-" "Mozilla/5.0 (Macintosh; Intel Mac OS X 10_15_7) AppleWebKit/605.1.15 Version/17.0 Safari/605.1.15"
216.24.210.167 - - [16/Jul/2026:12:01:16 +0000] "POST /wp-login.php HTTP/1.1" 200 2469 "-" "Mozilla/5.0 (Macintosh; Intel Mac OS X 10_15_7) AppleWebKit/605.1.15 Version/17.0 Safari/605.1.15"
66.249.65.199 - - [16/Jul/2026:12:01:14 +0000] "GET /?q=74324139748762 HTTP/1.1" 200 24656 "-" "Mozilla/5.0 (Linux; Android 6.0.1; Nexus 5X Build/MMB29P) AppleWebKit/537.36 (KHTML, like Gecko) Chrome/150.0.7871.114 Mobile Safari/537.36 (compatible; Googlebot/2.1; +http://www.google.com/bot.html)"
66.249.65.197 - - [16/Jul/2026:12:01:23 +0000] "GET /?q=48723127759255 HTTP/1.1" 200 24473 "-" "Mozilla/5.0 (compatible; Googlebot/2.1; +http://www.google.com/bot.html)"
66.249.65.197 - - [16/Jul/2026:12:01:59 +0000] "GET /?q=63206686650174 HTTP/1.1" 200 24879 "-" "Mozilla/5.0 (Linux; Android 6.0.1; Nexus 5X Build/MMB29P) AppleWebKit/537.36 (KHTML, like Gecko) Chrome/150.0.7871.114 Mobile Safari/537.36 (compatible; Googlebot/2.1; +http://www.google.com/bot.html)"
66.249.65.198 - - [16/Jul/2026:12:03:21 +0000] "GET /?q=32482090237971 HTTP/1.1" 200 24761 "-" "Mozilla/5.0 (compatible; Googlebot/2.1; +http://www.google.com/bot.html)"
66.249.65.199 - - [16/Jul/2026:12:04:02 +0000] "GET /?q=88321480415722 HTTP/1.1" 200 25248 "-" "Mozilla/5.0 (compatible; Googlebot/2.1; +http://www.google.com/bot.html)"
66.249.65.197 - - [16/Jul/2026:12:04:34 +0000] "GET /?q=7913088680760 HTTP/1.1" 200 24772 "-" "Mozilla/5.0 (Linux; Android 6.0.1; Nexus 5X Build/MMB29P) AppleWebKit/537.36 (KHTML, like Gecko) Chrome/150.0.7871.114 Mobile Safari/537.36 (compatible; Googlebot/2.1; +http://www.google.com/bot.html)"
66.249.65.198 - - [16/Jul/2026:12:04:34 +0000] "GET /?q=96005002529900 HTTP/1.1" 200 24698 "-" "Mozilla/5.0 (Linux; Android 6.0.1; Nexus 5X Build/MMB29P) AppleWebKit/537.36 (KHTML, like Gecko) Chrome/150.0.7871.114 Mobile Safari/537.36 (compatible; Googlebot/2.1; +http://www.google.com/bot.html)"
66.249.65.198 - - [16/Jul/2026:12:05:31 +0000] "GET /?q=3555229915118 HTTP/1.1" 200 24835 "-" "Mozilla/5.0 (Linux; Android 6.0.1; Nexus 5X Build/MMB29P) AppleWebKit/537.36 (KHTML, like Gecko) Chrome/150.0.7871.114 Mobile Safari/537.36 (compatible; Googlebot/2.1; +http://www.google.com/bot.html)"
66.249.65.199 - - [16/Jul/2026:12:06:40 +0000] "GET /?q=13692369818260 HTTP/1.1" 200 25882 "-" "Mozilla/5.0 (Linux; Android 6.0.1; Nexus 5X Build/MMB29P) AppleWebKit/537.36 (KHTML, like Gecko) Chrome/150.0.7871.114 Mobile Safari/537.36 (compatible; Googlebot/2.1; +http://www.google.com/bot.html)"
66.249.65.197 - - [16/Jul/2026:12:06:43 +0000] "GET /?q=94826770268901 HTTP/1.1" 200 24835 "-" "Mozilla/5.0 (Linux; Android 6.0.1; Nexus 5X Build/MMB29P) AppleWebKit/537.36 (KHTML, like Gecko) Chrome/150.0.7871.114 Mobile Safari/537.36 (compatible; Googlebot/2.1; +http://www.google.com/bot.html)"
66.249.65.199 - - [16/Jul/2026:12:06:45 +0000] "GET /?q=99348204531670 HTTP/1.1" 200 26409 "-" "Mozilla/5.0 (compatible; Googlebot/2.1; +http://www.google.com/bot.html)"
66.249.65.198 - - [16/Jul/2026:12:07:39 +0000] "GET /?q=69591843470497 HTTP/1.1" 200 24365 "-" "Mozilla/5.0 (Linux; Android 6.0.1; Nexus 5X Build/MMB29P) AppleWebKit/537.36 (KHTML, like Gecko) Chrome/150.0.7871.114 Mobile Safari/537.36 (compatible; Googlebot/2.1; +http://www.google.com/bot.html)"
66.249.65.197 - - [16/Jul/2026:12:08:11 +0000] "GET /?q=56100588224311 HTTP/1.1" 200 26616 "-" "Mozilla/5.0 (compatible; Googlebot/2.1; +http://www.google.com/bot.html)"
66.249.65.197 - - [16/Jul/2026:12:08:24 +0000] "GET /?q=2495965891602 HTTP/1.1" 200 25216 "-" "Mozilla/5.0 (compatible; Googlebot/2.1; +http://www.google.com/bot.html)"
66.249.65.197 - - [16/Jul/2026:12:08:24 +0000] "GET /?q=2495965891602 HTTP/1.1" 200 25216 "-" "Mozilla/5.0 (Linux; Android 6.0.1; Nexus 5X Build/MMB29P) AppleWebKit/537.36 (KHTML, like Gecko) Chrome/150.0.7871.114 Mobile Safari/537.36 (compatible; Googlebot/2.1; +http://www.google.com/bot.html)"
66.249.65.197 - - [16/Jul/2026:12:08:27 +0000] "GET /?q=84535967277549 HTTP/1.1" 200 25000 "-" "Mozilla/5.0 (Linux; Android 6.0.1; Nexus 5X Build/MMB29P) AppleWebKit/537.36 (KHTML, like Gecko) Chrome/150.0.7871.114 Mobile Safari/537.36 (compatible; Googlebot/2.1; +http://www.google.com/bot.html)"
66.249.65.197 - - [16/Jul/2026:12:09:50 +0000] "GET /?q=92111845156940 HTTP/1.1" 200 24868 "-" "Mozilla/5.0 (Linux; Android 6.0.1; Nexus 5X Build/MMB29P) AppleWebKit/537.36 (KHTML, like Gecko) Chrome/150.0.7871.114 Mobile Safari/537.36 (compatible; Googlebot/2.1; +http://www.google.com/bot.html)"
66.249.65.199 - - [16/Jul/2026:12:09:56 +0000] "GET /?q=17065470125437 HTTP/1.1" 200 24781 "-" "Mozilla/5.0 (Linux; Android 6.0.1; Nexus 5X Build/MMB29P) AppleWebKit/537.36 (KHTML, like Gecko) Chrome/150.0.7871.114 Mobile Safari/537.36 (compatible; Googlebot/2.1; +http://www.google.com/bot.html)"
216.24.210.172 - - [16/Jul/2026:12:10:23 +0000] "POST /wp-login.php HTTP/1.1" 200 2461 "-" "Mozilla/5.0 (Macintosh; Intel Mac OS X 10_15_7) AppleWebKit/605.1.15 Version/17.0 Safari/605.1.15"
216.24.210.170 - - [16/Jul/2026:12:10:24 +0000] "POST /wp-login.php HTTP/1.1" 200 2469 "-" "Mozilla/5.0 (Windows NT 10.0; Win64; x64) AppleWebKit/537.36 Chrome/129.0.0.0 Safari/537.36"
66.249.65.198 - - [16/Jul/2026:12:10:37 +0000] "GET /?q=34518421901534 HTTP/1.1" 200 24695 "-" "Mozilla/5.0 (compatible; Googlebot/2.1; +http://www.google.com/bot.html)"
66.249.65.198 - - [16/Jul/2026:12:10:53 +0000] "GET /?q=89823088316447 HTTP/1.1" 200 24560 "-" "Mozilla/5.0 (Linux; Android 6.0.1; Nexus 5X Build/MMB29P) AppleWebKit/537.36 (KHTML, like Gecko) Chrome/150.0.7871.114 Mobile Safari/537.36 (compatible; Googlebot/2.1; +http://www.google.com/bot.html)"
66.249.65.199 - - [16/Jul/2026:12:11:08 +0000] "GET /?q=55680724310121 HTTP/1.1" 200 24860 "-" "Mozilla/5.0 (Linux; Android 6.0.1; Nexus 5X Build/MMB29P) AppleWebKit/537.36 (KHTML, like Gecko) Chrome/150.0.7871.114 Mobile Safari/537.36 (compatible; Googlebot/2.1; +http://www.google.com/bot.html)"
66.249.65.198 - - [16/Jul/2026:12:11:32 +0000] "GET /?q=48137100122779 HTTP/1.1" 200 25460 "-" "Mozilla/5.0 (compatible; Googlebot/2.1; +http://www.google.com/bot.html)"
66.249.65.198 - - [16/Jul/2026:12:11:36 +0000] "GET /?q=32200424775505 HTTP/1.1" 200 25288 "-" "Mozilla/5.0 (compatible; Googlebot/2.1; +http://www.google.com/bot.html)"
66.249.65.198 - - [16/Jul/2026:12:12:27 +0000] "GET /?q=2589928777314 HTTP/1.1" 200 24898 "-" "Mozilla/5.0 (compatible; Googlebot/2.1; +http://www.google.com/bot.html)"
66.249.65.197 - - [16/Jul/2026:12:12:43 +0000] "GET /?q=20006518192137 HTTP/1.1" 200 24723 "-" "Mozilla/5.0 (Linux; Android 6.0.1; Nexus 5X Build/MMB29P) AppleWebKit/537.36 (KHTML, like Gecko) Chrome/150.0.7871.114 Mobile Safari/537.36 (compatible; Googlebot/2.1; +http://www.google.com/bot.html)"
66.249.65.197 - - [16/Jul/2026:12:12:46 +0000] "GET /?q=52887910208360 HTTP/1.1" 200 24989 "-" "Mozilla/5.0 (Linux; Android 6.0.1; Nexus 5X Build/MMB29P) AppleWebKit/537.36 (KHTML, like Gecko) Chrome/150.0.7871.114 Mobile Safari/537.36 (compatible; Googlebot/2.1; +http://www.google.com/bot.html)"
66.249.65.198 - - [16/Jul/2026:12:13:09 +0000] "GET /?q=73057197229217 HTTP/1.1" 200 25261 "-" "Mozilla/5.0 (Linux; Android 6.0.1; Nexus 5X Build/MMB29P) AppleWebKit/537.36 (KHTML, like Gecko) Chrome/150.0.7871.114 Mobile Safari/537.36 (compatible; Googlebot/2.1; +http://www.google.com/bot.html)"
66.249.65.197 - - [16/Jul/2026:12:13:52 +0000] "GET /?q=80781123549163 HTTP/1.1" 200 24734 "-" "Mozilla/5.0 (Linux; Android 6.0.1; Nexus 5X Build/MMB29P) AppleWebKit/537.36 (KHTML, like Gecko) Chrome/150.0.7871.114 Mobile Safari/537.36 (compatible; Googlebot/2.1; +http://www.google.com/bot.html)"
66.249.65.197 - - [16/Jul/2026:12:14:57 +0000] "GET /?q=83384237591697 HTTP/1.1" 200 24884 "-" "Mozilla/5.0 (Linux; Android 6.0.1; Nexus 5X Build/MMB29P) AppleWebKit/537.36 (KHTML, like Gecko) Chrome/150.0.7871.114 Mobile Safari/537.36 (compatible; Googlebot/2.1; +http://www.google.com/bot.html)"
57.141.0.40 - - [16/Jul/2026:12:15:39 +0000] "GET /wp-json/oembed/1.0/embed?url=https%3A%2F%2Fsurajauto.com%2F2026%2F06%2F29%2Fbest-on-the-internet-betting-site-in-bangladesh%2F HTTP/2" 200 2360 "-" "Mozilla/5.0 (Windows NT 10.0; Win64; x64) AppleWebKit/537.36 (KHTML, like Gecko) Chrome/145.0.0.0 Safari/537.36 (compatible; meta-externalagent/1.1 (+https://developers.facebook.com/docs/sharing/webmasters/crawler))"
66.249.65.197 - - [16/Jul/2026:12:16:15 +0000] "GET /?q=16746610629598 HTTP/1.1" 200 25605 "-" "Mozilla/5.0 (Linux; Android 6.0.1; Nexus 5X Build/MMB29P) AppleWebKit/537.36 (KHTML, like Gecko) Chrome/150.0.7871.114 Mobile Safari/537.36 (compatible; Googlebot/2.1; +http://www.google.com/bot.html)"
190.92.174.91 - - [16/Jul/2026:12:17:04 +0000] "POST /wp-cron.php?doing_wp_cron=1784204224.4356830120086669921875 HTTP/1.1" 200 0 "-" "WordPress/7.0.1; https://surajauto.com"
57.141.0.67 - - [16/Jul/2026:12:17:03 +0000] "GET /2025/07/10/deciphering-return-to-player-rtp-in-online-slot-games-building-trust-and-transparency/feed/ HTTP/2" 200 974 "-" "Mozilla/5.0 (Windows NT 10.0; Win64; x64) AppleWebKit/537.36 (KHTML, like Gecko) Chrome/145.0.0.0 Safari/537.36 (compatible; meta-externalagent/1.1 (+https://developers.facebook.com/docs/sharing/webmasters/crawler))"
66.249.65.199 - - [16/Jul/2026:12:17:15 +0000] "GET /?q=46564913682973 HTTP/1.1" 200 25442 "-" "Mozilla/5.0 (Linux; Android 6.0.1; Nexus 5X Build/MMB29P) AppleWebKit/537.36 (KHTML, like Gecko) Chrome/150.0.7871.114 Mobile Safari/537.36 (compatible; Googlebot/2.1; +http://www.google.com/bot.html)"
66.249.65.197 - - [16/Jul/2026:12:17:51 +0000] "GET /?q=27219685524331 HTTP/1.1" 200 25306 "-" "Mozilla/5.0 (compatible; Googlebot/2.1; +http://www.google.com/bot.html)"
66.249.65.199 - - [16/Jul/2026:12:18:16 +0000] "GET /?q=30453751712921 HTTP/1.1" 200 24692 "-" "Mozilla/5.0 (Linux; Android 6.0.1; Nexus 5X Build/MMB29P) AppleWebKit/537.36 (KHTML, like Gecko) Chrome/150.0.7871.114 Mobile Safari/537.36 (compatible; Googlebot/2.1; +http://www.google.com/bot.html)"
165.232.173.236 - - [16/Jul/2026:12:18:37 +0000] "GET /wp-login.php HTTP/2" 200 2075 "-" "Mozilla/5.0 (iPhone; CPU iPhone OS 26_4_2 like Mac OS X) AppleWebKit/605.1.15 (KHTML, like Gecko) CriOS/148.0.7778.47 Mobile/15E148 Safari/604.1"
165.232.173.236 - - [16/Jul/2026:12:18:37 +0000] "POST /wp-login.php HTTP/2" 200 2210 "https://surajauto.com/wp-login.php" "Mozilla/5.0 (iPhone; CPU iPhone OS 26_4_2 like Mac OS X) AppleWebKit/605.1.15 (KHTML, like Gecko) CriOS/148.0.7778.47 Mobile/15E148 Safari/604.1"
66.249.65.197 - - [16/Jul/2026:12:18:38 +0000] "GET /?q=19640543647400 HTTP/1.1" 200 25622 "-" "Mozilla/5.0 (compatible; Googlebot/2.1; +http://www.google.com/bot.html)"
66.249.65.197 - - [16/Jul/2026:12:18:42 +0000] "GET /?q=30064408162284 HTTP/1.1" 200 24610 "-" "Mozilla/5.0 (Linux; Android 6.0.1; Nexus 5X Build/MMB29P) AppleWebKit/537.36 (KHTML, like Gecko) Chrome/150.0.7871.114 Mobile Safari/537.36 (compatible; Googlebot/2.1; +http://www.google.com/bot.html)"
103.178.2.177 - - [16/Jul/2026:12:18:57 +0000] "POST /wp-comments-post.php HTTP/1.1" 302 0 "-" "Mozilla/5.0 (Windows NT 10.0; Win64; x64) AppleWebKit/537.36 (KHTML, like Gecko) Chrome/120.0.0.0 Safari/537.36"
66.249.65.199 - - [16/Jul/2026:12:19:22 +0000] "GET /index.php?q=61060356767723 HTTP/1.1" 200 25796 "-" "Mozilla/5.0 (compatible; Googlebot/2.1; +http://www.google.com/bot.html)"
190.92.174.91 - - [16/Jul/2026:12:19:37 +0000] "POST /wp-cron.php?doing_wp_cron=1784204377.8146350383758544921875 HTTP/1.1" 200 0 "-" "WordPress/7.0.1; https://surajauto.com"
98.159.37.83 - - [16/Jul/2026:12:19:37 +0000] "POST /wp-login.php HTTP/1.1" 200 2461 "-" "Mozilla/5.0 (Windows NT 10.0; Win64; x64) AppleWebKit/537.36 Chrome/129.0.0.0 Safari/537.36"
98.159.37.83 - - [16/Jul/2026:12:19:37 +0000] "POST /wp-login.php HTTP/1.1" 200 2469 "-" "Mozilla/5.0 (Windows NT 10.0; Win64; x64) AppleWebKit/537.36 Chrome/129.0.0.0 Safari/537.36"
66.249.65.197 - - [16/Jul/2026:12:19:41 +0000] "GET /?q=57569978008866 HTTP/1.1" 200 24538 "-" "Mozilla/5.0 (compatible; Googlebot/2.1; +http://www.google.com/bot.html)"
66.249.65.198 - - [16/Jul/2026:12:19:43 +0000] "GET /?q=95920063535330 HTTP/1.1" 200 25124 "-" "Mozilla/5.0 (Linux; Android 6.0.1; Nexus 5X Build/MMB29P) AppleWebKit/537.36 (KHTML, like Gecko) Chrome/150.0.7871.114 Mobile Safari/537.36 (compatible; Googlebot/2.1; +http://www.google.com/bot.html)"
66.249.65.197 - - [16/Jul/2026:12:20:11 +0000] "GET /?q=4914196596361 HTTP/1.1" 200 25511 "-" "Mozilla/5.0 (compatible; Googlebot/2.1; +http://www.google.com/bot.html)"
66.249.65.197 - - [16/Jul/2026:12:20:48 +0000] "GET /?q=11256711040479 HTTP/1.1" 200 24866 "-" "Mozilla/5.0 (Linux; Android 6.0.1; Nexus 5X Build/MMB29P) AppleWebKit/537.36 (KHTML, like Gecko) Chrome/150.0.7871.114 Mobile Safari/537.36 (compatible; Googlebot/2.1; +http://www.google.com/bot.html)"
173.211.50.202 - - [16/Jul/2026:12:21:03 +0000] "HEAD / HTTP/1.1" 200 0 "-" "curl/8.6.0"
72.57.110.140 - - [16/Jul/2026:12:21:06 +0000] "POST /xmlrpc.php HTTP/1.1" 200 268 "-" "Wget/1.21.4"
72.57.110.140 - - [16/Jul/2026:12:21:09 +0000] "POST /xmlrpc.php HTTP/1.1" 200 268 "-" "curl/8.6.0"
72.57.110.140 - - [16/Jul/2026:12:21:11 +0000] "GET /wp-login.php HTTP/1.1" 200 2327 "-" "curl/7.88.1"
72.57.110.140 - - [16/Jul/2026:12:21:13 +0000] "POST /wp-login.php HTTP/1.1" 302 0 "https://surajauto.com/wp-login.php" "curl/7.88.1"
66.249.65.199 - - [16/Jul/2026:12:21:10 +0000] "GET /?q=20880699701833 HTTP/1.1" 200 24997 "-" "Mozilla/5.0 (Linux; Android 6.0.1; Nexus 5X Build/MMB29P) AppleWebKit/537.36 (KHTML, like Gecko) Chrome/150.0.7871.114 Mobile Safari/537.36 (compatible; Googlebot/2.1; +http://www.google.com/bot.html)"
72.57.110.140 - - [16/Jul/2026:12:21:15 +0000] "GET /wp-admin/ HTTP/1.1" 200 27673 "https://surajauto.com/wp-login.php" "curl/7.88.1"
72.57.110.140 - - [16/Jul/2026:12:21:18 +0000] "GET /wp-admin/plugins.php HTTP/1.1" 200 18761 "-" "curl/8.6.0"
66.249.65.197 - - [16/Jul/2026:12:21:16 +0000] "GET /?q=86863455765277 HTTP/1.1" 200 24799 "-" "Mozilla/5.0 (Linux; Android 6.0.1; Nexus 5X Build/MMB29P) AppleWebKit/537.36 (KHTML, like Gecko) Chrome/150.0.7871.114 Mobile Safari/537.36 (compatible; Googlebot/2.1; +http://www.google.com/bot.html)"
72.57.110.140 - - [16/Jul/2026:12:21:21 +0000] "GET /wp-login.php HTTP/1.1" 200 2327 "-" "Wget/1.21.4"
66.249.65.197 - - [16/Jul/2026:12:21:20 +0000] "GET /?q=49766750561305 HTTP/1.1" 200 24978 "-" "Mozilla/5.0 (Linux; Android 6.0.1; Nexus 5X Build/MMB29P) AppleWebKit/537.36 (KHTML, like Gecko) Chrome/150.0.7871.114 Mobile Safari/537.36 (compatible; Googlebot/2.1; +http://www.google.com/bot.html)"
72.57.110.140 - - [16/Jul/2026:12:21:23 +0000] "POST /wp-login.php HTTP/1.1" 302 0 "https://surajauto.com/wp-login.php" "Wget/1.21.4"
72.57.110.140 - - [16/Jul/2026:12:21:25 +0000] "GET /wp-admin/ HTTP/1.1" 200 27640 "https://surajauto.com/wp-login.php" "Wget/1.21.4"
66.249.65.197 - - [16/Jul/2026:12:21:26 +0000] "GET /?q=56546819741642 HTTP/1.1" 200 25641 "-" "Mozilla/5.0 (Linux; Android 6.0.1; Nexus 5X Build/MMB29P) AppleWebKit/537.36 (KHTML, like Gecko) Chrome/150.0.7871.114 Mobile Safari/537.36 (compatible; Googlebot/2.1; +http://www.google.com/bot.html)"
72.57.110.140 - - [16/Jul/2026:12:21:35 +0000] "HEAD /wp-admin/ HTTP/1.1" 302 0 "-" "Wget/1.21.4"
72.57.110.140 - - [16/Jul/2026:12:21:38 +0000] "GET /wp-admin/edit.php?post_type=shop_order HTTP/1.1" 403 1242 "-" "curl/7.88.1"
72.57.110.140 - - [16/Jul/2026:12:21:38 +0000] "GET /wp-admin/admin.php?page=wc-orders HTTP/1.1" 403 1147 "-" "curl/7.88.1"
72.57.110.140 - - [16/Jul/2026:12:21:40 +0000] "GET /wp-admin/admin.php?page=wc-reports&range=year HTTP/1.1" 403 1147 "-" "Wget/1.21.4"
72.57.110.140 - - [16/Jul/2026:12:21:42 +0000] "GET /wp-admin/admin.php?page=wc-reports&range=last_month HTTP/1.1" 403 1147 "-" "curl/7.88.1"
72.57.110.140 - - [16/Jul/2026:12:21:44 +0000] "GET /wp-admin/admin.php?page=wc-reports&range=month HTTP/1.1" 403 1147 "-" "Wget/1.21.4"
72.57.110.140 - - [16/Jul/2026:12:21:46 +0000] "GET /wp-login.php HTTP/1.1" 200 2327 "-" "curl/7.88.1"
72.57.110.140 - - [16/Jul/2026:12:21:48 +0000] "HEAD /wp-admin/ HTTP/1.1" 302 0 "-" "curl/7.88.1"
72.57.110.140 - - [16/Jul/2026:12:21:51 +0000] "HEAD /wp-login.php?redirect_to=https%3A%2F%2Fsurajauto.com%2Fwp-admin%2F&reauth=1 HTTP/1.1" 200 0 "https://surajauto.com/wp-admin/" "curl/7.88.1"
72.57.110.140 - - [16/Jul/2026:12:21:52 +0000] "GET /wp-admin/edit.php?post_type=shop_order HTTP/1.1" 403 1242 "-" "curl/7.88.1"
72.57.110.140 - - [16/Jul/2026:12:21:54 +0000] "GET /wp-admin/admin.php?page=wc-reports&range=year HTTP/1.1" 403 1147 "-" "curl/7.88.1"
57.141.0.26 - - [16/Jul/2026:12:21:53 +0000] "GET /2026/06/25/obzor-user-experience-insights-about-1win-kazino/ HTTP/2" 200 121188 "-" "Mozilla/5.0 (Windows NT 10.0; Win64; x64) AppleWebKit/537.36 (KHTML, like Gecko) Chrome/145.0.0.0 Safari/537.36 (compatible; meta-externalagent/1.1 (+https://developers.facebook.com/docs/sharing/webmasters/crawler))"
72.57.110.140 - - [16/Jul/2026:12:21:56 +0000] "GET /wp-admin/admin.php?page=wc-reports&range=last_month HTTP/1.1" 403 1147 "-" "curl/7.88.1"
72.57.110.140 - - [16/Jul/2026:12:21:58 +0000] "GET /wp-admin/admin.php?page=wc-reports&range=month HTTP/1.1" 403 1147 "-" "curl/8.6.0"
57.141.0.27 - - [16/Jul/2026:12:22:35 +0000] "GET /2025/07/10/deciphering-return-to-player-rtp-in-online-slot-games-building-trust-and-transparency/2 HTTP/2" 301 1 "-" "Mozilla/5.0 (Windows NT 10.0; Win64; x64) AppleWebKit/537.36 (KHTML, like Gecko) Chrome/145.0.0.0 Safari/537.36 (compatible; meta-externalagent/1.1 (+https://developers.facebook.com/docs/sharing/webmasters/crawler))"
66.249.65.198 - - [16/Jul/2026:12:22:44 +0000] "GET /?q=70741291952348 HTTP/1.1" 200 24881 "-" "Mozilla/5.0 (compatible; Googlebot/2.1; +http://www.google.com/bot.html)"
66.249.65.198 - - [16/Jul/2026:12:22:45 +0000] "GET /?q=67965335614678 HTTP/1.1" 200 25750 "-" "Mozilla/5.0 (Linux; Android 6.0.1; Nexus 5X Build/MMB29P) AppleWebKit/537.36 (KHTML, like Gecko) Chrome/150.0.7871.114 Mobile Safari/537.36 (compatible; Googlebot/2.1; +http://www.google.com/bot.html)"
66.249.65.197 - - [16/Jul/2026:12:24:53 +0000] "GET /?q=40789808673319 HTTP/1.1" 200 24934 "-" "Mozilla/5.0 (compatible; Googlebot/2.1; +http://www.google.com/bot.html)"
66.249.65.198 - - [16/Jul/2026:12:25:24 +0000] "GET /?q=82882637317437 HTTP/1.1" 200 25340 "-" "Mozilla/5.0 (Linux; Android 6.0.1; Nexus 5X Build/MMB29P) AppleWebKit/537.36 (KHTML, like Gecko) Chrome/150.0.7871.114 Mobile Safari/537.36 (compatible; Googlebot/2.1; +http://www.google.com/bot.html)"
57.141.0.61 - - [16/Jul/2026:12:25:34 +0000] "GET /author/wallacemark136/page/26/ HTTP/2" 200 138794 "-" "Mozilla/5.0 (Windows NT 10.0; Win64; x64) AppleWebKit/537.36 (KHTML, like Gecko) Chrome/145.0.0.0 Safari/537.36 (compatible; meta-externalagent/1.1 (+https://developers.facebook.com/docs/sharing/webmasters/crawler))"
66.249.65.199 - - [16/Jul/2026:12:26:37 +0000] "GET /?q=73374809841340 HTTP/1.1" 200 24829 "-" "Mozilla/5.0 (compatible; Googlebot/2.1; +http://www.google.com/bot.html)"
66.249.65.197 - - [16/Jul/2026:12:26:38 +0000] "GET /?q=56470935448212 HTTP/1.1" 200 24263 "-" "Mozilla/5.0 (Linux; Android 6.0.1; Nexus 5X Build/MMB29P) AppleWebKit/537.36 (KHTML, like Gecko) Chrome/150.0.7871.114 Mobile Safari/537.36 (compatible; Googlebot/2.1; +http://www.google.com/bot.html)"
66.249.65.198 - - [16/Jul/2026:12:26:39 +0000] "GET /?q=33068877380368 HTTP/1.1" 200 25319 "-" "Mozilla/5.0 (Linux; Android 6.0.1; Nexus 5X Build/MMB29P) AppleWebKit/537.36 (KHTML, like Gecko) Chrome/150.0.7871.114 Mobile Safari/537.36 (compatible; Googlebot/2.1; +http://www.google.com/bot.html)"
66.249.65.197 - - [16/Jul/2026:12:26:57 +0000] "GET /?q=46113509173264 HTTP/1.1" 200 24720 "-" "Mozilla/5.0 (Linux; Android 6.0.1; Nexus 5X Build/MMB29P) AppleWebKit/537.36 (KHTML, like Gecko) Chrome/150.0.7871.114 Mobile Safari/537.36 (compatible; Googlebot/2.1; +http://www.google.com/bot.html)"
66.249.65.197 - - [16/Jul/2026:12:27:15 +0000] "GET /?q=15168373578872 HTTP/1.1" 200 25212 "-" "Mozilla/5.0 (Linux; Android 6.0.1; Nexus 5X Build/MMB29P) AppleWebKit/537.36 (KHTML, like Gecko) Chrome/150.0.7871.114 Mobile Safari/537.36 (compatible; Googlebot/2.1; +http://www.google.com/bot.html)"
66.249.65.198 - - [16/Jul/2026:12:28:27 +0000] "GET /?q=39086034121365 HTTP/1.1" 200 24892 "-" "Mozilla/5.0 (compatible; Googlebot/2.1; +http://www.google.com/bot.html)"
216.24.210.159 - - [16/Jul/2026:12:28:47 +0000] "POST /wp-login.php HTTP/1.1" 200 2469 "-" "Mozilla/5.0 (Macintosh; Intel Mac OS X 10_15_7) AppleWebKit/605.1.15 Version/17.0 Safari/605.1.15"
216.24.210.160 - - [16/Jul/2026:12:28:48 +0000] "POST /wp-login.php HTTP/1.1" 200 2461 "-" "Mozilla/5.0 (Macintosh; Intel Mac OS X 10_15_7) AppleWebKit/605.1.15 Version/17.0 Safari/605.1.15"
66.249.65.199 - - [16/Jul/2026:12:29:03 +0000] "GET /?q=38769119709368 HTTP/1.1" 200 25434 "-" "Mozilla/5.0 (compatible; Googlebot/2.1; +http://www.google.com/bot.html)"
66.249.65.197 - - [16/Jul/2026:12:29:23 +0000] "GET /?q=58744369003299 HTTP/1.1" 200 24688 "-" "Mozilla/5.0 (Linux; Android 6.0.1; Nexus 5X Build/MMB29P) AppleWebKit/537.36 (KHTML, like Gecko) Chrome/150.0.7871.114 Mobile Safari/537.36 (compatible; Googlebot/2.1; +http://www.google.com/bot.html)"
66.249.65.197 - - [16/Jul/2026:12:29:30 +0000] "GET /?q=65141569184242 HTTP/1.1" 200 24861 "-" "Mozilla/5.0 (compatible; Googlebot/2.1; +http://www.google.com/bot.html)"
66.249.65.197 - - [16/Jul/2026:12:29:40 +0000] "GET /?q=54456732939842 HTTP/1.1" 200 25109 "-" "Mozilla/5.0 (Linux; Android 6.0.1; Nexus 5X Build/MMB29P) AppleWebKit/537.36 (KHTML, like Gecko) Chrome/150.0.7871.114 Mobile Safari/537.36 (compatible; Googlebot/2.1; +http://www.google.com/bot.html)"
66.249.65.197 - - [16/Jul/2026:12:29:50 +0000] "GET /?q=73803740117372 HTTP/1.1" 200 24811 "-" "Mozilla/5.0 (Linux; Android 6.0.1; Nexus 5X Build/MMB29P) AppleWebKit/537.36 (KHTML, like Gecko) Chrome/150.0.7871.114 Mobile Safari/537.36 (compatible; Googlebot/2.1; +http://www.google.com/bot.html)"
66.249.65.197 - - [16/Jul/2026:12:29:49 +0000] "GET /?q=49132282259287 HTTP/1.1" 200 25205 "-" "Mozilla/5.0 (Linux; Android 6.0.1; Nexus 5X Build/MMB29P) AppleWebKit/537.36 (KHTML, like Gecko) Chrome/150.0.7871.114 Mobile Safari/537.36 (compatible; Googlebot/2.1; +http://www.google.com/bot.html)"
66.249.65.197 - - [16/Jul/2026:12:30:23 +0000] "GET /?q=94622374990849 HTTP/1.1" 200 24817 "-" "Mozilla/5.0 (compatible; Googlebot/2.1; +http://www.google.com/bot.html)"
66.249.65.197 - - [16/Jul/2026:12:30:57 +0000] "GET /?q=14147513134853 HTTP/1.1" 200 25456 "-" "Mozilla/5.0 (Linux; Android 6.0.1; Nexus 5X Build/MMB29P) AppleWebKit/537.36 (KHTML, like Gecko) Chrome/150.0.7871.114 Mobile Safari/537.36 (compatible; Googlebot/2.1; +http://www.google.com/bot.html)"
66.249.65.197 - - [16/Jul/2026:12:31:16 +0000] "GET /?q=40689581213345 HTTP/1.1" 200 25792 "-" "Mozilla/5.0 (compatible; Googlebot/2.1; +http://www.google.com/bot.html)"
66.249.65.197 - - [16/Jul/2026:12:31:31 +0000] "GET /?q=13886518901242 HTTP/1.1" 200 24765 "-" "Mozilla/5.0 (compatible; Googlebot/2.1; +http://www.google.com/bot.html)"
66.249.65.197 - - [16/Jul/2026:12:31:34 +0000] "GET /?q=26214552655661 HTTP/1.1" 200 25449 "-" "Mozilla/5.0 (Linux; Android 6.0.1; Nexus 5X Build/MMB29P) AppleWebKit/537.36 (KHTML, like Gecko) Chrome/150.0.7871.114 Mobile Safari/537.36 (compatible; Googlebot/2.1; +http://www.google.com/bot.html)"
66.249.65.197 - - [16/Jul/2026:12:31:36 +0000] "GET /?q=13647254174961 HTTP/1.1" 200 24831 "-" "Mozilla/5.0 (compatible; Googlebot/2.1; +http://www.google.com/bot.html)"
66.249.65.197 - - [16/Jul/2026:12:31:48 +0000] "GET /?q=39102543513498 HTTP/1.1" 200 24813 "-" "Mozilla/5.0 (compatible; Googlebot/2.1; +http://www.google.com/bot.html)"
66.249.65.198 - - [16/Jul/2026:12:32:17 +0000] "GET /?q=54033298545713 HTTP/1.1" 200 25087 "-" "Mozilla/5.0 (Linux; Android 6.0.1; Nexus 5X Build/MMB29P) AppleWebKit/537.36 (KHTML, like Gecko) Chrome/150.0.7871.114 Mobile Safari/537.36 (compatible; Googlebot/2.1; +http://www.google.com/bot.html)"
52.187.246.143 - - [16/Jul/2026:12:32:20 +0000] "GET / HTTP/2" 200 25616 "-" "Mozilla/5.0 AppleWebKit/537.36 (KHTML, like Gecko); compatible; ChatGPT-User/1.0; +https://openai.com/bot"
52.187.246.142 - - [16/Jul/2026:12:32:20 +0000] "GET / HTTP/2" 200 25614 "-" "Mozilla/5.0 AppleWebKit/537.36 (KHTML, like Gecko); compatible; ChatGPT-User/1.0; +https://openai.com/bot"
106.222.185.132 - - [16/Jul/2026:12:32:29 +0000] "GET /?utm_source=chatgpt.com HTTP/2" 200 25611 "-" "Mozilla/5.0 (Linux; Android 10; K) AppleWebKit/537.36 (KHTML, like Gecko) SamsungBrowser/30.0 Chrome/143.0.0.0 Mobile Safari/537.36"
106.222.185.132 - - [16/Jul/2026:12:32:30 +0000] "GET /wp-content/themes/astra/assets/css/minified/main.min.css?ver=4.11.2 HTTP/2" 200 8478 "https://surajauto.com/?utm_source=chatgpt.com" "Mozilla/5.0 (Linux; Android 10; K) AppleWebKit/537.36 (KHTML, like Gecko) SamsungBrowser/30.0 Chrome/143.0.0.0 Mobile Safari/537.36"
106.222.185.132 - - [16/Jul/2026:12:32:30 +0000] "GET /wp-content/uploads/2025/07/cropped-Suraj_Logo_page-0001-removebg-preview.png HTTP/2" 200 44890 "https://surajauto.com/?utm_source=chatgpt.com" "Mozilla/5.0 (Linux; Android 10; K) AppleWebKit/537.36 (KHTML, like Gecko) SamsungBrowser/30.0 Chrome/143.0.0.0 Mobile Safari/537.36"
106.222.185.132 - - [16/Jul/2026:12:32:30 +0000] "GET /wp-content/themes/astra/assets/js/minified/frontend.min.js?ver=4.11.2 HTTP/2" 200 5660 "https://surajauto.com/?utm_source=chatgpt.com" "Mozilla/5.0 (Linux; Android 10; K) AppleWebKit/537.36 (KHTML, like Gecko) SamsungBrowser/30.0 Chrome/143.0.0.0 Mobile Safari/537.36"
106.222.185.132 - - [16/Jul/2026:12:32:30 +0000] "GET /wp-content/uploads/2025/07/IMG_0222-768x1024.jpg HTTP/2" 200 161904 "https://surajauto.com/?utm_source=chatgpt.com" "Mozilla/5.0 (Linux; Android 10; K) AppleWebKit/537.36 (KHTML, like Gecko) SamsungBrowser/30.0 Chrome/143.0.0.0 Mobile Safari/537.36"
106.222.185.132 - - [16/Jul/2026:12:32:30 +0000] "GET /wp-content/uploads/2025/07/MixCollage-11-Jul-2025-04-31-PM-1562.jpg HTTP/2" 200 62631 "https://surajauto.com/?utm_source=chatgpt.com" "Mozilla/5.0 (Linux; Android 10; K) AppleWebKit/537.36 (KHTML, like Gecko) SamsungBrowser/30.0 Chrome/143.0.0.0 Mobile Safari/537.36"
106.222.185.132 - - [16/Jul/2026:12:32:30 +0000] "GET /wp-content/uploads/2025/07/MixCollage-11-Jul-2025-04-28-PM-2187.jpg HTTP/2" 200 72234 "https://surajauto.com/?utm_source=chatgpt.com" "Mozilla/5.0 (Linux; Android 10; K) AppleWebKit/537.36 (KHTML, like Gecko) SamsungBrowser/30.0 Chrome/143.0.0.0 Mobile Safari/537.36"
106.222.185.132 - - [16/Jul/2026:12:32:30 +0000] "GET /wp-content/uploads/2025/07/MixCollage-08-Jul-2025-11-38-PM-6927.jpg HTTP/2" 200 347398 "https://surajauto.com/?utm_source=chatgpt.com" "Mozilla/5.0 (Linux; Android 10; K) AppleWebKit/537.36 (KHTML, like Gecko) SamsungBrowser/30.0 Chrome/143.0.0.0 Mobile Safari/537.36"
106.222.185.132 - - [16/Jul/2026:12:32:30 +0000] "GET /wp-content/uploads/2025/07/MixCollage-08-Jul-2025-11-38-PM-6927-1.jpg HTTP/2" 200 347398 "https://surajauto.com/?utm_source=chatgpt.com" "Mozilla/5.0 (Linux; Android 10; K) AppleWebKit/537.36 (KHTML, like Gecko) SamsungBrowser/30.0 Chrome/143.0.0.0 Mobile Safari/537.36"
106.222.185.132 - - [16/Jul/2026:12:32:30 +0000] "GET /wp-content/uploads/2025/07/MixCollage-09-Jul-2025-02-10-PM-4837.jpg HTTP/2" 200 487022 "https://surajauto.com/?utm_source=chatgpt.com" "Mozilla/5.0 (Linux; Android 10; K) AppleWebKit/537.36 (KHTML, like Gecko) SamsungBrowser/30.0 Chrome/143.0.0.0 Mobile Safari/537.36"
106.222.185.132 - - [16/Jul/2026:12:32:30 +0000] "GET /wp-content/uploads/2025/07/MixCollage-09-Jul-2025-04-00-PM-3489.jpg HTTP/2" 200 397429 "https://surajauto.com/?utm_source=chatgpt.com" "Mozilla/5.0 (Linux; Android 10; K) AppleWebKit/537.36 (KHTML, like Gecko) SamsungBrowser/30.0 Chrome/143.0.0.0 Mobile Safari/537.36"
106.222.185.132 - - [16/Jul/2026:12:32:30 +0000] "GET /wp-content/uploads/2025/07/MixCollage-09-Jul-2025-11-23-PM-5560.jpg HTTP/2" 200 468719 "https://surajauto.com/?utm_source=chatgpt.com" "Mozilla/5.0 (Linux; Android 10; K) AppleWebKit/537.36 (KHTML, like Gecko) SamsungBrowser/30.0 Chrome/143.0.0.0 Mobile Safari/537.36"
106.222.185.132 - - [16/Jul/2026:12:32:30 +0000] "GET /wp-content/uploads/2025/07/MixCollage-10-Jul-2025-10-32-PM-159.jpg HTTP/2" 200 449507 "https://surajauto.com/?utm_source=chatgpt.com" "Mozilla/5.0 (Linux; Android 10; K) AppleWebKit/537.36 (KHTML, like Gecko) SamsungBrowser/30.0 Chrome/143.0.0.0 Mobile Safari/537.36"
106.222.185.132 - - [16/Jul/2026:12:32:30 +0000] "GET /wp-content/uploads/2025/07/MixCollage-09-Jul-2025-04-03-PM-9119.jpg HTTP/2" 200 555261 "https://surajauto.com/?utm_source=chatgpt.com" "Mozilla/5.0 (Linux; Android 10; K) AppleWebKit/537.36 (KHTML, like Gecko) SamsungBrowser/30.0 Chrome/143.0.0.0 Mobile Safari/537.36"
106.222.185.132 - - [16/Jul/2026:12:32:30 +0000] "GET /wp-content/uploads/2025/07/MixCollage-09-Jul-2025-04-04-PM-111.jpg HTTP/2" 200 525366 "https://surajauto.com/?utm_source=chatgpt.com" "Mozilla/5.0 (Linux; Android 10; K) AppleWebKit/537.36 (KHTML, like Gecko) SamsungBrowser/30.0 Chrome/143.0.0.0 Mobile Safari/537.36"
106.222.185.132 - - [16/Jul/2026:12:32:30 +0000] "GET /wp-content/uploads/2025/07/MixCollage-10-Jul-2025-11-10-PM-3389.jpg HTTP/2" 200 519448 "https://surajauto.com/?utm_source=chatgpt.com" "Mozilla/5.0 (Linux; Android 10; K) AppleWebKit/537.36 (KHTML, like Gecko) SamsungBrowser/30.0 Chrome/143.0.0.0 Mobile Safari/537.36"
106.222.185.132 - - [16/Jul/2026:12:32:30 +0000] "GET /wp-content/uploads/2025/07/MixCollage-10-Jul-2025-10-31-PM-6930.jpg HTTP/2" 200 566224 "https://surajauto.com/?utm_source=chatgpt.com" "Mozilla/5.0 (Linux; Android 10; K) AppleWebKit/537.36 (KHTML, like Gecko) SamsungBrowser/30.0 Chrome/143.0.0.0 Mobile Safari/537.36"
106.222.185.132 - - [16/Jul/2026:12:32:30 +0000] "GET /wp-content/uploads/2025/07/MixCollage-10-Jul-2025-12-19-AM-1921.jpg HTTP/2" 200 602740 "https://surajauto.com/?utm_source=chatgpt.com" "Mozilla/5.0 (Linux; Android 10; K) AppleWebKit/537.36 (KHTML, like Gecko) SamsungBrowser/30.0 Chrome/143.0.0.0 Mobile Safari/537.36"
106.222.185.132 - - [16/Jul/2026:12:32:30 +0000] "GET /wp-content/uploads/2025/07/MixCollage-09-Jul-2025-11-22-PM-2420.jpg HTTP/2" 200 554950 "https://surajauto.com/?utm_source=chatgpt.com" "Mozilla/5.0 (Linux; Android 10; K) AppleWebKit/537.36 (KHTML, like Gecko) SamsungBrowser/30.0 Chrome/143.0.0.0 Mobile Safari/537.36"
106.222.185.132 - - [16/Jul/2026:12:32:30 +0000] "GET /wp-content/uploads/2025/07/MixCollage-09-Jul-2025-04-01-PM-8724.jpg HTTP/2" 200 638424 "https://surajauto.com/?utm_source=chatgpt.com" "Mozilla/5.0 (Linux; Android 10; K) AppleWebKit/537.36 (KHTML, like Gecko) SamsungBrowser/30.0 Chrome/143.0.0.0 Mobile Safari/537.36"
106.222.185.132 - - [16/Jul/2026:12:32:30 +0000] "GET /wp-content/uploads/2025/07/MixCollage-10-Jul-2025-11-10-PM-7190.jpg HTTP/2" 200 556014 "https://surajauto.com/?utm_source=chatgpt.com" "Mozilla/5.0 (Linux; Android 10; K) AppleWebKit/537.36 (KHTML, like Gecko) SamsungBrowser/30.0 Chrome/143.0.0.0 Mobile Safari/537.36"
106.222.185.132 - - [16/Jul/2026:12:32:30 +0000] "GET /wp-content/uploads/2025/07/MixCollage-10-Jul-2025-12-23-AM-5309.jpg HTTP/2" 200 565085 "https://surajauto.com/?utm_source=chatgpt.com" "Mozilla/5.0 (Linux; Android 10; K) AppleWebKit/537.36 (KHTML, like Gecko) SamsungBrowser/30.0 Chrome/143.0.0.0 Mobile Safari/537.36"
106.222.185.132 - - [16/Jul/2026:12:32:30 +0000] "GET /wp-content/uploads/2025/07/MixCollage-10-Jul-2025-11-11-PM-4892.jpg HTTP/2" 200 555791 "https://surajauto.com/?utm_source=chatgpt.com" "Mozilla/5.0 (Linux; Android 10; K) AppleWebKit/537.36 (KHTML, like Gecko) SamsungBrowser/30.0 Chrome/143.0.0.0 Mobile Safari/537.36"
106.222.185.132 - - [16/Jul/2026:12:32:30 +0000] "GET /wp-content/uploads/2025/07/MixCollage-09-Jul-2025-11-21-PM-4204.jpg HTTP/2" 200 680152 "https://surajauto.com/?utm_source=chatgpt.com" "Mozilla/5.0 (Linux; Android 10; K) AppleWebKit/537.36 (KHTML, like Gecko) SamsungBrowser/30.0 Chrome/143.0.0.0 Mobile Safari/537.36"
106.222.185.132 - - [16/Jul/2026:12:32:31 +0000] "GET /wp-includes/js/wp-emoji-release.min.js?ver=7.0.1 HTTP/2" 200 4974 "https://surajauto.com/?utm_source=chatgpt.com" "Mozilla/5.0 (Linux; Android 10; K) AppleWebKit/537.36 (KHTML, like Gecko) SamsungBrowser/30.0 Chrome/143.0.0.0 Mobile Safari/537.36"
66.249.65.198 - - [16/Jul/2026:12:32:39 +0000] "GET /?q=41070414658792 HTTP/1.1" 200 25534 "-" "Mozilla/5.0 (compatible; Googlebot/2.1; +http://www.google.com/bot.html)"
66.249.65.197 - - [16/Jul/2026:12:32:45 +0000] "GET /?q=60527364452438 HTTP/1.1" 200 25067 "-" "Mozilla/5.0 (compatible; Googlebot/2.1; +http://www.google.com/bot.html)"
66.249.65.197 - - [16/Jul/2026:12:32:48 +0000] "GET /?q=59770467801403 HTTP/1.1" 200 24774 "-" "Mozilla/5.0 (compatible; Googlebot/2.1; +http://www.google.com/bot.html)"
66.249.65.198 - - [16/Jul/2026:12:33:34 +0000] "GET /?q=78270010710030 HTTP/1.1" 200 24758 "-" "Mozilla/5.0 (compatible; Googlebot/2.1; +http://www.google.com/bot.html)"
66.249.65.198 - - [16/Jul/2026:12:33:45 +0000] "GET /?q=2241945838127 HTTP/1.1" 200 25376 "-" "Mozilla/5.0 (compatible; Googlebot/2.1; +http://www.google.com/bot.html)"
152.42.137.70 - - [16/Jul/2026:12:34:19 +0000] "GET /wp-login.php HTTP/2" 200 2075 "-" "Mozilla/5.0 (Linux; Android 10; K) AppleWebKit/537.36 (KHTML, like Gecko) Chrome/148.0.0.0 Mobile Safari/537.36"
152.42.137.70 - - [16/Jul/2026:12:34:19 +0000] "POST /wp-login.php HTTP/2" 200 2210 "https://surajauto.com/wp-login.php" "Mozilla/5.0 (Linux; Android 10; K) AppleWebKit/537.36 (KHTML, like Gecko) Chrome/148.0.0.0 Mobile Safari/537.36"
66.249.65.198 - - [16/Jul/2026:12:34:20 +0000] "GET /index.php?q=95994331068580 HTTP/1.1" 200 24944 "-" "Mozilla/5.0 (compatible; Googlebot/2.1; +http://www.google.com/bot.html)"
66.249.65.197 - - [16/Jul/2026:12:34:27 +0000] "GET /?q=35001668578560 HTTP/1.1" 200 24675 "-" "Mozilla/5.0 (Linux; Android 6.0.1; Nexus 5X Build/MMB29P) AppleWebKit/537.36 (KHTML, like Gecko) Chrome/150.0.7871.114 Mobile Safari/537.36 (compatible; Googlebot/2.1; +http://www.google.com/bot.html)"
66.249.65.197 - - [16/Jul/2026:12:35:26 +0000] "GET /?q=27528992009516 HTTP/1.1" 200 24738 "-" "Mozilla/5.0 (compatible; Googlebot/2.1; +http://www.google.com/bot.html)"
66.249.65.198 - - [16/Jul/2026:12:35:32 +0000] "GET /2026/07/14/welche-boni-bei-sportwetten-ohne-oasis-sind-die-besten-fur-sie/ HTTP/1.1" 200 24905 "-" "Mozilla/5.0 (Linux; Android 6.0.1; Nexus 5X Build/MMB29P) AppleWebKit/537.36 (KHTML, like Gecko) Chrome/150.0.7871.114 Mobile Safari/537.36 (compatible; Googlebot/2.1; +http://www.google.com/bot.html)"
66.249.65.197 - - [16/Jul/2026:12:36:31 +0000] "GET /?q=40102449930206 HTTP/1.1" 200 25127 "-" "Mozilla/5.0 (Linux; Android 6.0.1; Nexus 5X Build/MMB29P) AppleWebKit/537.36 (KHTML, like Gecko) Chrome/150.0.7871.114 Mobile Safari/537.36 (compatible; Googlebot/2.1; +http://www.google.com/bot.html)"
216.73.217.150 - - [16/Jul/2026:12:36:50 +0000] "GET /robots.txt HTTP/2" 200 67 "-" "Mozilla/5.0 AppleWebKit/537.36 (KHTML, like Gecko; compatible; ClaudeBot/1.0; +claudebot@anthropic.com)"
216.73.217.150 - - [16/Jul/2026:12:36:50 +0000] "GET /?q=29108252425018 HTTP/2" 200 25616 "-" "Mozilla/5.0 AppleWebKit/537.36 (KHTML, like Gecko; compatible; ClaudeBot/1.0; +claudebot@anthropic.com)"
216.73.217.150 - - [16/Jul/2026:12:36:51 +0000] "GET /?q=6045039636992 HTTP/2" 200 25616 "-" "Mozilla/5.0 AppleWebKit/537.36 (KHTML, like Gecko; compatible; ClaudeBot/1.0; +claudebot@anthropic.com)"
216.73.217.150 - - [16/Jul/2026:12:36:52 +0000] "GET /?q=51160646196361 HTTP/2" 200 25616 "-" "Mozilla/5.0 AppleWebKit/537.36 (KHTML, like Gecko; compatible; ClaudeBot/1.0; +claudebot@anthropic.com)"
216.73.217.150 - - [16/Jul/2026:12:36:52 +0000] "GET /?q=63663412388014 HTTP/2" 200 25616 "-" "Mozilla/5.0 AppleWebKit/537.36 (KHTML, like Gecko; compatible; ClaudeBot/1.0; +claudebot@anthropic.com)"
216.73.217.150 - - [16/Jul/2026:12:36:53 +0000] "GET /?q=38543742306372 HTTP/2" 200 25614 "-" "Mozilla/5.0 AppleWebKit/537.36 (KHTML, like Gecko; compatible; ClaudeBot/1.0; +claudebot@anthropic.com)"
216.73.217.150 - - [16/Jul/2026:12:36:54 +0000] "GET /?q=85548840741310 HTTP/2" 200 25616 "-" "Mozilla/5.0 AppleWebKit/537.36 (KHTML, like Gecko; compatible; ClaudeBot/1.0; +claudebot@anthropic.com)"
216.73.217.150 - - [16/Jul/2026:12:36:55 +0000] "GET /?q=7452965578697 HTTP/2" 200 25616 "-" "Mozilla/5.0 AppleWebKit/537.36 (KHTML, like Gecko; compatible; ClaudeBot/1.0; +claudebot@anthropic.com)"
216.73.217.150 - - [16/Jul/2026:12:36:55 +0000] "GET /?q=7000291673232 HTTP/2" 200 25616 "-" "Mozilla/5.0 AppleWebKit/537.36 (KHTML, like Gecko; compatible; ClaudeBot/1.0; +claudebot@anthropic.com)"
216.73.217.150 - - [16/Jul/2026:12:36:56 +0000] "GET /?q=14850354860973 HTTP/2" 200 25614 "-" "Mozilla/5.0 AppleWebKit/537.36 (KHTML, like Gecko; compatible; ClaudeBot/1.0; +claudebot@anthropic.com)"
216.73.217.150 - - [16/Jul/2026:12:36:57 +0000] "GET /?q=89175217632465 HTTP/2" 200 25614 "-" "Mozilla/5.0 AppleWebKit/537.36 (KHTML, like Gecko; compatible; ClaudeBot/1.0; +claudebot@anthropic.com)"
216.73.217.150 - - [16/Jul/2026:12:36:58 +0000] "GET /?q=61399164449178 HTTP/2" 200 25616 "-" "Mozilla/5.0 AppleWebKit/537.36 (KHTML, like Gecko; compatible; ClaudeBot/1.0; +claudebot@anthropic.com)"
216.73.217.150 - - [16/Jul/2026:12:36:58 +0000] "GET /?q=64719972748817 HTTP/2" 200 25614 "-" "Mozilla/5.0 AppleWebKit/537.36 (KHTML, like Gecko; compatible; ClaudeBot/1.0; +claudebot@anthropic.com)"
216.73.217.150 - - [16/Jul/2026:12:36:59 +0000] "GET /?q=48214710054026 HTTP/2" 200 25614 "-" "Mozilla/5.0 AppleWebKit/537.36 (KHTML, like Gecko; compatible; ClaudeBot/1.0; +claudebot@anthropic.com)"
216.73.217.150 - - [16/Jul/2026:12:37:00 +0000] "GET /?q=4158079045757 HTTP/2" 200 25614 "-" "Mozilla/5.0 AppleWebKit/537.36 (KHTML, like Gecko; compatible; ClaudeBot/1.0; +claudebot@anthropic.com)"
216.73.217.150 - - [16/Jul/2026:12:37:00 +0000] "GET /?q=2216651978107 HTTP/2" 200 25614 "-" "Mozilla/5.0 AppleWebKit/537.36 (KHTML, like Gecko; compatible; ClaudeBot/1.0; +claudebot@anthropic.com)"
216.73.217.150 - - [16/Jul/2026:12:37:01 +0000] "GET /?q=4956183779331 HTTP/2" 200 25614 "-" "Mozilla/5.0 AppleWebKit/537.36 (KHTML, like Gecko; compatible; ClaudeBot/1.0; +claudebot@anthropic.com)"
216.73.217.150 - - [16/Jul/2026:12:37:01 +0000] "GET /?q=98536357929239 HTTP/2" 200 25616 "-" "Mozilla/5.0 AppleWebKit/537.36 (KHTML, like Gecko; compatible; ClaudeBot/1.0; +claudebot@anthropic.com)"
216.73.217.150 - - [16/Jul/2026:12:37:01 +0000] "GET /?q=19515282973253 HTTP/2" 200 25616 "-" "Mozilla/5.0 AppleWebKit/537.36 (KHTML, like Gecko; compatible; ClaudeBot/1.0; +claudebot@anthropic.com)"
216.73.217.150 - - [16/Jul/2026:12:37:02 +0000] "GET /?q=89041663041111 HTTP/2" 200 25614 "-" "Mozilla/5.0 AppleWebKit/537.36 (KHTML, like Gecko; compatible; ClaudeBot/1.0; +claudebot@anthropic.com)"
216.73.217.150 - - [16/Jul/2026:12:37:02 +0000] "GET /?q=41583888694105 HTTP/2" 200 25614 "-" "Mozilla/5.0 AppleWebKit/537.36 (KHTML, like Gecko; compatible; ClaudeBot/1.0; +claudebot@anthropic.com)"
216.73.217.150 - - [16/Jul/2026:12:37:02 +0000] "GET /?q=79741822845293 HTTP/2" 200 25614 "-" "Mozilla/5.0 AppleWebKit/537.36 (KHTML, like Gecko; compatible; ClaudeBot/1.0; +claudebot@anthropic.com)"
216.73.217.150 - - [16/Jul/2026:12:37:03 +0000] "GET /?q=4530279262399 HTTP/2" 200 25614 "-" "Mozilla/5.0 AppleWebKit/537.36 (KHTML, like Gecko; compatible; ClaudeBot/1.0; +claudebot@anthropic.com)"
216.73.217.150 - - [16/Jul/2026:12:37:03 +0000] "GET /?q=3665578892392 HTTP/2" 200 25614 "-" "Mozilla/5.0 AppleWebKit/537.36 (KHTML, like Gecko; compatible; ClaudeBot/1.0; +claudebot@anthropic.com)"
216.73.217.150 - - [16/Jul/2026:12:37:04 +0000] "GET /?q=96002457586821 HTTP/2" 200 25616 "-" "Mozilla/5.0 AppleWebKit/537.36 (KHTML, like Gecko; compatible; ClaudeBot/1.0; +claudebot@anthropic.com)"
216.73.217.150 - - [16/Jul/2026:12:37:04 +0000] "GET /?q=2420169690165 HTTP/2" 200 25614 "-" "Mozilla/5.0 AppleWebKit/537.36 (KHTML, like Gecko; compatible; ClaudeBot/1.0; +claudebot@anthropic.com)"
216.73.217.150 - - [16/Jul/2026:12:37:04 +0000] "GET /?q=55869799847808 HTTP/2" 200 25614 "-" "Mozilla/5.0 AppleWebKit/537.36 (KHTML, like Gecko; compatible; ClaudeBot/1.0; +claudebot@anthropic.com)"
216.73.217.150 - - [16/Jul/2026:12:37:05 +0000] "GET /?q=9467071069712 HTTP/2" 200 25614 "-" "Mozilla/5.0 AppleWebKit/537.36 (KHTML, like Gecko; compatible; ClaudeBot/1.0; +claudebot@anthropic.com)"
216.73.217.150 - - [16/Jul/2026:12:37:05 +0000] "GET /?q=40104875631402 HTTP/2" 200 25614 "-" "Mozilla/5.0 AppleWebKit/537.36 (KHTML, like Gecko; compatible; ClaudeBot/1.0; +claudebot@anthropic.com)"
216.73.217.150 - - [16/Jul/2026:12:37:05 +0000] "GET /?q=78554026033960 HTTP/2" 200 25616 "-" "Mozilla/5.0 AppleWebKit/537.36 (KHTML, like Gecko; compatible; ClaudeBot/1.0; +claudebot@anthropic.com)"
216.73.217.150 - - [16/Jul/2026:12:37:06 +0000] "GET /?q=40954169509908 HTTP/2" 200 25616 "-" "Mozilla/5.0 AppleWebKit/537.36 (KHTML, like Gecko; compatible; ClaudeBot/1.0; +claudebot@anthropic.com)"
216.73.217.150 - - [16/Jul/2026:12:37:06 +0000] "GET /?q=9476603669950 HTTP/2" 200 25614 "-" "Mozilla/5.0 AppleWebKit/537.36 (KHTML, like Gecko; compatible; ClaudeBot/1.0; +claudebot@anthropic.com)"
216.73.217.150 - - [16/Jul/2026:12:37:06 +0000] "GET /?q=71807741722011 HTTP/2" 200 25616 "-" "Mozilla/5.0 AppleWebKit/537.36 (KHTML, like Gecko; compatible; ClaudeBot/1.0; +claudebot@anthropic.com)"
216.73.217.150 - - [16/Jul/2026:12:37:06 +0000] "GET /?q=85334530679795 HTTP/2" 200 25614 "-" "Mozilla/5.0 AppleWebKit/537.36 (KHTML, like Gecko; compatible; ClaudeBot/1.0; +claudebot@anthropic.com)"
216.73.217.150 - - [16/Jul/2026:12:37:07 +0000] "GET /?q=52593494587849 HTTP/2" 200 25614 "-" "Mozilla/5.0 AppleWebKit/537.36 (KHTML, like Gecko; compatible; ClaudeBot/1.0; +claudebot@anthropic.com)"
216.73.217.150 - - [16/Jul/2026:12:37:07 +0000] "GET /?q=53106910500596 HTTP/2" 200 25614 "-" "Mozilla/5.0 AppleWebKit/537.36 (KHTML, like Gecko; compatible; ClaudeBot/1.0; +claudebot@anthropic.com)"
216.73.217.150 - - [16/Jul/2026:12:37:07 +0000] "GET /?q=48046351187783 HTTP/2" 200 25614 "-" "Mozilla/5.0 AppleWebKit/537.36 (KHTML, like Gecko; compatible; ClaudeBot/1.0; +claudebot@anthropic.com)"
216.73.217.150 - - [16/Jul/2026:12:37:08 +0000] "GET /?q=83086549071237 HTTP/2" 200 25616 "-" "Mozilla/5.0 AppleWebKit/537.36 (KHTML, like Gecko; compatible; ClaudeBot/1.0; +claudebot@anthropic.com)"
216.73.217.150 - - [16/Jul/2026:12:37:08 +0000] "GET /?q=83174009865632 HTTP/2" 200 25614 "-" "Mozilla/5.0 AppleWebKit/537.36 (KHTML, like Gecko; compatible; ClaudeBot/1.0; +claudebot@anthropic.com)"
216.73.217.150 - - [16/Jul/2026:12:37:09 +0000] "GET /?q=20000848415410 HTTP/2" 200 25614 "-" "Mozilla/5.0 AppleWebKit/537.36 (KHTML, like Gecko; compatible; ClaudeBot/1.0; +claudebot@anthropic.com)"
216.73.217.150 - - [16/Jul/2026:12:37:09 +0000] "GET /?q=35601433821772 HTTP/2" 200 25614 "-" "Mozilla/5.0 AppleWebKit/537.36 (KHTML, like Gecko; compatible; ClaudeBot/1.0; +claudebot@anthropic.com)"
216.73.217.150 - - [16/Jul/2026:12:37:09 +0000] "GET /?q=89923792584987 HTTP/2" 200 25616 "-" "Mozilla/5.0 AppleWebKit/537.36 (KHTML, like Gecko; compatible; ClaudeBot/1.0; +claudebot@anthropic.com)"
216.73.217.150 - - [16/Jul/2026:12:37:09 +0000] "GET /?q=4980632097972 HTTP/2" 200 25614 "-" "Mozilla/5.0 AppleWebKit/537.36 (KHTML, like Gecko; compatible; ClaudeBot/1.0; +claudebot@anthropic.com)"
216.73.217.150 - - [16/Jul/2026:12:37:11 +0000] "GET /?q=63154155348071 HTTP/2" 200 25616 "-" "Mozilla/5.0 AppleWebKit/537.36 (KHTML, like Gecko; compatible; ClaudeBot/1.0; +claudebot@anthropic.com)"
216.73.217.150 - - [16/Jul/2026:12:37:11 +0000] "GET /?q=1434536957369 HTTP/2" 200 25616 "-" "Mozilla/5.0 AppleWebKit/537.36 (KHTML, like Gecko; compatible; ClaudeBot/1.0; +claudebot@anthropic.com)"
216.73.217.150 - - [16/Jul/2026:12:37:11 +0000] "GET /?q=59042256357362 HTTP/2" 200 25614 "-" "Mozilla/5.0 AppleWebKit/537.36 (KHTML, like Gecko; compatible; ClaudeBot/1.0; +claudebot@anthropic.com)"
216.73.217.150 - - [16/Jul/2026:12:37:11 +0000] "GET /?q=52916697397256 HTTP/2" 200 25614 "-" "Mozilla/5.0 AppleWebKit/537.36 (KHTML, like Gecko; compatible; ClaudeBot/1.0; +claudebot@anthropic.com)"
216.73.217.150 - - [16/Jul/2026:12:37:12 +0000] "GET /?q=65415035809893 HTTP/2" 200 25614 "-" "Mozilla/5.0 AppleWebKit/537.36 (KHTML, like Gecko; compatible; ClaudeBot/1.0; +claudebot@anthropic.com)"
216.73.217.150 - - [16/Jul/2026:12:37:12 +0000] "GET /?q=68784138148199 HTTP/2" 200 25614 "-" "Mozilla/5.0 AppleWebKit/537.36 (KHTML, like Gecko; compatible; ClaudeBot/1.0; +claudebot@anthropic.com)"
216.73.217.150 - - [16/Jul/2026:12:37:12 +0000] "GET /?q=44448084535472 HTTP/2" 200 25614 "-" "Mozilla/5.0 AppleWebKit/537.36 (KHTML, like Gecko; compatible; ClaudeBot/1.0; +claudebot@anthropic.com)"
216.73.217.150 - - [16/Jul/2026:12:37:13 +0000] "GET /?q=67451094580683 HTTP/2" 200 25616 "-" "Mozilla/5.0 AppleWebKit/537.36 (KHTML, like Gecko; compatible; ClaudeBot/1.0; +claudebot@anthropic.com)"
216.73.217.150 - - [16/Jul/2026:12:37:13 +0000] "GET /?q=59087180425201 HTTP/2" 200 25616 "-" "Mozilla/5.0 AppleWebKit/537.36 (KHTML, like Gecko; compatible; ClaudeBot/1.0; +claudebot@anthropic.com)"
216.73.217.150 - - [16/Jul/2026:12:37:13 +0000] "GET /?q=5685456469665 HTTP/2" 200 25614 "-" "Mozilla/5.0 AppleWebKit/537.36 (KHTML, like Gecko; compatible; ClaudeBot/1.0; +claudebot@anthropic.com)"
216.73.217.150 - - [16/Jul/2026:12:37:14 +0000] "GET /?q=54246993636632 HTTP/2" 200 25614 "-" "Mozilla/5.0 AppleWebKit/537.36 (KHTML, like Gecko; compatible; ClaudeBot/1.0; +claudebot@anthropic.com)"
216.73.217.150 - - [16/Jul/2026:12:37:14 +0000] "GET /?q=47139900844667 HTTP/2" 200 25614 "-" "Mozilla/5.0 AppleWebKit/537.36 (KHTML, like Gecko; compatible; ClaudeBot/1.0; +claudebot@anthropic.com)"
216.73.217.150 - - [16/Jul/2026:12:37:14 +0000] "GET /?q=22189749199239 HTTP/2" 200 25614 "-" "Mozilla/5.0 AppleWebKit/537.36 (KHTML, like Gecko; compatible; ClaudeBot/1.0; +claudebot@anthropic.com)"
216.73.217.150 - - [16/Jul/2026:12:37:14 +0000] "GET /?q=71763530886901 HTTP/2" 200 25614 "-" "Mozilla/5.0 AppleWebKit/537.36 (KHTML, like Gecko; compatible; ClaudeBot/1.0; +claudebot@anthropic.com)"
216.73.217.150 - - [16/Jul/2026:12:37:14 +0000] "GET /?q=4874898425065 HTTP/2" 200 25616 "-" "Mozilla/5.0 AppleWebKit/537.36 (KHTML, like Gecko; compatible; ClaudeBot/1.0; +claudebot@anthropic.com)"
216.73.217.150 - - [16/Jul/2026:12:37:14 +0000] "GET /?q=17993069799002 HTTP/2" 200 25616 "-" "Mozilla/5.0 AppleWebKit/537.36 (KHTML, like Gecko; compatible; ClaudeBot/1.0; +claudebot@anthropic.com)"
216.73.217.150 - - [16/Jul/2026:12:37:15 +0000] "GET /?q=50142734548962 HTTP/2" 200 25614 "-" "Mozilla/5.0 AppleWebKit/537.36 (KHTML, like Gecko; compatible; ClaudeBot/1.0; +claudebot@anthropic.com)"
216.73.217.150 - - [16/Jul/2026:12:37:15 +0000] "GET /?q=48827086714348 HTTP/2" 200 25614 "-" "Mozilla/5.0 AppleWebKit/537.36 (KHTML, like Gecko; compatible; ClaudeBot/1.0; +claudebot@anthropic.com)"
216.73.217.150 - - [16/Jul/2026:12:37:15 +0000] "GET /?q=76003020146906 HTTP/2" 200 25614 "-" "Mozilla/5.0 AppleWebKit/537.36 (KHTML, like Gecko; compatible; ClaudeBot/1.0; +claudebot@anthropic.com)"
216.73.217.150 - - [16/Jul/2026:12:37:15 +0000] "GET /?q=52328623955393 HTTP/2" 200 25616 "-" "Mozilla/5.0 AppleWebKit/537.36 (KHTML, like Gecko; compatible; ClaudeBot/1.0; +claudebot@anthropic.com)"
216.73.217.150 - - [16/Jul/2026:12:37:16 +0000] "GET /?q=2606571114209 HTTP/2" 200 25614 "-" "Mozilla/5.0 AppleWebKit/537.36 (KHTML, like Gecko; compatible; ClaudeBot/1.0; +claudebot@anthropic.com)"
216.73.217.150 - - [16/Jul/2026:12:37:16 +0000] "GET /?q=2284490328058 HTTP/2" 200 25614 "-" "Mozilla/5.0 AppleWebKit/537.36 (KHTML, like Gecko; compatible; ClaudeBot/1.0; +claudebot@anthropic.com)"
216.73.217.150 - - [16/Jul/2026:12:37:16 +0000] "GET /?q=79394686171998 HTTP/2" 200 25614 "-" "Mozilla/5.0 AppleWebKit/537.36 (KHTML, like Gecko; compatible; ClaudeBot/1.0; +claudebot@anthropic.com)"
216.73.217.150 - - [16/Jul/2026:12:37:16 +0000] "GET /?q=51177104726124 HTTP/2" 200 25614 "-" "Mozilla/5.0 AppleWebKit/537.36 (KHTML, like Gecko; compatible; ClaudeBot/1.0; +claudebot@anthropic.com)"
216.73.217.150 - - [16/Jul/2026:12:37:16 +0000] "GET /?q=88242585432966 HTTP/2" 200 25614 "-" "Mozilla/5.0 AppleWebKit/537.36 (KHTML, like Gecko; compatible; ClaudeBot/1.0; +claudebot@anthropic.com)"
216.73.217.150 - - [16/Jul/2026:12:37:17 +0000] "GET /?q=62707464288768 HTTP/2" 200 25614 "-" "Mozilla/5.0 AppleWebKit/537.36 (KHTML, like Gecko; compatible; ClaudeBot/1.0; +claudebot@anthropic.com)"
216.73.217.150 - - [16/Jul/2026:12:37:17 +0000] "GET /?q=7095018909062 HTTP/2" 200 25614 "-" "Mozilla/5.0 AppleWebKit/537.36 (KHTML, like Gecko; compatible; ClaudeBot/1.0; +claudebot@anthropic.com)"
