160.176.196.203 - - [16/Jul/2026:13:00:54 +0000] "POST /xmlrpc.php HTTP/1.1" 200 0 "-" "Jetpack by WordPress.com (Jetpack 12.5; WordPress 6.1)"
160.176.196.203 - - [16/Jul/2026:13:01:04 +0000] "POST /xmlrpc.php HTTP/1.1" 200 0 "-" "Jetpack by WordPress.com (Jetpack 12.1; WordPress 6.1)"
160.176.196.203 - - [16/Jul/2026:13:01:15 +0000] "POST /xmlrpc.php HTTP/1.1" 200 0 "-" "Jetpack by WordPress.com (Jetpack 12.0; WordPress 6.2)"
66.249.65.197 - - [16/Jul/2026:13:01:24 +0000] "GET /index.php?q=99805549816920 HTTP/1.1" 200 25467 "-" "Mozilla/5.0 (Linux; Android 6.0.1; Nexus 5X Build/MMB29P) AppleWebKit/537.36 (KHTML, like Gecko) Chrome/150.0.7871.114 Mobile Safari/537.36 (compatible; GoogleOther)"
160.176.196.203 - - [16/Jul/2026:13:01:25 +0000] "POST /xmlrpc.php HTTP/1.1" 200 0 "-" "Jetpack by WordPress.com (Jetpack 13.0; WordPress 6.2)"
66.249.65.198 - - [16/Jul/2026:13:01:36 +0000] "GET /?q=26841830168069 HTTP/1.1" 200 24924 "-" "Mozilla/5.0 (compatible; Googlebot/2.1; +http://www.google.com/bot.html)"
160.176.196.203 - - [16/Jul/2026:13:01:36 +0000] "POST /xmlrpc.php HTTP/1.1" 200 0 "-" "WordPress.com; https://wordpress.com"
66.249.65.197 - - [16/Jul/2026:13:01:40 +0000] "GET /?q=18249907210996 HTTP/1.1" 200 25731 "-" "Mozilla/5.0 (Linux; Android 6.0.1; Nexus 5X Build/MMB29P) AppleWebKit/537.36 (KHTML, like Gecko) Chrome/150.0.7871.114 Mobile Safari/537.36 (compatible; Googlebot/2.1; +http://www.google.com/bot.html)"
160.176.196.203 - - [16/Jul/2026:13:01:46 +0000] "POST /xmlrpc.php HTTP/1.1" 200 0 "-" "WordPress.com; https://wordpress.com"
160.176.196.203 - - [16/Jul/2026:13:01:57 +0000] "POST /xmlrpc.php HTTP/1.1" 200 0 "-" "Jetpack by WordPress.com (Jetpack 12.0; WordPress 6.3)"
160.176.196.203 - - [16/Jul/2026:13:02:07 +0000] "POST /xmlrpc.php HTTP/1.1" 200 0 "-" "WordPress.com; https://wordpress.com"
160.176.196.203 - - [16/Jul/2026:13:02:20 +0000] "POST /xmlrpc.php HTTP/1.1" 200 0 "-" "Jetpack by WordPress.com"
160.176.196.203 - - [16/Jul/2026:13:02:39 +0000] "POST /xmlrpc.php HTTP/1.1" 200 0 "-" "Jetpack by WordPress.com (Jetpack 13.0; WordPress 6.4)"
160.176.196.203 - - [16/Jul/2026:13:02:49 +0000] "POST /xmlrpc.php HTTP/1.1" 200 0 "-" "Jetpack by WordPress.com"
160.176.196.203 - - [16/Jul/2026:13:03:02 +0000] "POST /xmlrpc.php HTTP/1.1" 200 0 "-" "Jetpack/12.1; WordPress/6.1; http://site32349193.com"
160.176.196.203 - - [16/Jul/2026:13:03:10 +0000] "POST /xmlrpc.php HTTP/1.1" 200 0 "-" "WordPress.com; https://wordpress.com"
66.249.65.197 - - [16/Jul/2026:13:03:23 +0000] "GET /?q=66277860459783 HTTP/1.1" 200 25704 "-" "Mozilla/5.0 (compatible; Googlebot/2.1; +http://www.google.com/bot.html)"
160.176.196.203 - - [16/Jul/2026:13:03:21 +0000] "POST /xmlrpc.php HTTP/1.1" 200 0 "-" "Jetpack by WordPress.com"
66.249.65.198 - - [16/Jul/2026:13:03:28 +0000] "GET /?q=4425612616554 HTTP/1.1" 200 24927 "-" "Mozilla/5.0 (Linux; Android 6.0.1; Nexus 5X Build/MMB29P) AppleWebKit/537.36 (KHTML, like Gecko) Chrome/150.0.7871.114 Mobile Safari/537.36 (compatible; Googlebot/2.1; +http://www.google.com/bot.html)"
160.176.196.203 - - [16/Jul/2026:13:03:31 +0000] "POST /xmlrpc.php HTTP/1.1" 200 0 "-" "Jetpack by WordPress.com"
66.249.65.197 - - [16/Jul/2026:13:03:43 +0000] "GET /?q=6658047502639 HTTP/1.1" 200 25548 "-" "Mozilla/5.0 (compatible; Googlebot/2.1; +http://www.google.com/bot.html)"
160.176.196.203 - - [16/Jul/2026:13:03:42 +0000] "POST /xmlrpc.php HTTP/1.1" 200 0 "-" "Jetpack by WordPress.com (Jetpack 13.0; WordPress 6.1)"
160.176.196.203 - - [16/Jul/2026:13:03:52 +0000] "POST /xmlrpc.php HTTP/1.1" 200 0 "-" "Jetpack by WordPress.com (Jetpack 13.0; WordPress 6.1)"
66.249.65.199 - - [16/Jul/2026:13:04:02 +0000] "GET /?q=45157457092738 HTTP/1.1" 200 24955 "-" "Mozilla/5.0 (compatible; Googlebot/2.1; +http://www.google.com/bot.html)"
160.176.196.203 - - [16/Jul/2026:13:04:03 +0000] "POST /xmlrpc.php HTTP/1.1" 200 0 "-" "Jetpack by WordPress.com"
160.176.196.203 - - [16/Jul/2026:13:04:13 +0000] "POST /xmlrpc.php HTTP/1.1" 200 0 "-" "WordPress.com; https://wordpress.com"
78.142.18.172 - - [16/Jul/2026:13:04:22 +0000] "GET /wp-login.php HTTP/2" 200 2075 "-" "Mozilla/5.0 (Linux; Android 10; K) AppleWebKit/537.36 (KHTML, like Gecko) Chrome/148.0.0.0 Mobile Safari/537.36"
78.142.18.172 - - [16/Jul/2026:13:04:22 +0000] "POST /wp-login.php HTTP/2" 200 2210 "https://surajauto.com/wp-login.php" "Mozilla/5.0 (Linux; Android 10; K) AppleWebKit/537.36 (KHTML, like Gecko) Chrome/148.0.0.0 Mobile Safari/537.36"
66.249.65.197 - - [16/Jul/2026:13:04:27 +0000] "GET /?q=24814866998206 HTTP/1.1" 200 24497 "-" "Mozilla/5.0 (compatible; Googlebot/2.1; +http://www.google.com/bot.html)"
160.176.196.203 - - [16/Jul/2026:13:04:24 +0000] "POST /xmlrpc.php HTTP/1.1" 200 0 "-" "Jetpack by WordPress.com"
160.176.196.203 - - [16/Jul/2026:13:04:35 +0000] "POST /xmlrpc.php HTTP/1.1" 200 0 "-" "WordPress.com; https://wordpress.com"
160.176.196.203 - - [16/Jul/2026:13:04:45 +0000] "POST /xmlrpc.php HTTP/1.1" 200 0 "-" "Jetpack/12.5; WordPress/6.2; http://site63818551.com"
66.249.65.197 - - [16/Jul/2026:13:05:00 +0000] "GET /?q=30493345928278 HTTP/1.1" 200 24695 "-" "Mozilla/5.0 (compatible; Googlebot/2.1; +http://www.google.com/bot.html)"
160.176.196.203 - - [16/Jul/2026:13:04:56 +0000] "POST /xmlrpc.php HTTP/1.1" 200 0 "-" "Jetpack/12.0; WordPress/6.1; http://site50594443.com"
160.176.196.203 - - [16/Jul/2026:13:05:06 +0000] "POST /xmlrpc.php HTTP/1.1" 200 0 "-" "Jetpack by WordPress.com"
160.176.196.203 - - [16/Jul/2026:13:05:17 +0000] "POST /xmlrpc.php HTTP/1.1" 200 0 "-" "Jetpack/12.0; WordPress/6.4; http://site42448754.com"
216.24.210.172 - - [16/Jul/2026:13:05:24 +0000] "POST /wp-login.php HTTP/1.1" 200 2461 "-" "Mozilla/5.0 (Windows NT 10.0; Win64; x64) AppleWebKit/537.36 Chrome/129.0.0.0 Safari/537.36"
216.24.210.166 - - [16/Jul/2026:13:05:24 +0000] "POST /wp-login.php HTTP/1.1" 200 2469 "-" "Mozilla/5.0 (Windows NT 10.0; Win64; x64) AppleWebKit/537.36 Chrome/129.0.0.0 Safari/537.36"
66.249.65.197 - - [16/Jul/2026:13:05:31 +0000] "GET /?q=17878845498935 HTTP/1.1" 200 24787 "-" "Mozilla/5.0 (Linux; Android 6.0.1; Nexus 5X Build/MMB29P) AppleWebKit/537.36 (KHTML, like Gecko) Chrome/150.0.7871.114 Mobile Safari/537.36 (compatible; Googlebot/2.1; +http://www.google.com/bot.html)"
160.176.196.203 - - [16/Jul/2026:13:05:27 +0000] "POST /xmlrpc.php HTTP/1.1" 200 0 "-" "Jetpack by WordPress.com (Jetpack 13.0; WordPress 6.3)"
160.176.196.203 - - [16/Jul/2026:13:05:38 +0000] "POST /xmlrpc.php HTTP/1.1" 200 0 "-" "Jetpack by WordPress.com (Jetpack 12.1; WordPress 6.2)"
160.176.196.203 - - [16/Jul/2026:13:05:48 +0000] "POST /xmlrpc.php HTTP/1.1" 200 0 "-" "Jetpack by WordPress.com"
66.249.65.197 - - [16/Jul/2026:13:05:58 +0000] "GET /?q=36999203698443 HTTP/1.1" 200 24741 "-" "Mozilla/5.0 (compatible; Googlebot/2.1; +http://www.google.com/bot.html)"
160.176.196.203 - - [16/Jul/2026:13:05:59 +0000] "POST /xmlrpc.php HTTP/1.1" 200 0 "-" "Jetpack by WordPress.com"
160.176.196.203 - - [16/Jul/2026:13:06:09 +0000] "POST /xmlrpc.php HTTP/1.1" 200 0 "-" "Jetpack/12.5; WordPress/6.2; http://site14375912.com"
160.176.196.203 - - [16/Jul/2026:13:06:20 +0000] "POST /xmlrpc.php HTTP/1.1" 200 0 "-" "Jetpack by WordPress.com (Jetpack 12.0; WordPress 6.2)"
160.176.196.203 - - [16/Jul/2026:13:06:30 +0000] "POST /xmlrpc.php HTTP/1.1" 200 0 "-" "Jetpack by WordPress.com (Jetpack 13.0; WordPress 6.2)"
160.176.196.203 - - [16/Jul/2026:13:06:41 +0000] "POST /xmlrpc.php HTTP/1.1" 200 0 "-" "Jetpack by WordPress.com (Jetpack 12.5; WordPress 6.3)"
160.176.196.203 - - [16/Jul/2026:13:06:51 +0000] "POST /xmlrpc.php HTTP/1.1" 200 0 "-" "Jetpack/13.0; WordPress/6.3; http://site85150568.com"
160.176.196.203 - - [16/Jul/2026:13:07:02 +0000] "POST /xmlrpc.php HTTP/1.1" 200 0 "-" "Jetpack by WordPress.com"
160.176.196.203 - - [16/Jul/2026:13:07:12 +0000] "POST /xmlrpc.php HTTP/1.1" 200 0 "-" "WordPress.com; https://wordpress.com"
160.176.196.203 - - [16/Jul/2026:13:07:23 +0000] "POST /xmlrpc.php HTTP/1.1" 200 0 "-" "Jetpack by WordPress.com"
160.176.196.203 - - [16/Jul/2026:13:07:33 +0000] "POST /xmlrpc.php HTTP/1.1" 200 0 "-" "Jetpack by WordPress.com"
160.176.196.203 - - [16/Jul/2026:13:07:44 +0000] "POST /xmlrpc.php HTTP/1.1" 200 0 "-" "Jetpack by WordPress.com (Jetpack 12.0; WordPress 6.3)"
66.249.65.197 - - [16/Jul/2026:13:07:56 +0000] "GET /?q=39630169134209 HTTP/1.1" 200 25104 "-" "Mozilla/5.0 (compatible; Googlebot/2.1; +http://www.google.com/bot.html)"
160.176.196.203 - - [16/Jul/2026:13:07:54 +0000] "POST /xmlrpc.php HTTP/1.1" 200 0 "-" "WordPress.com; https://wordpress.com"
160.176.196.203 - - [16/Jul/2026:13:08:05 +0000] "POST /xmlrpc.php HTTP/1.1" 200 0 "-" "Jetpack by WordPress.com"
66.249.65.197 - - [16/Jul/2026:13:08:11 +0000] "GET /?q=13478219112104 HTTP/1.1" 200 25481 "-" "Mozilla/5.0 (Linux; Android 6.0.1; Nexus 5X Build/MMB29P) AppleWebKit/537.36 (KHTML, like Gecko) Chrome/150.0.7871.114 Mobile Safari/537.36 (compatible; Googlebot/2.1; +http://www.google.com/bot.html)"
160.176.196.203 - - [16/Jul/2026:13:08:15 +0000] "POST /xmlrpc.php HTTP/1.1" 200 0 "-" "Jetpack by WordPress.com"
160.176.196.203 - - [16/Jul/2026:13:08:26 +0000] "POST /xmlrpc.php HTTP/1.1" 200 0 "-" "Jetpack by WordPress.com"
160.176.196.203 - - [16/Jul/2026:13:08:37 +0000] "POST /xmlrpc.php HTTP/1.1" 200 0 "-" "WordPress.com; https://wordpress.com"
66.249.65.199 - - [16/Jul/2026:13:09:37 +0000] "GET /?q=65491276999487 HTTP/1.1" 200 25427 "-" "Mozilla/5.0 (Linux; Android 6.0.1; Nexus 5X Build/MMB29P) AppleWebKit/537.36 (KHTML, like Gecko) Chrome/150.0.7871.114 Mobile Safari/537.36 (compatible; Googlebot/2.1; +http://www.google.com/bot.html)"
51.89.129.121 - - [16/Jul/2026:13:09:44 +0000] "GET /sitemap.xml HTTP/2" 200 8613 "-" "Mozilla/5.0 (compatible; AhrefsBot/7.0; +http://ahrefs.com/robot/)"
66.249.65.197 - - [16/Jul/2026:13:10:29 +0000] "GET /?q=61814203000557 HTTP/1.1" 200 24763 "-" "Mozilla/5.0 (Linux; Android 6.0.1; Nexus 5X Build/MMB29P) AppleWebKit/537.36 (KHTML, like Gecko) Chrome/150.0.7871.114 Mobile Safari/537.36 (compatible; Googlebot/2.1; +http://www.google.com/bot.html)"
173.252.95.112 - - [16/Jul/2026:13:10:39 +0000] "GET /robots.txt HTTP/2" 206 67 "-" "facebookexternalhit/1.1 (+http://www.facebook.com/externalhit_uatext.php)"
57.141.18.105 - - [16/Jul/2026:13:10:44 +0000] "GET /2026/06/29/bonusy-dlia-sushchestvuiushchikh-igrokov-v-1win-kazino-4/2 HTTP/2" 301 1 "-" "Mozilla/5.0 (Windows NT 10.0; Win64; x64) AppleWebKit/537.36 (KHTML, like Gecko) Chrome/145.0.0.0 Safari/537.36 (compatible; meta-externalagent/1.1 (+https://developers.facebook.com/docs/sharing/webmasters/crawler))"
217.182.128.41 - - [16/Jul/2026:13:11:01 +0000] "GET /wp-login.php HTTP/2" 200 2075 "-" "Mozilla/5.0 (X11; Linux x86_64; rv:148.0) Gecko/20100101 Firefox/148.0"
217.182.128.41 - - [16/Jul/2026:13:11:02 +0000] "POST /wp-login.php HTTP/2" 200 2210 "https://surajauto.com/wp-login.php" "Mozilla/5.0 (X11; Linux x86_64; rv:148.0) Gecko/20100101 Firefox/148.0"
66.249.65.199 - - [16/Jul/2026:13:12:11 +0000] "GET /?q=7081148675871 HTTP/1.1" 200 25229 "-" "Mozilla/5.0 (compatible; Googlebot/2.1; +http://www.google.com/bot.html)"
66.249.65.197 - - [16/Jul/2026:13:12:33 +0000] "GET /?q=50904861744610 HTTP/1.1" 200 24777 "-" "Mozilla/5.0 (compatible; Googlebot/2.1; +http://www.google.com/bot.html)"
66.249.65.197 - - [16/Jul/2026:13:12:36 +0000] "GET /?q=36537203917498 HTTP/1.1" 200 24694 "-" "Mozilla/5.0 (compatible; Googlebot/2.1; +http://www.google.com/bot.html)"
66.249.65.197 - - [16/Jul/2026:13:12:44 +0000] "GET /?q=39418446695050 HTTP/1.1" 200 25143 "-" "Mozilla/5.0 (compatible; Googlebot/2.1; +http://www.google.com/bot.html)"
66.249.65.197 - - [16/Jul/2026:13:13:48 +0000] "GET /?q=53923044201344 HTTP/1.1" 200 25101 "-" "Mozilla/5.0 (compatible; Googlebot/2.1; +http://www.google.com/bot.html)"
66.249.65.199 - - [16/Jul/2026:13:14:15 +0000] "GET /?q=44113628817267 HTTP/1.1" 200 24640 "-" "Mozilla/5.0 (Linux; Android 6.0.1; Nexus 5X Build/MMB29P) AppleWebKit/537.36 (KHTML, like Gecko) Chrome/150.0.7871.114 Mobile Safari/537.36 (compatible; Googlebot/2.1; +http://www.google.com/bot.html)"
66.249.65.197 - - [16/Jul/2026:13:14:27 +0000] "GET /?q=55697625722290 HTTP/1.1" 200 25095 "-" "Mozilla/5.0 (compatible; Googlebot/2.1; +http://www.google.com/bot.html)"
216.24.210.152 - - [16/Jul/2026:13:14:40 +0000] "POST /wp-login.php HTTP/1.1" 200 2461 "-" "Mozilla/5.0 (Macintosh; Intel Mac OS X 10_15_7) AppleWebKit/605.1.15 Version/17.0 Safari/605.1.15"
98.159.37.74 - - [16/Jul/2026:13:14:40 +0000] "POST /wp-login.php HTTP/1.1" 200 2469 "-" "Mozilla/5.0 (Macintosh; Intel Mac OS X 10_15_7) AppleWebKit/605.1.15 Version/17.0 Safari/605.1.15"
66.249.65.199 - - [16/Jul/2026:13:15:12 +0000] "GET /?q=71878176360302 HTTP/1.1" 200 25315 "-" "Mozilla/5.0 (compatible; Googlebot/2.1; +http://www.google.com/bot.html)"
66.249.65.198 - - [16/Jul/2026:13:17:32 +0000] "GET /?q=40645989470128 HTTP/1.1" 200 25549 "-" "Mozilla/5.0 (Linux; Android 6.0.1; Nexus 5X Build/MMB29P) AppleWebKit/537.36 (KHTML, like Gecko) Chrome/150.0.7871.114 Mobile Safari/537.36 (compatible; Googlebot/2.1; +http://www.google.com/bot.html)"
66.249.65.199 - - [16/Jul/2026:13:17:33 +0000] "GET /?q=64068589034442 HTTP/1.1" 200 25380 "-" "Mozilla/5.0 (compatible; Googlebot/2.1; +http://www.google.com/bot.html)"
66.249.65.198 - - [16/Jul/2026:13:17:07 +0000] "GET /?q=85779653113009 HTTP/1.1" 200 24480 "-" "Mozilla/5.0 (compatible; Googlebot/2.1; +http://www.google.com/bot.html)"
66.249.65.198 - - [16/Jul/2026:13:17:39 +0000] "GET /?q=4328063185728 HTTP/1.1" 200 26104 "-" "Mozilla/5.0 (compatible; Googlebot/2.1; +http://www.google.com/bot.html)"
66.249.65.197 - - [16/Jul/2026:13:17:59 +0000] "GET /?q=55199243681989 HTTP/1.1" 200 25369 "-" "Mozilla/5.0 (compatible; Googlebot/2.1; +http://www.google.com/bot.html)"
66.249.65.197 - - [16/Jul/2026:13:17:56 +0000] "GET /?q=20193921793983 HTTP/1.1" 200 25002 "-" "Mozilla/5.0 (compatible; Googlebot/2.1; +http://www.google.com/bot.html)"
66.249.65.197 - - [16/Jul/2026:13:20:33 +0000] "GET /?q=97856809603095 HTTP/1.1" 200 24627 "-" "Mozilla/5.0 (compatible; Googlebot/2.1; +http://www.google.com/bot.html)"
66.249.65.199 - - [16/Jul/2026:13:21:07 +0000] "GET /?q=37344384342984 HTTP/1.1" 200 25481 "-" "Mozilla/5.0 (compatible; Googlebot/2.1; +http://www.google.com/bot.html)"
190.92.174.91 - - [16/Jul/2026:13:21:14 +0000] "POST /wp-cron.php?doing_wp_cron=1784208074.4396750926971435546875 HTTP/1.1" 200 0 "-" "WordPress/7.0.1; https://surajauto.com"
74.235.96.117 - - [16/Jul/2026:13:21:14 +0000] "GET /wp-login.php HTTP/2" 200 2075 "-" "Mozilla/5.0 (X11; Linux x86_64) AppleWebKit/537.36 (KHTML, like Gecko) Chrome/143.0.0.0 Safari/537.36"
74.235.96.117 - - [16/Jul/2026:13:21:15 +0000] "POST /wp-login.php HTTP/2" 200 2210 "https://surajauto.com/wp-login.php" "Mozilla/5.0 (X11; Linux x86_64) AppleWebKit/537.36 (KHTML, like Gecko) Chrome/143.0.0.0 Safari/537.36"
66.249.65.197 - - [16/Jul/2026:13:21:15 +0000] "GET /?q=82501489129371 HTTP/1.1" 200 25001 "-" "Mozilla/5.0 (compatible; Googlebot/2.1; +http://www.google.com/bot.html)"
66.249.65.197 - - [16/Jul/2026:13:21:41 +0000] "GET /?q=16781139664553 HTTP/1.1" 200 24700 "-" "Mozilla/5.0 (compatible; Googlebot/2.1; +http://www.google.com/bot.html)"
66.249.65.199 - - [16/Jul/2026:13:22:26 +0000] "GET /?q=55229956897324 HTTP/1.1" 200 25265 "-" "Mozilla/5.0 (compatible; Googlebot/2.1; +http://www.google.com/bot.html)"
66.249.65.198 - - [16/Jul/2026:13:22:32 +0000] "GET /?q=4217214097441 HTTP/1.1" 200 25064 "-" "Mozilla/5.0 (compatible; Googlebot/2.1; +http://www.google.com/bot.html)"
66.249.65.199 - - [16/Jul/2026:13:24:02 +0000] "GET /?q=89385365370258 HTTP/1.1" 200 25171 "-" "Mozilla/5.0 (Linux; Android 6.0.1; Nexus 5X Build/MMB29P) AppleWebKit/537.36 (KHTML, like Gecko) Chrome/150.0.7871.114 Mobile Safari/537.36 (compatible; Googlebot/2.1; +http://www.google.com/bot.html)"
98.159.37.75 - - [16/Jul/2026:13:24:08 +0000] "POST /wp-login.php HTTP/1.1" 200 2469 "-" "Mozilla/5.0 (Windows NT 10.0; Win64; rv:143.0) Gecko/20100101 Firefox/143.0"
98.159.37.79 - - [16/Jul/2026:13:24:08 +0000] "POST /wp-login.php HTTP/1.1" 200 2461 "-" "Mozilla/5.0 (Windows NT 10.0; Win64; x64) AppleWebKit/537.36 Chrome/129.0.0.0 Safari/537.36"
66.249.65.197 - - [16/Jul/2026:13:24:26 +0000] "GET /?q=94502741874363 HTTP/1.1" 200 25784 "-" "Mozilla/5.0 (compatible; Googlebot/2.1; +http://www.google.com/bot.html)"
66.249.65.197 - - [16/Jul/2026:13:24:28 +0000] "GET /?q=48101209580374 HTTP/1.1" 200 24660 "-" "Mozilla/5.0 (compatible; Googlebot/2.1; +http://www.google.com/bot.html)"
66.249.65.197 - - [16/Jul/2026:13:24:32 +0000] "GET /?q=96215417035396 HTTP/1.1" 200 25112 "-" "Mozilla/5.0 (Linux; Android 6.0.1; Nexus 5X Build/MMB29P) AppleWebKit/537.36 (KHTML, like Gecko) Chrome/150.0.7871.114 Mobile Safari/537.36 (compatible; Googlebot/2.1; +http://www.google.com/bot.html)"
190.92.174.91 - - [16/Jul/2026:13:25:04 +0000] "POST /wp-cron.php?doing_wp_cron=1784208304.1537969112396240234375 HTTP/1.1" 200 0 "-" "WordPress/7.0.1; https://surajauto.com"
57.141.0.44 - - [16/Jul/2026:13:25:03 +0000] "GET /?p=2289 HTTP/2" 301 1 "-" "Mozilla/5.0 (Macintosh; Intel Mac OS X 10_15_7) AppleWebKit/537.36 (KHTML, like Gecko) Chrome/145.0.0.0 Safari/537.36 (compatible; meta-externalagent/1.1 (+https://developers.facebook.com/docs/sharing/webmasters/crawler))"
66.249.65.198 - - [16/Jul/2026:13:25:44 +0000] "GET /?q=35571257996550 HTTP/1.1" 200 24698 "-" "Mozilla/5.0 (compatible; Googlebot/2.1; +http://www.google.com/bot.html)"
103.75.185.95 - - [16/Jul/2026:13:25:48 +0000] "GET /wp-login.php HTTP/2" 200 2075 "-" "Mozilla/5.0 (iPhone; CPU iPhone OS 18_0 like Mac OS X) AppleWebKit/605.1.15 (KHTML, like Gecko) CriOS/146.0.6917.0 Mobile/15E148 Safari/604.1"
103.75.185.95 - - [16/Jul/2026:13:25:49 +0000] "POST /wp-login.php HTTP/2" 200 2210 "https://surajauto.com/wp-login.php" "Mozilla/5.0 (iPhone; CPU iPhone OS 18_0 like Mac OS X) AppleWebKit/605.1.15 (KHTML, like Gecko) CriOS/146.0.6917.0 Mobile/15E148 Safari/604.1"
66.249.65.197 - - [16/Jul/2026:13:26:14 +0000] "GET /?q=88325510083467 HTTP/1.1" 200 26841 "-" "Mozilla/5.0 (compatible; Googlebot/2.1; +http://www.google.com/bot.html)"
40.77.167.42 - - [16/Jul/2026:13:26:18 +0000] "GET /?q=48870546550272 HTTP/2" 200 24603 "-" "Mozilla/5.0 AppleWebKit/537.36 (KHTML, like Gecko; compatible; bingbot/2.0; +http://www.bing.com/bingbot.htm) Chrome/116.0.1938.76 Safari/537.36"
66.249.65.198 - - [16/Jul/2026:13:26:31 +0000] "GET /?q=93259716688185 HTTP/1.1" 200 25488 "-" "Mozilla/5.0 (Linux; Android 6.0.1; Nexus 5X Build/MMB29P) AppleWebKit/537.36 (KHTML, like Gecko) Chrome/150.0.7871.114 Mobile Safari/537.36 (compatible; Googlebot/2.1; +http://www.google.com/bot.html)"
66.249.65.199 - - [16/Jul/2026:13:26:32 +0000] "GET /?q=69312765133088 HTTP/1.1" 200 25049 "-" "Mozilla/5.0 (Linux; Android 6.0.1; Nexus 5X Build/MMB29P) AppleWebKit/537.36 (KHTML, like Gecko) Chrome/150.0.7871.114 Mobile Safari/537.36 (compatible; Googlebot/2.1; +http://www.google.com/bot.html)"
66.249.65.197 - - [16/Jul/2026:13:28:22 +0000] "GET /?q=97632433462506 HTTP/1.1" 200 26004 "-" "Mozilla/5.0 (Linux; Android 6.0.1; Nexus 5X Build/MMB29P) AppleWebKit/537.36 (KHTML, like Gecko) Chrome/150.0.7871.114 Mobile Safari/537.36 (compatible; Googlebot/2.1; +http://www.google.com/bot.html)"
66.249.65.198 - - [16/Jul/2026:13:28:59 +0000] "GET /?q=40278191306366 HTTP/1.1" 200 25364 "-" "Mozilla/5.0 (Linux; Android 6.0.1; Nexus 5X Build/MMB29P) AppleWebKit/537.36 (KHTML, like Gecko) Chrome/150.0.7871.114 Mobile Safari/537.36 (compatible; Googlebot/2.1; +http://www.google.com/bot.html)"
64.233.173.169 - - [16/Jul/2026:13:29:04 +0000] "GET /.well-known/traffic-advice HTTP/1.1" 404 23687 "-" "Chrome Privacy Preserving Prefetch Proxy"
162.120.184.207 - - [16/Jul/2026:13:29:09 +0000] "GET / HTTP/2" 302 0 "https://www.google.com/" "Mozilla/5.0 (Linux; Android 10; K) AppleWebKit/537.36 (KHTML, like Gecko) Chrome/150.0.0.0 Mobile Safari/537.36"
66.249.65.197 - - [16/Jul/2026:13:29:39 +0000] "GET /?q=12829775433848 HTTP/1.1" 200 24925 "-" "Mozilla/5.0 (Linux; Android 6.0.1; Nexus 5X Build/MMB29P) AppleWebKit/537.36 (KHTML, like Gecko) Chrome/150.0.7871.114 Mobile Safari/537.36 (compatible; Googlebot/2.1; +http://www.google.com/bot.html)"
66.249.65.199 - - [16/Jul/2026:13:30:03 +0000] "GET /?q=50279910663934 HTTP/1.1" 200 25237 "-" "Mozilla/5.0 (Linux; Android 6.0.1; Nexus 5X Build/MMB29P) AppleWebKit/537.36 (KHTML, like Gecko) Chrome/150.0.7871.114 Mobile Safari/537.36 (compatible; Googlebot/2.1; +http://www.google.com/bot.html)"
117.99.84.255 - - [16/Jul/2026:13:30:09 +0000] "GET / HTTP/2" 302 0 "https://www.google.com/" "Mozilla/5.0 (Linux; Android 10; K) AppleWebKit/537.36 (KHTML, like Gecko) Chrome/150.0.0.0 Mobile Safari/537.36"
66.249.65.197 - - [16/Jul/2026:13:30:18 +0000] "GET /?q=21777341892352 HTTP/1.1" 200 25632 "-" "Mozilla/5.0 (Linux; Android 6.0.1; Nexus 5X Build/MMB29P) AppleWebKit/537.36 (KHTML, like Gecko) Chrome/150.0.7871.114 Mobile Safari/537.36 (compatible; Googlebot/2.1; +http://www.google.com/bot.html)"
72.57.110.140 - - [16/Jul/2026:13:30:51 +0000] "HEAD /wp-admin/ HTTP/1.1" 302 0 "-" "Wget/1.21.4"
72.57.110.140 - - [16/Jul/2026:13:30:53 +0000] "HEAD /wp-login.php?redirect_to=https%3A%2F%2Fsurajauto.com%2Fwp-admin%2F&reauth=1 HTTP/1.1" 200 0 "https://surajauto.com/wp-admin/" "Wget/1.21.4"
72.57.110.140 - - [16/Jul/2026:13:30:55 +0000] "GET /wp-admin/edit.php?post_type=shop_order HTTP/1.1" 403 1242 "-" "Wget/1.21.4"
72.57.110.140 - - [16/Jul/2026:13:30:55 +0000] "GET /wp-admin/admin.php?page=wc-orders HTTP/1.1" 403 1147 "-" "Wget/1.21.4"
72.57.110.140 - - [16/Jul/2026:13:30:56 +0000] "GET /wp-admin/admin.php?page=wc-reports&range=year HTTP/1.1" 403 1147 "-" "Wget/1.21.4"
72.57.110.140 - - [16/Jul/2026:13:30:59 +0000] "GET /wp-admin/admin.php?page=wc-reports&range=last_month HTTP/1.1" 403 1147 "-" "Wget/1.21.4"
72.57.110.140 - - [16/Jul/2026:13:31:01 +0000] "GET /wp-admin/admin.php?page=wc-reports&range=month HTTP/1.1" 403 1147 "-" "curl/8.6.0"
72.57.110.140 - - [16/Jul/2026:13:31:04 +0000] "GET /wp-login.php HTTP/1.1" 200 2327 "-" "curl/7.88.1"
72.57.110.140 - - [16/Jul/2026:13:31:08 +0000] "POST /wp-login.php HTTP/1.1" 302 0 "https://surajauto.com/wp-login.php" "curl/7.88.1"
72.57.110.140 - - [16/Jul/2026:13:31:13 +0000] "GET /wp-admin/ HTTP/1.1" 200 27696 "https://surajauto.com/wp-login.php" "curl/7.88.1"
72.57.110.140 - - [16/Jul/2026:13:31:15 +0000] "GET /wp-admin/edit.php?post_type=shop_order HTTP/1.1" 403 1242 "-" "curl/7.88.1"
72.57.110.140 - - [16/Jul/2026:13:31:15 +0000] "GET /wp-admin/admin.php?page=wc-orders HTTP/1.1" 403 1147 "-" "curl/7.88.1"
72.57.110.140 - - [16/Jul/2026:13:31:16 +0000] "GET /wp-admin/admin.php?page=wc-reports&range=year HTTP/1.1" 403 1147 "-" "curl/8.6.0"
72.57.110.140 - - [16/Jul/2026:13:31:18 +0000] "GET /wp-admin/admin.php?page=wc-reports&range=last_month HTTP/1.1" 403 1147 "-" "curl/7.88.1"
72.57.110.140 - - [16/Jul/2026:13:31:20 +0000] "GET /wp-admin/admin.php?page=wc-reports&range=month HTTP/1.1" 403 1147 "-" "Wget/1.21.4"
136.0.55.207 - - [16/Jul/2026:13:31:22 +0000] "HEAD /wp-admin/ HTTP/1.1" 302 0 "-" "Wget/1.21.4"
136.0.55.207 - - [16/Jul/2026:13:31:23 +0000] "HEAD /wp-login.php?redirect_to=https%3A%2F%2Fsurajauto.com%2Fwp-admin%2F&reauth=1 HTTP/1.1" 200 0 "https://surajauto.com/wp-admin/" "Wget/1.21.4"
136.0.55.207 - - [16/Jul/2026:13:31:25 +0000] "GET /wp-admin/edit.php?post_type=shop_order HTTP/1.1" 403 1242 "-" "Wget/1.21.4"
136.0.55.207 - - [16/Jul/2026:13:31:25 +0000] "GET /wp-admin/admin.php?page=wc-orders HTTP/1.1" 403 1147 "-" "Wget/1.21.4"
136.0.55.207 - - [16/Jul/2026:13:31:27 +0000] "GET /wp-admin/admin.php?page=wc-reports&range=year HTTP/1.1" 403 1147 "-" "curl/7.88.1"
136.0.55.207 - - [16/Jul/2026:13:31:29 +0000] "GET /wp-admin/admin.php?page=wc-reports&range=last_month HTTP/1.1" 403 1147 "-" "curl/7.88.1"
136.0.55.207 - - [16/Jul/2026:13:31:31 +0000] "GET /wp-admin/admin.php?page=wc-reports&range=month HTTP/1.1" 403 1147 "-" "curl/7.88.1"
136.0.55.207 - - [16/Jul/2026:13:31:33 +0000] "GET /wp-login.php HTTP/1.1" 200 2327 "-" "curl/7.88.1"
136.0.55.207 - - [16/Jul/2026:13:31:35 +0000] "POST /wp-login.php HTTP/1.1" 302 0 "https://surajauto.com/wp-login.php" "Wget/1.21.4"
136.0.55.207 - - [16/Jul/2026:13:31:37 +0000] "GET /wp-admin/ HTTP/1.1" 200 27694 "https://surajauto.com/wp-login.php" "Wget/1.21.4"
136.0.55.207 - - [16/Jul/2026:13:31:39 +0000] "GET /wp-admin/edit.php?post_type=shop_order HTTP/1.1" 403 1242 "-" "curl/7.88.1"
136.0.55.207 - - [16/Jul/2026:13:31:39 +0000] "GET /wp-admin/admin.php?page=wc-orders HTTP/1.1" 403 1147 "-" "Wget/1.21.4"
136.0.55.207 - - [16/Jul/2026:13:31:41 +0000] "GET /wp-admin/admin.php?page=wc-reports&range=year HTTP/1.1" 403 1147 "-" "curl/7.88.1"
136.0.55.207 - - [16/Jul/2026:13:31:43 +0000] "GET /wp-admin/admin.php?page=wc-reports&range=last_month HTTP/1.1" 403 1147 "-" "curl/8.6.0"
136.0.55.207 - - [16/Jul/2026:13:31:44 +0000] "GET /wp-admin/admin.php?page=wc-reports&range=month HTTP/1.1" 403 1147 "-" "curl/8.6.0"
66.249.65.198 - - [16/Jul/2026:13:31:53 +0000] "GET /?q=5232644535971 HTTP/1.1" 200 24471 "-" "Mozilla/5.0 (compatible; Googlebot/2.1; +http://www.google.com/bot.html)"
92.113.237.213 - - [16/Jul/2026:13:32:12 +0000] "GET /wp-admin/css/colors/ectoplasm/ectoplas/performance-tweaks.php HTTP/2" 200 0 "-" "-"
92.113.237.213 - - [16/Jul/2026:13:32:12 +0000] "GET /wp-includes/SimplePie/lib/cg/sim/plugins.php HTTP/2" 200 0 "-" "-"
92.113.237.213 - - [16/Jul/2026:13:32:12 +0000] "GET /wp-admin/about.php?compat=verify&user=admin_9h9765782j&pass=e6OGfdxxqBiQ HTTP/2" 302 0 "-" "-"
92.113.237.213 - - [16/Jul/2026:13:32:13 +0000] "GET /wp-login.php?redirect_to=https%3A%2F%2Fsurajauto.com%2Fwp-admin%2Fabout.php%3Fcompat%3Dverify%26user%3Dadmin_9h9765782j%26pass%3De6OGfdxxqBiQ&reauth=1 HTTP/2" 200 2126 "-" "-"
92.113.237.213 - - [16/Jul/2026:13:32:13 +0000] "GET /wp-admin/about.php?mu_protector=regain HTTP/2" 302 0 "-" "-"
92.113.237.213 - - [16/Jul/2026:13:32:14 +0000] "GET /wp-login.php?redirect_to=https%3A%2F%2Fsurajauto.com%2Fwp-admin%2Fabout.php%3Fmu_protector%3Dregain&reauth=1 HTTP/2" 200 2092 "-" "-"
66.249.65.199 - - [16/Jul/2026:13:32:31 +0000] "GET /?q=65660181279684 HTTP/1.1" 200 24925 "-" "Mozilla/5.0 (Linux; Android 6.0.1; Nexus 5X Build/MMB29P) AppleWebKit/537.36 (KHTML, like Gecko) Chrome/150.0.7871.114 Mobile Safari/537.36 (compatible; Googlebot/2.1; +http://www.google.com/bot.html)"
66.249.65.197 - - [16/Jul/2026:13:32:38 +0000] "GET /?q=89217314611271 HTTP/1.1" 200 25738 "-" "Mozilla/5.0 (Linux; Android 6.0.1; Nexus 5X Build/MMB29P) AppleWebKit/537.36 (KHTML, like Gecko) Chrome/150.0.7871.114 Mobile Safari/537.36 (compatible; Googlebot/2.1; +http://www.google.com/bot.html)"
216.24.210.166 - - [16/Jul/2026:13:33:31 +0000] "POST /wp-login.php HTTP/1.1" 200 2461 "-" "Mozilla/5.0 (Macintosh; Intel Mac OS X 10_15_7) AppleWebKit/605.1.15 Version/17.0 Safari/605.1.15"
216.24.210.166 - - [16/Jul/2026:13:33:31 +0000] "POST /wp-login.php HTTP/1.1" 200 2469 "-" "Mozilla/5.0 (Windows NT 10.0; Win64; rv:143.0) Gecko/20100101 Firefox/143.0"
66.249.65.199 - - [16/Jul/2026:13:33:32 +0000] "GET /?q=78293115922120 HTTP/1.1" 200 24499 "-" "Mozilla/5.0 (compatible; Googlebot/2.1; +http://www.google.com/bot.html)"
66.249.65.197 - - [16/Jul/2026:13:33:39 +0000] "GET /?q=3341833353125 HTTP/1.1" 200 25056 "-" "Mozilla/5.0 (Linux; Android 6.0.1; Nexus 5X Build/MMB29P) AppleWebKit/537.36 (KHTML, like Gecko) Chrome/150.0.7871.114 Mobile Safari/537.36 (compatible; Googlebot/2.1; +http://www.google.com/bot.html)"
66.249.65.197 - - [16/Jul/2026:13:34:02 +0000] "GET /?q=99720107682518 HTTP/1.1" 200 25826 "-" "Mozilla/5.0 (Linux; Android 6.0.1; Nexus 5X Build/MMB29P) AppleWebKit/537.36 (KHTML, like Gecko) Chrome/150.0.7871.114 Mobile Safari/537.36 (compatible; Googlebot/2.1; +http://www.google.com/bot.html)"
162.120.184.11 - - [16/Jul/2026:13:34:05 +0000] "GET / HTTP/2" 302 0 "https://www.google.com/" "Mozilla/5.0 (Linux; Android 10; K) AppleWebKit/537.36 (KHTML, like Gecko) Chrome/150.0.0.0 Mobile Safari/537.36"
188.164.197.230 - - [16/Jul/2026:13:34:57 +0000] "GET /wp-login.php HTTP/2" 200 2075 "-" "Mozilla/5.0 (iPhone; CPU iPhone OS 18_0 like Mac OS X) AppleWebKit/605.1.15 (KHTML, like Gecko) CriOS/145.0.6917.0 Mobile/15E148 Safari/604.1"
66.249.65.197 - - [16/Jul/2026:13:34:57 +0000] "GET /?q=96952537556586 HTTP/1.1" 200 24662 "-" "Mozilla/5.0 (Linux; Android 6.0.1; Nexus 5X Build/MMB29P) AppleWebKit/537.36 (KHTML, like Gecko) Chrome/150.0.7871.114 Mobile Safari/537.36 (compatible; Googlebot/2.1; +http://www.google.com/bot.html)"
188.164.197.230 - - [16/Jul/2026:13:34:59 +0000] "POST /wp-login.php HTTP/2" 200 2210 "https://surajauto.com/wp-login.php" "Mozilla/5.0 (iPhone; CPU iPhone OS 18_0 like Mac OS X) AppleWebKit/605.1.15 (KHTML, like Gecko) CriOS/145.0.6917.0 Mobile/15E148 Safari/604.1"
66.249.65.197 - - [16/Jul/2026:13:34:58 +0000] "GET /?q=6468982176694 HTTP/1.1" 200 24609 "-" "Mozilla/5.0 (Linux; Android 6.0.1; Nexus 5X Build/MMB29P) AppleWebKit/537.36 (KHTML, like Gecko) Chrome/150.0.7871.114 Mobile Safari/537.36 (compatible; Googlebot/2.1; +http://www.google.com/bot.html)"
66.249.65.197 - - [16/Jul/2026:13:35:31 +0000] "GET /?q=70529209088165 HTTP/1.1" 200 24785 "-" "Mozilla/5.0 (Linux; Android 6.0.1; Nexus 5X Build/MMB29P) AppleWebKit/537.36 (KHTML, like Gecko) Chrome/150.0.7871.114 Mobile Safari/537.36 (compatible; Googlebot/2.1; +http://www.google.com/bot.html)"
62.37.184.84 - - [16/Jul/2026:13:35:38 +0000] "GET / HTTP/1.1" 200 30350 "-" "Mozilla/5.0 (Macintosh; Intel Mac OS X 11_7_0) AppleWebKit/537.36 (KHTML, like Gecko) Chrome/126.0.6478.126 Safari/537.36"
66.249.65.198 - - [16/Jul/2026:13:36:04 +0000] "GET /?q=2944391863004 HTTP/1.1" 200 25314 "-" "Mozilla/5.0 (Linux; Android 6.0.1; Nexus 5X Build/MMB29P) AppleWebKit/537.36 (KHTML, like Gecko) Chrome/150.0.7871.114 Mobile Safari/537.36 (compatible; Googlebot/2.1; +http://www.google.com/bot.html)"
66.249.65.197 - - [16/Jul/2026:13:36:12 +0000] "GET /?q=75019195420519 HTTP/1.1" 200 25350 "-" "Mozilla/5.0 (Linux; Android 6.0.1; Nexus 5X Build/MMB29P) AppleWebKit/537.36 (KHTML, like Gecko) Chrome/150.0.7871.114 Mobile Safari/537.36 (compatible; Googlebot/2.1; +http://www.google.com/bot.html)"
66.249.65.197 - - [16/Jul/2026:13:36:25 +0000] "GET /?q=18674133962616 HTTP/1.1" 200 25214 "-" "Mozilla/5.0 (compatible; Googlebot/2.1; +http://www.google.com/bot.html)"
52.167.144.216 - - [16/Jul/2026:13:36:49 +0000] "GET /2025/07/13/olokleromenos-odegos-gia-ta-pronomia-tou-vip-tmematos-sta-kazino/ HTTP/2" 200 26327 "-" "Mozilla/5.0 AppleWebKit/537.36 (KHTML, like Gecko; compatible; bingbot/2.0; +http://www.bing.com/bingbot.htm) Chrome/116.0.1938.76 Safari/537.36"
66.249.65.197 - - [16/Jul/2026:13:37:53 +0000] "GET /?q=28898006488816 HTTP/1.1" 200 24857 "-" "Mozilla/5.0 (Linux; Android 6.0.1; Nexus 5X Build/MMB29P) AppleWebKit/537.36 (KHTML, like Gecko) Chrome/150.0.7871.114 Mobile Safari/537.36 (compatible; Googlebot/2.1; +http://www.google.com/bot.html)"
57.141.0.20 - - [16/Jul/2026:13:38:08 +0000] "GET /2026/06/29/bonusy-dlia-sushchestvuiushchikh-igrokov-v-1win-kazino-4/feed/ HTTP/2" 200 908 "-" "Mozilla/5.0 (Macintosh; Intel Mac OS X 10_15_7) AppleWebKit/537.36 (KHTML, like Gecko) Chrome/145.0.0.0 Safari/537.36 (compatible; meta-externalagent/1.1 (+https://developers.facebook.com/docs/sharing/webmasters/crawler))"
66.249.65.198 - - [16/Jul/2026:13:38:34 +0000] "GET /?q=63366820761406 HTTP/1.1" 200 25120 "-" "Mozilla/5.0 (compatible; Googlebot/2.1; +http://www.google.com/bot.html)"
195.174.244.226 - - [16/Jul/2026:13:39:20 +0000] "GET /sitemap.xml HTTP/1.1" 200 9571 "-" "Mozilla/5.0 (Macintosh; Intel Mac OS X 13_6_4) AppleWebKit/537.36 (KHTML, like Gecko) Chrome/133.0.6943.141 Safari/537.36"
66.249.65.199 - - [16/Jul/2026:13:40:14 +0000] "GET /?q=68382799572220 HTTP/1.1" 200 25979 "-" "Mozilla/5.0 (Linux; Android 6.0.1; Nexus 5X Build/MMB29P) AppleWebKit/537.36 (KHTML, like Gecko) Chrome/150.0.7871.114 Mobile Safari/537.36 (compatible; Googlebot/2.1; +http://www.google.com/bot.html)"
66.249.65.197 - - [16/Jul/2026:13:40:36 +0000] "GET /?q=1592050174320 HTTP/1.1" 200 26010 "-" "Mozilla/5.0 (Linux; Android 6.0.1; Nexus 5X Build/MMB29P) AppleWebKit/537.36 (KHTML, like Gecko) Chrome/150.0.7871.114 Mobile Safari/537.36 (compatible; Googlebot/2.1; +http://www.google.com/bot.html)"
199.189.225.167 - - [16/Jul/2026:13:40:49 +0000] "GET /wp-login.php HTTP/2" 200 2075 "-" "Mozilla/5.0 (Windows NT 10.0; Win64; x64) AppleWebKit/537.36 (KHTML, like Gecko) Chrome/149.0.0.0 Safari/537.36"
66.249.65.198 - - [16/Jul/2026:13:41:09 +0000] "GET /?q=6983952857688 HTTP/1.1" 200 25913 "-" "Mozilla/5.0 (compatible; Googlebot/2.1; +http://www.google.com/bot.html)"
66.249.65.197 - - [16/Jul/2026:13:41:28 +0000] "GET /?q=37570495949314 HTTP/1.1" 200 25907 "-" "Mozilla/5.0 (Linux; Android 6.0.1; Nexus 5X Build/MMB29P) AppleWebKit/537.36 (KHTML, like Gecko) Chrome/150.0.7871.114 Mobile Safari/537.36 (compatible; Googlebot/2.1; +http://www.google.com/bot.html)"
66.249.65.197 - - [16/Jul/2026:13:41:43 +0000] "GET /?q=21607800129629 HTTP/1.1" 200 24909 "-" "Mozilla/5.0 (Linux; Android 6.0.1; Nexus 5X Build/MMB29P) AppleWebKit/537.36 (KHTML, like Gecko) Chrome/150.0.7871.114 Mobile Safari/537.36 (compatible; Googlebot/2.1; +http://www.google.com/bot.html)"
57.141.0.17 - - [16/Jul/2026:13:42:35 +0000] "GET /wp-json/oembed/1.0/embed?url=https%3A%2F%2Fsurajauto.com%2F2025%2F07%2F10%2Fdeciphering-return-to-player-rtp-in-online-slot-games-building-trust-and-transparency%2F HTTP/2" 200 2559 "-" "Mozilla/5.0 (Windows NT 10.0; Win64; x64) AppleWebKit/537.36 (KHTML, like Gecko) Chrome/145.0.0.0 Safari/537.36 (compatible; meta-externalagent/1.1 (+https://developers.facebook.com/docs/sharing/webmasters/crawler))"
66.249.65.197 - - [16/Jul/2026:13:42:54 +0000] "GET /?q=81358283394209 HTTP/1.1" 200 24342 "-" "Mozilla/5.0 (compatible; Googlebot/2.1; +http://www.google.com/bot.html)"
66.249.65.198 - - [16/Jul/2026:13:42:58 +0000] "GET /index.php?q=33128154792495 HTTP/1.1" 200 25004 "-" "Mozilla/5.0 (Linux; Android 6.0.1; Nexus 5X Build/MMB29P) AppleWebKit/537.36 (KHTML, like Gecko) Chrome/150.0.7871.114 Mobile Safari/537.36 (compatible; Googlebot/2.1; +http://www.google.com/bot.html)"
216.24.210.149 - - [16/Jul/2026:13:43:00 +0000] "POST /wp-login.php HTTP/1.1" 200 2469 "-" "Mozilla/5.0 (Windows NT 10.0; Win64; rv:143.0) Gecko/20100101 Firefox/143.0"
98.159.37.75 - - [16/Jul/2026:13:43:00 +0000] "POST /wp-login.php HTTP/1.1" 200 2461 "-" "Mozilla/5.0 (Macintosh; Intel Mac OS X 10_15_7) AppleWebKit/605.1.15 Version/17.0 Safari/605.1.15"
66.249.65.197 - - [16/Jul/2026:13:43:43 +0000] "GET /?q=41903814975080 HTTP/1.1" 200 24798 "-" "Mozilla/5.0 (Linux; Android 6.0.1; Nexus 5X Build/MMB29P) AppleWebKit/537.36 (KHTML, like Gecko) Chrome/150.0.7871.114 Mobile Safari/537.36 (compatible; Googlebot/2.1; +http://www.google.com/bot.html)"
66.249.65.199 - - [16/Jul/2026:13:44:02 +0000] "GET /?q=54581235753145 HTTP/1.1" 200 26414 "-" "Mozilla/5.0 (Linux; Android 6.0.1; Nexus 5X Build/MMB29P) AppleWebKit/537.36 (KHTML, like Gecko) Chrome/150.0.7871.114 Mobile Safari/537.36 (compatible; Googlebot/2.1; +http://www.google.com/bot.html)"
216.73.217.150 - - [16/Jul/2026:13:44:53 +0000] "GET /robots.txt HTTP/2" 200 67 "-" "Mozilla/5.0 AppleWebKit/537.36 (KHTML, like Gecko; compatible; ClaudeBot/1.0; +claudebot@anthropic.com)"
216.73.217.150 - - [16/Jul/2026:13:44:53 +0000] "GET /sitemap.xml HTTP/2" 200 8631 "-" "Mozilla/5.0 AppleWebKit/537.36 (KHTML, like Gecko; compatible; ClaudeBot/1.0; +claudebot@anthropic.com)"
66.249.65.197 - - [16/Jul/2026:13:44:59 +0000] "GET /?q=89386803186473 HTTP/1.1" 200 24888 "-" "Mozilla/5.0 (compatible; Googlebot/2.1; +http://www.google.com/bot.html)"
66.249.65.197 - - [16/Jul/2026:13:45:39 +0000] "GET /?q=39238356164081 HTTP/1.1" 200 25537 "-" "Mozilla/5.0 (compatible; Googlebot/2.1; +http://www.google.com/bot.html)"
66.249.65.197 - - [16/Jul/2026:13:45:47 +0000] "GET /?q=8518629638794 HTTP/1.1" 200 26426 "-" "Mozilla/5.0 (Linux; Android 6.0.1; Nexus 5X Build/MMB29P) AppleWebKit/537.36 (KHTML, like Gecko) Chrome/150.0.7871.114 Mobile Safari/537.36 (compatible; Googlebot/2.1; +http://www.google.com/bot.html)"
66.249.65.197 - - [16/Jul/2026:13:45:56 +0000] "GET /?q=88696329609917 HTTP/1.1" 200 25517 "-" "Mozilla/5.0 (compatible; Googlebot/2.1; +http://www.google.com/bot.html)"
66.249.65.197 - - [16/Jul/2026:13:45:56 +0000] "GET /?q=88696329609917 HTTP/1.1" 200 25517 "-" "Mozilla/5.0 (Linux; Android 6.0.1; Nexus 5X Build/MMB29P) AppleWebKit/537.36 (KHTML, like Gecko) Chrome/150.0.7871.114 Mobile Safari/537.36 (compatible; Googlebot/2.1; +http://www.google.com/bot.html)"
57.141.0.68 - - [16/Jul/2026:13:46:59 +0000] "GET /?p=2070 HTTP/2" 301 1 "-" "Mozilla/5.0 (Macintosh; Intel Mac OS X 10_15_7) AppleWebKit/537.36 (KHTML, like Gecko) Chrome/145.0.0.0 Safari/537.36 (compatible; meta-externalagent/1.1 (+https://developers.facebook.com/docs/sharing/webmasters/crawler))"
66.249.65.199 - - [16/Jul/2026:13:47:32 +0000] "GET /?q=47288480301511 HTTP/1.1" 200 25065 "-" "Mozilla/5.0 (Linux; Android 6.0.1; Nexus 5X Build/MMB29P) AppleWebKit/537.36 (KHTML, like Gecko) Chrome/150.0.7871.114 Mobile Safari/537.36 (compatible; Googlebot/2.1; +http://www.google.com/bot.html)"
66.249.65.198 - - [16/Jul/2026:13:47:35 +0000] "GET /?q=5897515212130 HTTP/1.1" 200 25310 "-" "Mozilla/5.0 (compatible; Googlebot/2.1; +http://www.google.com/bot.html)"
138.246.253.24 - - [16/Jul/2026:13:48:05 +0000] "GET /robots.txt HTTP/1.1" 200 67 "-" "Mozilla/5.0 (Windows NT 10.0; Win64; x64) AppleWebKit/537.36 (KHTML, like Gecko) Chrome/103.0.5060.134 Safari/537.36"
185.109.244.91 - - [16/Jul/2026:13:50:34 +0000] "GET /wp-login.php HTTP/2" 200 2075 "-" "Mozilla/5.0 (X11; Linux x86_64) AppleWebKit/537.36 (KHTML, like Gecko) Chrome/143.0.0.0 Safari/537.36"
185.109.244.91 - - [16/Jul/2026:13:50:35 +0000] "POST /wp-login.php HTTP/2" 200 2210 "https://surajauto.com/wp-login.php" "Mozilla/5.0 (X11; Linux x86_64) AppleWebKit/537.36 (KHTML, like Gecko) Chrome/143.0.0.0 Safari/537.36"
66.249.65.199 - - [16/Jul/2026:13:51:17 +0000] "GET /?q=2561733807595 HTTP/1.1" 200 25471 "-" "Mozilla/5.0 (Linux; Android 6.0.1; Nexus 5X Build/MMB29P) AppleWebKit/537.36 (KHTML, like Gecko) Chrome/150.0.7871.114 Mobile Safari/537.36 (compatible; Googlebot/2.1; +http://www.google.com/bot.html)"
66.249.65.197 - - [16/Jul/2026:13:51:41 +0000] "GET /?q=25606189176353 HTTP/1.1" 200 24694 "-" "Mozilla/5.0 (compatible; Googlebot/2.1; +http://www.google.com/bot.html)"
66.249.65.197 - - [16/Jul/2026:13:52:10 +0000] "GET /?q=43077747303061 HTTP/1.1" 200 25001 "-" "Mozilla/5.0 (compatible; Googlebot/2.1; +http://www.google.com/bot.html)"
216.24.210.175 - - [16/Jul/2026:13:52:27 +0000] "POST /wp-login.php HTTP/1.1" 200 2461 "-" "Mozilla/5.0 (Windows NT 10.0; Win64; rv:143.0) Gecko/20100101 Firefox/143.0"
216.24.210.165 - - [16/Jul/2026:13:52:27 +0000] "POST /wp-login.php HTTP/1.1" 200 2469 "-" "Mozilla/5.0 (Windows NT 10.0; Win64; x64) AppleWebKit/537.36 Chrome/129.0.0.0 Safari/537.36"
40.77.167.47 - - [16/Jul/2026:13:52:30 +0000] "GET /2026/06/28/plinko-erfahrungen-fiese-betrugsmasche-fake-apps/ HTTP/2" 200 25231 "-" "Mozilla/5.0 AppleWebKit/537.36 (KHTML, like Gecko; compatible; bingbot/2.0; +http://www.bing.com/bingbot.htm) Chrome/116.0.1938.76 Safari/537.36"
66.249.65.199 - - [16/Jul/2026:13:54:16 +0000] "GET /index.php?q=93762798820967 HTTP/1.1" 200 25076 "-" "Mozilla/5.0 (Linux; Android 6.0.1; Nexus 5X Build/MMB29P) AppleWebKit/537.36 (KHTML, like Gecko) Chrome/150.0.7871.114 Mobile Safari/537.36 (compatible; Googlebot/2.1; +http://www.google.com/bot.html)"
66.249.65.197 - - [16/Jul/2026:13:54:53 +0000] "GET /?q=93607836031835 HTTP/1.1" 200 26134 "-" "Mozilla/5.0 (compatible; Googlebot/2.1; +http://www.google.com/bot.html)"
62.193.192.184 - - [16/Jul/2026:13:56:14 +0000] "GET /wp-login.php HTTP/2" 200 2075 "-" "Mozilla/5.0 (X11; Linux x86_64) AppleWebKit/537.36 (KHTML, like Gecko) Chrome/144.0.0.0 Safari/537.36"
62.193.192.184 - - [16/Jul/2026:13:56:17 +0000] "POST /wp-login.php HTTP/2" 200 2210 "https://surajauto.com/wp-login.php" "Mozilla/5.0 (X11; Linux x86_64) AppleWebKit/537.36 (KHTML, like Gecko) Chrome/144.0.0.0 Safari/537.36"
66.249.65.198 - - [16/Jul/2026:13:56:37 +0000] "GET /?q=66394967634069 HTTP/1.1" 200 24890 "-" "Mozilla/5.0 (compatible; Googlebot/2.1; +http://www.google.com/bot.html)"
40.77.167.132 - - [16/Jul/2026:13:57:07 +0000] "GET /?q=32431896202199 HTTP/2" 200 24855 "-" "Mozilla/5.0 AppleWebKit/537.36 (KHTML, like Gecko; compatible; bingbot/2.0; +http://www.bing.com/bingbot.htm) Chrome/116.0.1938.76 Safari/537.36"
66.249.65.197 - - [16/Jul/2026:13:57:41 +0000] "GET /?q=81394090917806 HTTP/1.1" 200 24653 "-" "Mozilla/5.0 (Linux; Android 6.0.1; Nexus 5X Build/MMB29P) AppleWebKit/537.36 (KHTML, like Gecko) Chrome/150.0.7871.114 Mobile Safari/537.36 (compatible; Googlebot/2.1; +http://www.google.com/bot.html)"
66.249.65.197 - - [16/Jul/2026:13:57:46 +0000] "GET /?q=91230796722360 HTTP/1.1" 200 25076 "-" "Mozilla/5.0 (compatible; Googlebot/2.1; +http://www.google.com/bot.html)"
66.249.65.197 - - [16/Jul/2026:13:58:28 +0000] "GET /?q=41569617876124 HTTP/1.1" 200 25572 "-" "Mozilla/5.0 (Linux; Android 6.0.1; Nexus 5X Build/MMB29P) AppleWebKit/537.36 (KHTML, like Gecko) Chrome/150.0.7871.114 Mobile Safari/537.36 (compatible; Googlebot/2.1; +http://www.google.com/bot.html)"
66.249.65.199 - - [16/Jul/2026:13:59:15 +0000] "GET /?q=40226264623514 HTTP/1.1" 200 25326 "-" "Mozilla/5.0 (Linux; Android 6.0.1; Nexus 5X Build/MMB29P) AppleWebKit/537.36 (KHTML, like Gecko) Chrome/150.0.7871.114 Mobile Safari/537.36 (compatible; Googlebot/2.1; +http://www.google.com/bot.html)"
66.249.65.197 - - [16/Jul/2026:13:59:38 +0000] "GET /?q=79787149592303 HTTP/1.1" 200 25190 "-" "Mozilla/5.0 (Linux; Android 6.0.1; Nexus 5X Build/MMB29P) AppleWebKit/537.36 (KHTML, like Gecko) Chrome/150.0.7871.114 Mobile Safari/537.36 (compatible; Googlebot/2.1; +http://www.google.com/bot.html)"
66.249.65.197 - - [16/Jul/2026:14:00:08 +0000] "GET /?q=68853938301288 HTTP/1.1" 200 24611 "-" "Mozilla/5.0 (Linux; Android 6.0.1; Nexus 5X Build/MMB29P) AppleWebKit/537.36 (KHTML, like Gecko) Chrome/150.0.7871.114 Mobile Safari/537.36 (compatible; Googlebot/2.1; +http://www.google.com/bot.html)"
66.249.65.197 - - [16/Jul/2026:14:00:08 +0000] "GET /?q=98902139309739 HTTP/1.1" 200 24430 "-" "Mozilla/5.0 (Linux; Android 6.0.1; Nexus 5X Build/MMB29P) AppleWebKit/537.36 (KHTML, like Gecko) Chrome/150.0.7871.114 Mobile Safari/537.36 (compatible; Googlebot/2.1; +http://www.google.com/bot.html)"
66.249.65.197 - - [16/Jul/2026:14:00:50 +0000] "GET /?q=76665034222427 HTTP/1.1" 200 25008 "-" "Mozilla/5.0 (Linux; Android 6.0.1; Nexus 5X Build/MMB29P) AppleWebKit/537.36 (KHTML, like Gecko) Chrome/150.0.7871.114 Mobile Safari/537.36 (compatible; Googlebot/2.1; +http://www.google.com/bot.html)"
66.249.65.197 - - [16/Jul/2026:14:00:42 +0000] "GET /?q=62732554430812 HTTP/1.1" 200 25106 "-" "Mozilla/5.0 (compatible; Googlebot/2.1; +http://www.google.com/bot.html)"
66.249.65.197 - - [16/Jul/2026:14:00:58 +0000] "GET /?q=32021547765618 HTTP/1.1" 200 25115 "-" "Mozilla/5.0 (compatible; Googlebot/2.1; +http://www.google.com/bot.html)"
66.249.65.197 - - [16/Jul/2026:14:01:43 +0000] "GET /?q=74150496447956 HTTP/1.1" 200 25526 "-" "Mozilla/5.0 (Linux; Android 6.0.1; Nexus 5X Build/MMB29P) AppleWebKit/537.36 (KHTML, like Gecko) Chrome/150.0.7871.114 Mobile Safari/537.36 (compatible; Googlebot/2.1; +http://www.google.com/bot.html)"
98.159.37.71 - - [16/Jul/2026:14:02:17 +0000] "POST /wp-login.php HTTP/1.1" 200 2461 "-" "Mozilla/5.0 (Macintosh; Intel Mac OS X 10_15_7) AppleWebKit/605.1.15 Version/17.0 Safari/605.1.15"
98.159.37.85 - - [16/Jul/2026:14:02:17 +0000] "POST /wp-login.php HTTP/1.1" 200 2469 "-" "Mozilla/5.0 (Windows NT 10.0; Win64; x64) AppleWebKit/537.36 Chrome/129.0.0.0 Safari/537.36"
66.249.65.199 - - [16/Jul/2026:14:02:49 +0000] "GET /?q=48554342733249 HTTP/1.1" 200 24956 "-" "Mozilla/5.0 (compatible; Googlebot/2.1; +http://www.google.com/bot.html)"
57.141.0.71 - - [16/Jul/2026:14:03:26 +0000] "GET /wp-json/oembed/1.0/embed?url=https%3A%2F%2Fsurajauto.com%2F2026%2F06%2F28%2Fbest-online-casinos-in-canada-with-live-dealer-options-your-comprehensive-guide%2F HTTP/2" 200 2523 "-" "Mozilla/5.0 (Windows NT 10.0; Win64; x64) AppleWebKit/537.36 (KHTML, like Gecko) Chrome/145.0.0.0 Safari/537.36 (compatible; meta-externalagent/1.1 (+https://developers.facebook.com/docs/sharing/webmasters/crawler))"
66.249.65.197 - - [16/Jul/2026:14:03:25 +0000] "GET /index.php?q=33337022974160 HTTP/1.1" 200 25399 "-" "Mozilla/5.0 (compatible; Googlebot/2.1; +http://www.google.com/bot.html)"
66.249.65.199 - - [16/Jul/2026:14:03:42 +0000] "GET /?q=64819854732870 HTTP/1.1" 200 25251 "-" "Mozilla/5.0 (compatible; Googlebot/2.1; +http://www.google.com/bot.html)"
66.249.65.199 - - [16/Jul/2026:14:03:50 +0000] "GET /?q=35196854260371 HTTP/1.1" 200 24681 "-" "Mozilla/5.0 (compatible; Googlebot/2.1; +http://www.google.com/bot.html)"
66.249.65.198 - - [16/Jul/2026:14:03:58 +0000] "GET /?q=94339046231855 HTTP/1.1" 200 24698 "-" "Mozilla/5.0 (compatible; Googlebot/2.1; +http://www.google.com/bot.html)"
66.249.65.197 - - [16/Jul/2026:14:04:32 +0000] "GET /?q=44279692440245 HTTP/1.1" 200 25084 "-" "Mozilla/5.0 (Linux; Android 6.0.1; Nexus 5X Build/MMB29P) AppleWebKit/537.36 (KHTML, like Gecko) Chrome/150.0.7871.114 Mobile Safari/537.36 (compatible; Googlebot/2.1; +http://www.google.com/bot.html)"
66.249.65.197 - - [16/Jul/2026:14:04:48 +0000] "GET /?q=47171621853904 HTTP/1.1" 200 24378 "-" "Mozilla/5.0 (Linux; Android 6.0.1; Nexus 5X Build/MMB29P) AppleWebKit/537.36 (KHTML, like Gecko) Chrome/150.0.7871.114 Mobile Safari/537.36 (compatible; Googlebot/2.1; +http://www.google.com/bot.html)"
52.167.144.181 - - [16/Jul/2026:14:05:19 +0000] "GET /?q=7183299772027 HTTP/2" 200 25374 "-" "Mozilla/5.0 AppleWebKit/537.36 (KHTML, like Gecko; compatible; bingbot/2.0; +http://www.bing.com/bingbot.htm) Chrome/116.0.1938.76 Safari/537.36"
66.249.65.198 - - [16/Jul/2026:14:05:40 +0000] "GET /?q=26714097490010 HTTP/1.1" 200 25092 "-" "Mozilla/5.0 (Linux; Android 6.0.1; Nexus 5X Build/MMB29P) AppleWebKit/537.36 (KHTML, like Gecko) Chrome/150.0.7871.114 Mobile Safari/537.36 (compatible; Googlebot/2.1; +http://www.google.com/bot.html)"
66.249.65.197 - - [16/Jul/2026:14:05:41 +0000] "GET /?q=37241544983916 HTTP/1.1" 200 25080 "-" "Mozilla/5.0 (compatible; Googlebot/2.1; +http://www.google.com/bot.html)"
209.50.190.175 - - [16/Jul/2026:14:05:47 +0000] "GET /wp-login.php HTTP/1.1" 200 6528 "-" "Mozilla/5.0 (compatible; MyApp/1.0)"
209.50.190.175 - - [16/Jul/2026:14:05:48 +0000] "POST /wp-login.php HTTP/1.1" 302 0 "-" "Mozilla/5.0 (compatible; MyApp/1.0)"
209.50.190.175 - - [16/Jul/2026:14:05:49 +0000] "GET /wp-admin/ HTTP/1.1" 200 107289 "-" "Mozilla/5.0 (compatible; MyApp/1.0)"
209.50.190.175 - - [16/Jul/2026:14:05:52 +0000] "GET /wp-admin/admin-ajax.php?action=rest-nonce HTTP/1.1" 200 10 "-" "Mozilla/5.0 (compatible; MyApp/1.0)"
209.50.190.175 - - [16/Jul/2026:14:05:53 +0000] "POST /wp-json/wp/v2/posts?action=rest-nonce HTTP/1.1" 201 5563 "-" "Mozilla/5.0 (compatible; MyApp/1.0)"
209.50.190.175 - - [16/Jul/2026:14:05:55 +0000] "GET /wp-admin/admin-ajax.php?action=rest-nonce HTTP/1.1" 200 10 "-" "Mozilla/5.0 (compatible; MyApp/1.0)"
209.50.190.175 - - [16/Jul/2026:14:05:55 +0000] "DELETE /wp-json/wp/v2/posts/3425?force=1 HTTP/1.1" 200 3858 "-" "Mozilla/5.0 (compatible; MyApp/1.0)"
66.249.65.199 - - [16/Jul/2026:14:07:58 +0000] "GET /?q=9345222679902 HTTP/1.1" 200 24929 "-" "Mozilla/5.0 (compatible; Googlebot/2.1; +http://www.google.com/bot.html)"
78.94.28.13 - - [16/Jul/2026:14:09:38 +0000] "GET / HTTP/1.1" 200 25616 "-" "Mozilla/5.0 (liveness-retry)"
20.206.89.130 - - [16/Jul/2026:14:10:53 +0000] "GET /wp-admin/network/plugins.php HTTP/1.1" 302 0 "-" "-"
20.206.89.130 - - [16/Jul/2026:14:10:54 +0000] "GET /wp-login.php?redirect_to=https%3A%2F%2Fsurajauto.com%2Fwp-admin%2Fnetwork%2Fplugins.php&reauth=1 HTTP/1.1" 200 6547 "-" "-"
66.249.65.197 - - [16/Jul/2026:14:10:51 +0000] "GET /?q=60406813975461 HTTP/1.1" 200 24934 "-" "Mozilla/5.0 (compatible; Googlebot/2.1; +http://www.google.com/bot.html)"
66.249.65.197 - - [16/Jul/2026:14:10:53 +0000] "GET /?q=53214621096019 HTTP/1.1" 200 25093 "-" "Mozilla/5.0 (Linux; Android 6.0.1; Nexus 5X Build/MMB29P) AppleWebKit/537.36 (KHTML, like Gecko) Chrome/150.0.7871.114 Mobile Safari/537.36 (compatible; Googlebot/2.1; +http://www.google.com/bot.html)"
4.198.72.25 - - [16/Jul/2026:14:10:59 +0000] "GET / HTTP/2" 200 25616 "-" "Mozilla/5.0 AppleWebKit/537.36 (KHTML, like Gecko); compatible; ChatGPT-User/1.0; +https://openai.com/bot"
74.7.228.10 - - [16/Jul/2026:14:11:20 +0000] "GET /robots.txt HTTP/2" 200 67 "-" "Mozilla/5.0 (Macintosh; Intel Mac OS X 10_15_7) AppleWebKit/537.36 (KHTML, like Gecko) Chrome/131.0.0.0 Safari/537.36; compatible; OAI-SearchBot/1.4; robots.txt; +https://openai.com/searchbot"
74.7.229.207 - - [16/Jul/2026:14:11:20 +0000] "GET / HTTP/2" 200 25616 "-" "Mozilla/5.0 (Macintosh; Intel Mac OS X 10_15_7) AppleWebKit/537.36 (KHTML, like Gecko) Chrome/131.0.0.0 Safari/537.36; compatible; OAI-SearchBot/1.4; +https://openai.com/searchbot"
74.7.228.210 - - [16/Jul/2026:14:11:23 +0000] "GET /comments/feed/ HTTP/2" 200 699 "https://surajauto.com/" "Mozilla/5.0 (Macintosh; Intel Mac OS X 10_15_7) AppleWebKit/537.36 (KHTML, like Gecko) Chrome/131.0.0.0 Safari/537.36; compatible; OAI-SearchBot/1.4; +https://openai.com/searchbot"
66.249.65.199 - - [16/Jul/2026:14:11:22 +0000] "GET /?q=41628874061487 HTTP/1.1" 200 24733 "-" "Mozilla/5.0 (compatible; Googlebot/2.1; +http://www.google.com/bot.html)"
