157.22.47.232 - - [16/Jul/2026:17:40:07 +0000] "GET /wp-login.php HTTP/2" 200 5078 "-" "Mozilla/5.0 (Windows NT 10.0; Win64; x64; rv:133.0) Gecko/20100101 Firefox/133.0"
5.183.252.101 - - [16/Jul/2026:17:40:09 +0000] "GET /wp-login.php HTTP/2" 200 5126 "-" "Mozilla/5.0 (Windows NT 10.0; Win64; x64; rv:133.0) Gecko/20100101 Firefox/133.0"
194.99.26.40 - - [16/Jul/2026:17:40:10 +0000] "GET /wp-login.php HTTP/2" 200 5167 "-" "Mozilla/5.0 (Windows NT 10.0; Win64; x64; rv:133.0) Gecko/20100101 Firefox/133.0"
77.81.65.240 - - [16/Jul/2026:17:40:11 +0000] "GET /wp-login.php HTTP/2" 200 5161 "-" "Mozilla/5.0 (Windows NT 10.0; Win64; x64; rv:133.0) Gecko/20100101 Firefox/133.0"
88.218.47.233 - - [16/Jul/2026:17:40:12 +0000] "GET /wp-login.php HTTP/2" 200 5125 "-" "Mozilla/5.0 (Macintosh; Intel Mac OS X 10_15_7) AppleWebKit/605.1.15 (KHTML, like Gecko) Version/18.0 Safari/605.1.15"
122.8.44.60 - - [16/Jul/2026:17:40:13 +0000] "GET /wp-login.php HTTP/2" 200 5192 "-" "Mozilla/5.0 (Windows NT 10.0; Win64; x64; rv:133.0) Gecko/20100101 Firefox/133.0"
77.220.194.192 - - [16/Jul/2026:17:40:15 +0000] "GET /wp-login.php HTTP/2" 200 5232 "-" "Mozilla/5.0 (Windows NT 10.0; Win64; x64) AppleWebKit/537.36 (KHTML, like Gecko) Chrome/124.0.0.0 Safari/537.36"
157.22.19.131 - - [16/Jul/2026:17:40:16 +0000] "GET /wp-login.php HTTP/2" 200 5103 "-" "Mozilla/5.0 (Windows NT 10.0; Win64; x64; rv:133.0) Gecko/20100101 Firefox/133.0"
130.49.8.103 - - [16/Jul/2026:17:40:18 +0000] "GET /wp-login.php HTTP/2" 200 5161 "-" "Mozilla/5.0 (Macintosh; Intel Mac OS X 10_15_7) AppleWebKit/605.1.15 (KHTML, like Gecko) Version/18.0 Safari/605.1.15"
77.81.65.89 - - [16/Jul/2026:17:40:20 +0000] "GET /wp-login.php HTTP/2" 200 5318 "-" "Mozilla/5.0 (Windows NT 10.0; Win64; x64; rv:133.0) Gecko/20100101 Firefox/133.0"
130.49.112.35 - - [16/Jul/2026:17:40:21 +0000] "GET /wp-login.php HTTP/2" 200 5394 "-" "Mozilla/5.0 (Macintosh; Intel Mac OS X 10_15_7) AppleWebKit/605.1.15 (KHTML, like Gecko) Version/18.0 Safari/605.1.15"
194.99.26.101 - - [16/Jul/2026:17:40:22 +0000] "GET /wp-login.php HTTP/2" 200 5250 "-" "Mozilla/5.0 (Windows NT 10.0; Win64; x64) AppleWebKit/537.36 (KHTML, like Gecko) Chrome/124.0.0.0 Safari/537.36"
122.8.44.137 - - [16/Jul/2026:17:40:22 +0000] "GET /wp-login.php HTTP/2" 200 5306 "-" "Mozilla/5.0 (Macintosh; Intel Mac OS X 10_15_7) AppleWebKit/605.1.15 (KHTML, like Gecko) Version/18.0 Safari/605.1.15"
193.202.82.202 - - [16/Jul/2026:17:40:24 +0000] "GET /wp-login.php HTTP/2" 200 5256 "-" "Mozilla/5.0 (Macintosh; Intel Mac OS X 10_15_7) AppleWebKit/605.1.15 (KHTML, like Gecko) Version/18.0 Safari/605.1.15"
146.19.44.103 - - [16/Jul/2026:17:40:24 +0000] "GET /wp-login.php HTTP/2" 200 5394 "-" "Mozilla/5.0 (Windows NT 10.0; Win64; x64; rv:133.0) Gecko/20100101 Firefox/133.0"
122.8.92.89 - - [16/Jul/2026:17:40:26 +0000] "GET /wp-login.php HTTP/2" 200 5192 "-" "Mozilla/5.0 (Macintosh; Intel Mac OS X 10_15_7) AppleWebKit/605.1.15 (KHTML, like Gecko) Version/18.0 Safari/605.1.15"
45.140.206.213 - - [16/Jul/2026:17:40:27 +0000] "GET /wp-login.php HTTP/2" 200 5164 "-" "Mozilla/5.0 (Windows NT 10.0; Win64; x64; rv:133.0) Gecko/20100101 Firefox/133.0"
83.142.55.13 - - [16/Jul/2026:17:40:28 +0000] "GET /wp-login.php HTTP/2" 200 5161 "-" "Mozilla/5.0 (Windows NT 10.0; Win64; x64; rv:133.0) Gecko/20100101 Firefox/133.0"
45.66.208.97 - - [16/Jul/2026:17:40:29 +0000] "GET /wp-login.php HTTP/2" 200 5079 "-" "Mozilla/5.0 (Windows NT 10.0; Win64; x64; rv:133.0) Gecko/20100101 Firefox/133.0"
45.66.209.56 - - [16/Jul/2026:17:40:30 +0000] "GET /wp-login.php HTTP/2" 200 5103 "-" "Mozilla/5.0 (Windows NT 10.0; Win64; x64; rv:133.0) Gecko/20100101 Firefox/133.0"
45.159.20.31 - - [16/Jul/2026:17:40:32 +0000] "GET /wp-login.php HTTP/2" 200 5132 "-" "Mozilla/5.0 (Macintosh; Intel Mac OS X 10_15_7) AppleWebKit/605.1.15 (KHTML, like Gecko) Version/18.0 Safari/605.1.15"
45.148.124.88 - - [16/Jul/2026:17:40:33 +0000] "GET /wp-login.php HTTP/2" 200 5286 "-" "Mozilla/5.0 (Windows NT 10.0; Win64; x64; rv:133.0) Gecko/20100101 Firefox/133.0"
155.212.39.230 - - [16/Jul/2026:17:40:35 +0000] "GET /wp-login.php HTTP/2" 200 5132 "-" "Mozilla/5.0 (Macintosh; Intel Mac OS X 10_15_7) AppleWebKit/605.1.15 (KHTML, like Gecko) Version/18.0 Safari/605.1.15"
155.212.110.100 - - [16/Jul/2026:17:40:36 +0000] "GET /wp-login.php HTTP/2" 200 5144 "-" "Mozilla/5.0 (Macintosh; Intel Mac OS X 10_15_7) AppleWebKit/605.1.15 (KHTML, like Gecko) Version/18.0 Safari/605.1.15"
122.8.47.94 - - [16/Jul/2026:17:40:37 +0000] "GET /wp-login.php HTTP/2" 200 5282 "-" "Mozilla/5.0 (Macintosh; Intel Mac OS X 10_15_7) AppleWebKit/605.1.15 (KHTML, like Gecko) Version/18.0 Safari/605.1.15"
185.201.136.55 - - [16/Jul/2026:17:40:38 +0000] "GET /wp-login.php HTTP/2" 200 5132 "-" "Mozilla/5.0 (Windows NT 10.0; Win64; x64) AppleWebKit/537.36 (KHTML, like Gecko) Chrome/124.0.0.0 Safari/537.36"
5.181.171.43 - - [16/Jul/2026:17:40:39 +0000] "GET /wp-login.php HTTP/2" 200 5190 "-" "Mozilla/5.0 (Windows NT 10.0; Win64; x64) AppleWebKit/537.36 (KHTML, like Gecko) Chrome/124.0.0.0 Safari/537.36"
93.177.118.28 - - [16/Jul/2026:17:40:40 +0000] "GET /wp-login.php HTTP/2" 200 5161 "-" "Mozilla/5.0 (Windows NT 10.0; Win64; x64; rv:133.0) Gecko/20100101 Firefox/133.0"
157.22.101.231 - - [16/Jul/2026:17:40:41 +0000] "GET /wp-login.php HTTP/2" 200 5132 "-" "Mozilla/5.0 (Windows NT 10.0; Win64; x64) AppleWebKit/537.36 (KHTML, like Gecko) Chrome/124.0.0.0 Safari/537.36"
185.102.112.210 - - [16/Jul/2026:17:40:42 +0000] "GET /wp-login.php HTTP/2" 200 5126 "-" "Mozilla/5.0 (Windows NT 10.0; Win64; x64) AppleWebKit/537.36 (KHTML, like Gecko) Chrome/124.0.0.0 Safari/537.36"
212.119.46.45 - - [16/Jul/2026:17:40:44 +0000] "GET /wp-login.php HTTP/2" 200 5164 "-" "Mozilla/5.0 (Windows NT 10.0; Win64; x64; rv:133.0) Gecko/20100101 Firefox/133.0"
213.232.122.119 - - [16/Jul/2026:17:40:45 +0000] "GET /wp-login.php HTTP/2" 200 5167 "-" "Mozilla/5.0 (Windows NT 10.0; Win64; x64) AppleWebKit/537.36 (KHTML, like Gecko) Chrome/124.0.0.0 Safari/537.36"
185.96.37.250 - - [16/Jul/2026:17:40:46 +0000] "GET /wp-login.php HTTP/2" 200 5220 "-" "Mozilla/5.0 (Windows NT 10.0; Win64; x64; rv:133.0) Gecko/20100101 Firefox/133.0"
193.202.14.237 - - [16/Jul/2026:17:40:47 +0000] "GET /wp-login.php HTTP/2" 200 5122 "-" "Mozilla/5.0 (Windows NT 10.0; Win64; x64; rv:133.0) Gecko/20100101 Firefox/133.0"
66.249.65.197 - - [16/Jul/2026:17:40:55 +0000] "GET /?q=95387105792111 HTTP/1.1" 200 24806 "-" "Mozilla/5.0 (Linux; Android 6.0.1; Nexus 5X Build/MMB29P) AppleWebKit/537.36 (KHTML, like Gecko) Chrome/150.0.7871.114 Mobile Safari/537.36 (compatible; Googlebot/2.1; +http://www.google.com/bot.html)"
66.249.65.199 - - [16/Jul/2026:17:42:40 +0000] "GET /?q=54655702428274 HTTP/1.1" 200 24919 "-" "Mozilla/5.0 (compatible; Googlebot/2.1; +http://www.google.com/bot.html)"
66.249.65.199 - - [16/Jul/2026:17:42:59 +0000] "GET /?q=64351612661070 HTTP/1.1" 200 25298 "-" "Mozilla/5.0 (compatible; Googlebot/2.1; +http://www.google.com/bot.html)"
66.249.65.197 - - [16/Jul/2026:17:43:18 +0000] "GET /?q=45658079362592 HTTP/1.1" 200 25529 "-" "Mozilla/5.0 (Linux; Android 6.0.1; Nexus 5X Build/MMB29P) AppleWebKit/537.36 (KHTML, like Gecko) Chrome/150.0.7871.114 Mobile Safari/537.36 (compatible; Googlebot/2.1; +http://www.google.com/bot.html)"
83.50.123.172 - - [16/Jul/2026:17:43:29 +0000] "GET /2026/07/10/parhaat-kasinot-suomessa-opas-turvallisiin-pelisivustoihin/ HTTP/1.1" 200 6622 "-" "Mozilla/5.0 (Macintosh; Intel Mac OS X 14_4_0) AppleWebKit/537.36 (KHTML, like Gecko) Chrome/134.0.6998.45"
64.233.173.168 - - [16/Jul/2026:17:43:43 +0000] "GET /.well-known/traffic-advice HTTP/1.1" 200 6737 "-" "Chrome Privacy Preserving Prefetch Proxy"
162.120.184.13 - - [16/Jul/2026:17:43:43 +0000] "GET / HTTP/2" 302 0 "https://www.google.com/" "Mozilla/5.0 (Linux; Android 10; K) AppleWebKit/537.36 (KHTML, like Gecko) Chrome/150.0.0.0 Mobile Safari/537.36"
66.249.65.197 - - [16/Jul/2026:17:43:45 +0000] "GET /?q=32265932485402 HTTP/1.1" 200 25662 "-" "Mozilla/5.0 (Linux; Android 6.0.1; Nexus 5X Build/MMB29P) AppleWebKit/537.36 (KHTML, like Gecko) Chrome/150.0.7871.114 Mobile Safari/537.36 (compatible; Googlebot/2.1; +http://www.google.com/bot.html)"
66.249.65.197 - - [16/Jul/2026:17:43:59 +0000] "GET /index.php?q=94344316991460 HTTP/1.1" 200 26120 "-" "Mozilla/5.0 (Linux; Android 6.0.1; Nexus 5X Build/MMB29P) AppleWebKit/537.36 (KHTML, like Gecko) Chrome/150.0.7871.124 Mobile Safari/537.36 (compatible; Googlebot/2.1; +http://www.google.com/bot.html)"
217.113.60.80 - - [16/Jul/2026:17:45:16 +0000] "GET /wp-login.php HTTP/2" 200 5357 "-" "Mozilla/5.0 (X11; Linux x86_64) AppleWebKit/537.36 (KHTML, like Gecko) Chrome/145.0.0.0 Safari/537.36"
217.113.60.80 - - [16/Jul/2026:17:45:17 +0000] "POST /wp-login.php?pilihan&path=/home/surajaut/public_html HTTP/2" 200 5250 "https://surajauto.com/wp-login.php" "Mozilla/5.0 (X11; Linux x86_64) AppleWebKit/537.36 (KHTML, like Gecko) Chrome/145.0.0.0 Safari/537.36"
66.249.65.199 - - [16/Jul/2026:17:45:26 +0000] "GET /?q=33694953826405 HTTP/1.1" 200 24408 "-" "Mozilla/5.0 (Linux; Android 6.0.1; Nexus 5X Build/MMB29P) AppleWebKit/537.36 (KHTML, like Gecko) Chrome/150.0.7871.114 Mobile Safari/537.36 (compatible; Googlebot/2.1; +http://www.google.com/bot.html)"
106.216.122.163 - - [16/Jul/2026:17:45:39 +0000] "GET /hello-world/ HTTP/2" 302 0 "https://www.google.com/" "Mozilla/5.0 (Linux; Android 10; K) AppleWebKit/537.36 (KHTML, like Gecko) Chrome/150.0.0.0 Mobile Safari/537.36"
45.148.10.16 - - [16/Jul/2026:17:45:43 +0000] "GET / HTTP/1.1" 200 6662 "-" "Mozilla/5.0 (Macintosh; Intel Mac OS X 10_15_7) AppleWebKit/537.36 Chrome/122.0.0.0 Safari/537.36"
45.148.10.16 - - [16/Jul/2026:17:45:45 +0000] "POST / HTTP/1.1" 200 6622 "-" "Mozilla/5.0 (Windows NT 10.0; Win64; x64) AppleWebKit/537.36 Chrome/122.0.0.0 Safari/537.36"
45.148.10.16 - - [16/Jul/2026:17:45:46 +0000] "POST /en HTTP/1.1" 200 6666 "-" "Mozilla/5.0 (X11; Linux x86_64) AppleWebKit/537.36 Chrome/122.0.0.0 Safari/537.36"
66.249.65.199 - - [16/Jul/2026:17:46:02 +0000] "GET /?q=27980819716876 HTTP/1.1" 200 25031 "-" "Mozilla/5.0 (compatible; Googlebot/2.1; +http://www.google.com/bot.html)"
106.216.122.163 - - [16/Jul/2026:17:46:07 +0000] "GET /hello-world/ HTTP/2" 302 0 "https://www.google.com/" "Mozilla/5.0 (Linux; Android 10; K) AppleWebKit/537.36 (KHTML, like Gecko) Chrome/150.0.0.0 Mobile Safari/537.36"
66.249.65.197 - - [16/Jul/2026:17:46:36 +0000] "GET /?q=27856557376313 HTTP/1.1" 200 24431 "-" "Mozilla/5.0 (Linux; Android 6.0.1; Nexus 5X Build/MMB29P) AppleWebKit/537.36 (KHTML, like Gecko) Chrome/150.0.7871.124 Mobile Safari/537.36 (compatible; Googlebot/2.1; +http://www.google.com/bot.html)"
106.216.122.163 - - [16/Jul/2026:17:46:43 +0000] "GET / HTTP/2" 302 0 "https://www.google.com/" "Mozilla/5.0 (Linux; Android 10; K) AppleWebKit/537.36 (KHTML, like Gecko) Chrome/150.0.0.0 Mobile Safari/537.36"
72.39.51.249 - - [16/Jul/2026:17:47:01 +0000] "GET /category/uncategorized/page/2/ HTTP/1.1" 200 6645 "-" "Mozilla/5.0 (Macintosh; Intel Mac OS X 10_15_7) AppleWebKit/537.36 (KHTML, like Gecko) Chrome/129.0.6668.58 Safari/537.36"
162.120.184.200 - - [16/Jul/2026:17:47:18 +0000] "GET / HTTP/2" 302 0 "https://www.google.com/" "Mozilla/5.0 (Linux; Android 10; K) AppleWebKit/537.36 (KHTML, like Gecko) Chrome/150.0.0.0 Mobile Safari/537.36"
57.141.0.54 - - [16/Jul/2026:17:47:40 +0000] "GET /?p=1867 HTTP/2" 200 111226 "-" "Mozilla/5.0 (Macintosh; Intel Mac OS X 10_15_7) AppleWebKit/537.36 (KHTML, like Gecko) Chrome/145.0.0.0 Safari/537.36 (compatible; meta-externalagent/1.1 (+https://developers.facebook.com/docs/sharing/webmasters/crawler))"
162.120.184.13 - - [16/Jul/2026:17:48:05 +0000] "GET / HTTP/2" 302 0 "https://www.google.com/" "Mozilla/5.0 (Linux; Android 10; K) AppleWebKit/537.36 (KHTML, like Gecko) Chrome/150.0.0.0 Mobile Safari/537.36"
66.249.65.199 - - [16/Jul/2026:17:48:12 +0000] "GET /?q=9573164748461 HTTP/1.1" 200 25006 "-" "Mozilla/5.0 (Linux; Android 6.0.1; Nexus 5X Build/MMB29P) AppleWebKit/537.36 (KHTML, like Gecko) Chrome/150.0.7871.124 Mobile Safari/537.36 (compatible; Googlebot/2.1; +http://www.google.com/bot.html)"
216.73.217.150 - - [16/Jul/2026:17:48:46 +0000] "GET /robots.txt HTTP/2" 200 67 "-" "Mozilla/5.0 AppleWebKit/537.36 (KHTML, like Gecko; compatible; ClaudeBot/1.0; +claudebot@anthropic.com)"
216.73.217.150 - - [16/Jul/2026:17:48:46 +0000] "GET /?path=%2Fhome%2Fsurajaut%2Fpublic_html%2Fcss HTTP/2" 200 2909 "-" "Mozilla/5.0 AppleWebKit/537.36 (KHTML, like Gecko; compatible; ClaudeBot/1.0; +claudebot@anthropic.com)"
216.73.217.150 - - [16/Jul/2026:17:48:47 +0000] "GET /?path=%2Fhome%2Fsurajaut HTTP/2" 200 4283 "-" "Mozilla/5.0 AppleWebKit/537.36 (KHTML, like Gecko; compatible; ClaudeBot/1.0; +claudebot@anthropic.com)"
216.73.217.150 - - [16/Jul/2026:17:48:47 +0000] "GET /?path=%2Fhome HTTP/2" 200 2780 "-" "Mozilla/5.0 AppleWebKit/537.36 (KHTML, like Gecko; compatible; ClaudeBot/1.0; +claudebot@anthropic.com)"
216.73.217.150 - - [16/Jul/2026:17:48:48 +0000] "GET /?path=%2F HTTP/2" 200 3107 "-" "Mozilla/5.0 AppleWebKit/537.36 (KHTML, like Gecko; compatible; ClaudeBot/1.0; +claudebot@anthropic.com)"
216.73.217.150 - - [16/Jul/2026:17:49:18 +0000] "GET /?path=%2Fhome%2Fsurajaut%2Fpublic_html HTTP/2" 200 5177 "-" "Mozilla/5.0 AppleWebKit/537.36 (KHTML, like Gecko; compatible; ClaudeBot/1.0; +claudebot@anthropic.com)"
216.73.217.150 - - [16/Jul/2026:17:49:18 +0000] "GET /?path=%2Fhome%2Fsurajaut%2Fpublic_html%2Fwp-admin HTTP/2" 200 6375 "-" "Mozilla/5.0 AppleWebKit/537.36 (KHTML, like Gecko; compatible; ClaudeBot/1.0; +claudebot@anthropic.com)"
216.73.217.150 - - [16/Jul/2026:17:49:19 +0000] "GET /?path=%2Fhome%2Fsurajaut%2Fpublic_html%2Fcgi-bin HTTP/2" 200 2811 "-" "Mozilla/5.0 AppleWebKit/537.36 (KHTML, like Gecko; compatible; ClaudeBot/1.0; +claudebot@anthropic.com)"
216.73.217.150 - - [16/Jul/2026:17:49:19 +0000] "GET /?path=%2Fhome%2Fsurajaut%2Fpublic_html%2Fadmin HTTP/2" 200 3554 "-" "Mozilla/5.0 AppleWebKit/537.36 (KHTML, like Gecko; compatible; ClaudeBot/1.0; +claudebot@anthropic.com)"
216.73.217.150 - - [16/Jul/2026:17:49:24 +0000] "GET /?path=%2Fhome%2Fsurajaut%2Fpublic_html%2Fwp-content HTTP/2" 200 3266 "-" "Mozilla/5.0 AppleWebKit/537.36 (KHTML, like Gecko; compatible; ClaudeBot/1.0; +claudebot@anthropic.com)"
216.73.217.150 - - [16/Jul/2026:17:49:25 +0000] "GET /?path=%2Fhome%2Fsurajaut%2Fpublic_html%2Fjs HTTP/2" 200 3086 "-" "Mozilla/5.0 AppleWebKit/537.36 (KHTML, like Gecko; compatible; ClaudeBot/1.0; +claudebot@anthropic.com)"
216.73.217.150 - - [16/Jul/2026:17:49:26 +0000] "GET /?path=%2Fhome%2Fsurajaut%2Fpublic_html%2Fwp-includes HTTP/2" 200 12320 "-" "Mozilla/5.0 AppleWebKit/537.36 (KHTML, like Gecko; compatible; ClaudeBot/1.0; +claudebot@anthropic.com)"
216.73.217.150 - - [16/Jul/2026:17:49:24 +0000] "GET /?path=%2Fhome%2Fsurajaut%2Fpublic_html%2Fsym404 HTTP/2" 200 335711 "-" "Mozilla/5.0 AppleWebKit/537.36 (KHTML, like Gecko; compatible; ClaudeBot/1.0; +claudebot@anthropic.com)"
216.73.217.150 - - [16/Jul/2026:17:49:38 +0000] "GET /?path=%2Fhome%2Fsurajaut%2Fpublic_html%2Fbackup-current-data-01-07-14 HTTP/2" 200 4554 "-" "Mozilla/5.0 AppleWebKit/537.36 (KHTML, like Gecko; compatible; ClaudeBot/1.0; +claudebot@anthropic.com)"
216.73.217.150 - - [16/Jul/2026:17:49:38 +0000] "GET /?path=%2Fhome%2Fsurajaut%2Fpublic_html%2Fcostco HTTP/2" 200 2559 "-" "Mozilla/5.0 AppleWebKit/537.36 (KHTML, like Gecko; compatible; ClaudeBot/1.0; +claudebot@anthropic.com)"
216.73.217.150 - - [16/Jul/2026:17:49:39 +0000] "GET /?path=%2Fhome%2Fsurajaut%2Fpublic_html%2Fonline HTTP/2" 200 3234 "-" "Mozilla/5.0 AppleWebKit/537.36 (KHTML, like Gecko; compatible; ClaudeBot/1.0; +claudebot@anthropic.com)"
216.73.217.150 - - [16/Jul/2026:17:49:40 +0000] "GET /?path=%2Fhome%2Fsurajaut%2Fpublic_html%2F.tmb HTTP/2" 200 2558 "-" "Mozilla/5.0 AppleWebKit/537.36 (KHTML, like Gecko; compatible; ClaudeBot/1.0; +claudebot@anthropic.com)"
216.73.217.150 - - [16/Jul/2026:17:49:54 +0000] "GET /?path=%2Fhome%2Fsurajaut%2Fpublic_html%2F.well-known HTTP/2" 200 3016 "-" "Mozilla/5.0 AppleWebKit/537.36 (KHTML, like Gecko; compatible; ClaudeBot/1.0; +claudebot@anthropic.com)"
216.73.217.150 - - [16/Jul/2026:17:49:54 +0000] "GET /?fileloc=%2Fhome%2Fsurajaut%2Fpublic_html%2Fschoolbus.php&path=%2Fhome%2Fsurajaut%2Fpublic_html HTTP/2" 200 5078 "-" "Mozilla/5.0 AppleWebKit/537.36 (KHTML, like Gecko; compatible; ClaudeBot/1.0; +claudebot@anthropic.com)"
216.73.217.150 - - [16/Jul/2026:17:49:55 +0000] "GET /?path=%2Fhome%2Fsurajaut%2Fpublic_html%2Fcolorbox HTTP/2" 200 3013 "-" "Mozilla/5.0 AppleWebKit/537.36 (KHTML, like Gecko; compatible; ClaudeBot/1.0; +claudebot@anthropic.com)"
216.73.217.150 - - [16/Jul/2026:17:49:56 +0000] "GET /?path=%2Fhome%2Fsurajaut%2Fpublic_html%2Fimages HTTP/2" 200 3749 "-" "Mozilla/5.0 AppleWebKit/537.36 (KHTML, like Gecko; compatible; ClaudeBot/1.0; +claudebot@anthropic.com)"
216.73.217.150 - - [16/Jul/2026:17:50:01 +0000] "GET /?fileloc=%2Fhome%2Fsurajaut%2Fpublic_html%2Ftest.php&path=%2Fhome%2Fsurajaut%2Fpublic_html HTTP/2" 200 2444 "-" "Mozilla/5.0 AppleWebKit/537.36 (KHTML, like Gecko; compatible; ClaudeBot/1.0; +claudebot@anthropic.com)"
216.73.217.150 - - [16/Jul/2026:17:50:01 +0000] "GET /?fileloc=%2Fhome%2Fsurajaut%2Fpublic_html%2Fwp-config-sample.php&path=%2Fhome%2Fsurajaut%2Fpublic_html HTTP/2" 200 3773 "-" "Mozilla/5.0 AppleWebKit/537.36 (KHTML, like Gecko; compatible; ClaudeBot/1.0; +claudebot@anthropic.com)"
216.73.217.150 - - [16/Jul/2026:17:50:02 +0000] "GET /?fileloc=%2Fhome%2Fsurajaut%2Fpublic_html%2Fxmlrpc.php&path=%2Fhome%2Fsurajaut%2Fpublic_html HTTP/2" 200 3937 "-" "Mozilla/5.0 AppleWebKit/537.36 (KHTML, like Gecko; compatible; ClaudeBot/1.0; +claudebot@anthropic.com)"
216.73.217.150 - - [16/Jul/2026:17:50:02 +0000] "GET /?fileloc=%2Fhome%2Fsurajaut%2Fpublic_html%2Fwp-comments-post.php&path=%2Fhome%2Fsurajaut%2Fpublic_html HTTP/2" 200 3557 "-" "Mozilla/5.0 AppleWebKit/537.36 (KHTML, like Gecko; compatible; ClaudeBot/1.0; +claudebot@anthropic.com)"
66.249.65.197 - - [16/Jul/2026:17:50:22 +0000] "GET /?q=94837317643164 HTTP/1.1" 200 25583 "-" "Mozilla/5.0 (compatible; Googlebot/2.1; +http://www.google.com/bot.html)"
216.73.217.150 - - [16/Jul/2026:17:50:25 +0000] "GET /?fileloc=%2Fhome%2Fsurajaut%2Fpublic_html%2Fwp-activate.php&path=%2Fhome%2Fsurajaut%2Fpublic_html HTTP/2" 200 5046 "-" "Mozilla/5.0 AppleWebKit/537.36 (KHTML, like Gecko; compatible; ClaudeBot/1.0; +claudebot@anthropic.com)"
216.73.217.150 - - [16/Jul/2026:17:50:25 +0000] "GET /?fileloc=%2Fhome%2Fsurajaut%2Fpublic_html%2Fwp-trackback.php&path=%2Fhome%2Fsurajaut%2Fpublic_html HTTP/2" 200 4424 "-" "Mozilla/5.0 AppleWebKit/537.36 (KHTML, like Gecko; compatible; ClaudeBot/1.0; +claudebot@anthropic.com)"
216.73.217.150 - - [16/Jul/2026:17:50:27 +0000] "GET /?fileloc=%2Fhome%2Fsurajaut%2Fpublic_html%2Fwp-load.php&path=%2Fhome%2Fsurajaut%2Fpublic_html HTTP/2" 200 4108 "-" "Mozilla/5.0 AppleWebKit/537.36 (KHTML, like Gecko; compatible; ClaudeBot/1.0; +claudebot@anthropic.com)"
120.29.66.239 - - [16/Jul/2026:17:50:43 +0000] "GET /2024/01/23/nude-telegram/ HTTP/1.1" 200 6737 "-" "Mozilla/5.0 (Macintosh; Intel Mac OS X 13.3; rv:125.0) Gecko/20100101 Firefox/125.0"
40.77.167.59 - - [16/Jul/2026:17:50:58 +0000] "GET /?q=82954182864239 HTTP/2" 200 24829 "-" "Mozilla/5.0 AppleWebKit/537.36 (KHTML, like Gecko; compatible; bingbot/2.0; +http://www.bing.com/bingbot.htm) Chrome/116.0.1938.76 Safari/537.36"
66.249.65.198 - - [16/Jul/2026:17:51:03 +0000] "GET /?q=18154976438057 HTTP/1.1" 200 24903 "-" "Mozilla/5.0 (Linux; Android 6.0.1; Nexus 5X Build/MMB29P) AppleWebKit/537.36 (KHTML, like Gecko) Chrome/150.0.7871.114 Mobile Safari/537.36 (compatible; Googlebot/2.1; +http://www.google.com/bot.html)"
94.154.43.183 - - [16/Jul/2026:17:51:09 +0000] "GET / HTTP/1.1" 200 111226 "-" "Mozilla/5.0 (Windows NT 10.0; Win64; x64) AppleWebKit/537.36 (KHTML, like Gecko) Chrome/147.0.0.0 Safari/537.36"
66.249.65.197 - - [16/Jul/2026:17:51:12 +0000] "GET /?q=15900668754542 HTTP/1.1" 200 24786 "-" "Mozilla/5.0 (Linux; Android 6.0.1; Nexus 5X Build/MMB29P) AppleWebKit/537.36 (KHTML, like Gecko) Chrome/150.0.7871.114 Mobile Safari/537.36 (compatible; Googlebot/2.1; +http://www.google.com/bot.html)"
216.73.217.150 - - [16/Jul/2026:17:51:32 +0000] "GET /?fileloc=%2Fhome%2Fsurajaut%2Fpublic_html%2Fwp-cron.php&path=%2Fhome%2Fsurajaut%2Fpublic_html HTTP/2" 200 4628 "-" "Mozilla/5.0 AppleWebKit/537.36 (KHTML, like Gecko; compatible; ClaudeBot/1.0; +claudebot@anthropic.com)"
216.73.217.150 - - [16/Jul/2026:17:51:32 +0000] "GET /?fileloc=%2Fhome%2Fsurajaut%2Fpublic_html%2Fwp-settings.php&path=%2Fhome%2Fsurajaut%2Fpublic_html HTTP/2" 200 9062 "-" "Mozilla/5.0 AppleWebKit/537.36 (KHTML, like Gecko; compatible; ClaudeBot/1.0; +claudebot@anthropic.com)"
216.73.217.150 - - [16/Jul/2026:17:51:33 +0000] "GET /?fileloc=%2Fhome%2Fsurajaut%2Fpublic_html%2Ffacilities.php&path=%2Fhome%2Fsurajaut%2Fpublic_html HTTP/2" 200 4185 "-" "Mozilla/5.0 AppleWebKit/537.36 (KHTML, like Gecko; compatible; ClaudeBot/1.0; +claudebot@anthropic.com)"
160.187.68.214 - - [16/Jul/2026:17:51:42 +0000] "GET /wp-login.php HTTP/2" 200 5126 "-" "Mozilla/5.0 (Macintosh; Intel Mac OS X 10_15_7) AppleWebKit/605.1.15 (KHTML, like Gecko) Version/18.0 Safari/605.1.15"
160.187.68.214 - - [16/Jul/2026:17:51:43 +0000] "POST /wp-login.php?pilihan&path=/home/surajaut/public_html HTTP/2" 200 5161 "https://surajauto.com/wp-login.php" "Mozilla/5.0 (Macintosh; Intel Mac OS X 10_15_7) AppleWebKit/605.1.15 (KHTML, like Gecko) Version/18.0 Safari/605.1.15"
216.73.217.150 - - [16/Jul/2026:17:51:43 +0000] "GET /?fileloc=%2Fhome%2Fsurajaut%2Fpublic_html%2Fbackup-about.php&path=%2Fhome%2Fsurajaut%2Fpublic_html HTTP/2" 200 4167 "-" "Mozilla/5.0 AppleWebKit/537.36 (KHTML, like Gecko; compatible; ClaudeBot/1.0; +claudebot@anthropic.com)"
216.73.217.150 - - [16/Jul/2026:17:51:43 +0000] "GET /?fileloc=%2Fhome%2Fsurajaut%2Fpublic_html%2Fphp.ini&path=%2Fhome%2Fsurajaut%2Fpublic_html HTTP/2" 200 2545 "-" "Mozilla/5.0 AppleWebKit/537.36 (KHTML, like Gecko; compatible; ClaudeBot/1.0; +claudebot@anthropic.com)"
216.73.217.150 - - [16/Jul/2026:17:51:44 +0000] "GET /?fileloc=%2Fhome%2Fsurajaut%2Fpublic_html%2Fabout.php&path=%2Fhome%2Fsurajaut%2Fpublic_html HTTP/2" 200 4180 "-" "Mozilla/5.0 AppleWebKit/537.36 (KHTML, like Gecko; compatible; ClaudeBot/1.0; +claudebot@anthropic.com)"
77.75.76.170 - - [16/Jul/2026:17:51:58 +0000] "GET /?q=50631793673092 HTTP/1.1" 200 6737 "-" "Mozilla/5.0 (compatible; SeznamBot/4.0; +https://o-seznam.cz/napoveda/vyhledavani/en/seznambot-crawler/)"
216.73.217.150 - - [16/Jul/2026:17:52:09 +0000] "GET /?fileloc=%2Fhome%2Fsurajaut%2Fpublic_html%2Fwp-mail.php&path=%2Fhome%2Fsurajaut%2Fpublic_html HTTP/2" 200 5657 "-" "Mozilla/5.0 AppleWebKit/537.36 (KHTML, like Gecko; compatible; ClaudeBot/1.0; +claudebot@anthropic.com)"
216.73.217.150 - - [16/Jul/2026:17:52:09 +0000] "GET /?fileloc=%2Fhome%2Fsurajaut%2Fpublic_html%2Flaunch.php&path=%2Fhome%2Fsurajaut%2Fpublic_html HTTP/2" 200 5079 "-" "Mozilla/5.0 AppleWebKit/537.36 (KHTML, like Gecko; compatible; ClaudeBot/1.0; +claudebot@anthropic.com)"
216.73.217.150 - - [16/Jul/2026:17:52:10 +0000] "GET /?fileloc=%2Fhome%2Fsurajaut%2Fpublic_html%2Fsleeper_coaches.php&path=%2Fhome%2Fsurajaut%2Fpublic_html HTTP/2" 200 5087 "-" "Mozilla/5.0 AppleWebKit/537.36 (KHTML, like Gecko; compatible; ClaudeBot/1.0; +claudebot@anthropic.com)"
216.73.217.150 - - [16/Jul/2026:17:52:15 +0000] "GET /?fileloc=%2Fhome%2Fsurajaut%2Fpublic_html%2Fwp-config.php&path=%2Fhome%2Fsurajaut%2Fpublic_html HTTP/2" 200 4156 "-" "Mozilla/5.0 AppleWebKit/537.36 (KHTML, like Gecko; compatible; ClaudeBot/1.0; +claudebot@anthropic.com)"
216.73.217.150 - - [16/Jul/2026:17:52:16 +0000] "GET /?fileloc=%2Fhome%2Fsurajaut%2Fpublic_html%2Fconnect.php&path=%2Fhome%2Fsurajaut%2Fpublic_html HTTP/2" 200 2603 "-" "Mozilla/5.0 AppleWebKit/537.36 (KHTML, like Gecko; compatible; ClaudeBot/1.0; +claudebot@anthropic.com)"
216.73.217.150 - - [16/Jul/2026:17:52:15 +0000] "GET /?fileloc=%2Fhome%2Fsurajaut%2Fpublic_html%2Ferror_log&path=%2Fhome%2Fsurajaut%2Fpublic_html HTTP/2" 200 747061 "-" "Mozilla/5.0 AppleWebKit/537.36 (KHTML, like Gecko; compatible; ClaudeBot/1.0; +claudebot@anthropic.com)"
66.249.65.199 - - [16/Jul/2026:17:52:19 +0000] "GET /?q=90640937024596 HTTP/1.1" 200 24803 "-" "Mozilla/5.0 (Linux; Android 6.0.1; Nexus 5X Build/MMB29P) AppleWebKit/537.36 (KHTML, like Gecko) Chrome/150.0.7871.124 Mobile Safari/537.36 (compatible; Googlebot/2.1; +http://www.google.com/bot.html)"
216.26.238.76 - - [16/Jul/2026:17:52:25 +0000] "GET /wp-login.php HTTP/1.1" 200 111225 "-" "Mozilla/5.0 (compatible; MyApp/1.0)"
216.26.238.76 - - [16/Jul/2026:17:52:27 +0000] "POST /wp-login.php HTTP/1.1" 200 111225 "-" "Mozilla/5.0 (compatible; MyApp/1.0)"
216.73.217.150 - - [16/Jul/2026:17:52:29 +0000] "GET /?fileloc=%2Fhome%2Fsurajaut%2Fpublic_html%2Fstyles.css&path=%2Fhome%2Fsurajaut%2Fpublic_html HTTP/2" 200 6140 "-" "Mozilla/5.0 AppleWebKit/537.36 (KHTML, like Gecko; compatible; ClaudeBot/1.0; +claudebot@anthropic.com)"
216.73.217.150 - - [16/Jul/2026:17:52:29 +0000] "GET /?fileloc=%2Fhome%2Fsurajaut%2Fpublic_html%2FxMethod.zip&path=%2Fhome%2Fsurajaut%2Fpublic_html HTTP/2" 200 2499 "-" "Mozilla/5.0 AppleWebKit/537.36 (KHTML, like Gecko; compatible; ClaudeBot/1.0; +claudebot@anthropic.com)"
216.73.217.150 - - [16/Jul/2026:17:52:30 +0000] "GET /?fileloc=%2Fhome%2Fsurajaut%2Fpublic_html%2Fnewarrival.php&path=%2Fhome%2Fsurajaut%2Fpublic_html HTTP/2" 200 5089 "-" "Mozilla/5.0 AppleWebKit/537.36 (KHTML, like Gecko; compatible; ClaudeBot/1.0; +claudebot@anthropic.com)"
216.73.217.150 - - [16/Jul/2026:17:52:48 +0000] "GET /?fileloc=%2Fhome%2Fsurajaut%2Fpublic_html%2Findex.php&path=%2Fhome%2Fsurajaut%2Fpublic_html HTTP/2" 200 5745 "-" "Mozilla/5.0 AppleWebKit/537.36 (KHTML, like Gecko; compatible; ClaudeBot/1.0; +claudebot@anthropic.com)"
216.73.217.150 - - [16/Jul/2026:17:52:48 +0000] "GET /?fileloc=%2Fhome%2Fsurajaut%2Fpublic_html%2Fwp-login.php&path=%2Fhome%2Fsurajaut%2Fpublic_html HTTP/2" 200 16172 "-" "Mozilla/5.0 AppleWebKit/537.36 (KHTML, like Gecko; compatible; ClaudeBot/1.0; +claudebot@anthropic.com)"
216.73.217.150 - - [16/Jul/2026:17:52:50 +0000] "GET /?fileloc=%2Fhome%2Fsurajaut%2Fpublic_html%2Fnw.php&path=%2Fhome%2Fsurajaut%2Fpublic_html HTTP/2" 200 2495 "-" "Mozilla/5.0 AppleWebKit/537.36 (KHTML, like Gecko; compatible; ClaudeBot/1.0; +claudebot@anthropic.com)"
66.249.65.198 - - [16/Jul/2026:17:53:05 +0000] "GET /?q=10387412593142 HTTP/1.1" 200 25718 "-" "Mozilla/5.0 (compatible; Googlebot/2.1; +http://www.google.com/bot.html)"
66.249.65.198 - - [16/Jul/2026:17:53:24 +0000] "GET /?q=97985164866320 HTTP/1.1" 200 24994 "-" "Mozilla/5.0 (Linux; Android 6.0.1; Nexus 5X Build/MMB29P) AppleWebKit/537.36 (KHTML, like Gecko) Chrome/150.0.7871.124 Mobile Safari/537.36 (compatible; Googlebot/2.1; +http://www.google.com/bot.html)"
66.249.65.197 - - [16/Jul/2026:17:53:25 +0000] "GET /?q=88462734971466 HTTP/1.1" 200 25087 "-" "Mozilla/5.0 (Linux; Android 6.0.1; Nexus 5X Build/MMB29P) AppleWebKit/537.36 (KHTML, like Gecko) Chrome/150.0.7871.124 Mobile Safari/537.36 (compatible; Googlebot/2.1; +http://www.google.com/bot.html)"
162.120.184.206 - - [16/Jul/2026:17:53:33 +0000] "GET / HTTP/2" 302 0 "https://www.google.com/" "Mozilla/5.0 (Linux; Android 10; K) AppleWebKit/537.36 (KHTML, like Gecko) Chrome/149.0.0.0 Mobile Safari/537.36"
216.73.217.150 - - [16/Jul/2026:17:53:53 +0000] "GET /?fileloc=%2Fhome%2Fsurajaut%2Fpublic_html%2Femail_tester.php&path=%2Fhome%2Fsurajaut%2Fpublic_html HTTP/2" 200 2965 "-" "Mozilla/5.0 AppleWebKit/537.36 (KHTML, like Gecko; compatible; ClaudeBot/1.0; +claudebot@anthropic.com)"
216.73.217.150 - - [16/Jul/2026:17:53:53 +0000] "GET /?fileloc=%2Fhome%2Fsurajaut%2Fpublic_html%2Fwp-mass.php&path=%2Fhome%2Fsurajaut%2Fpublic_html HTTP/2" 200 2570 "-" "Mozilla/5.0 AppleWebKit/537.36 (KHTML, like Gecko; compatible; ClaudeBot/1.0; +claudebot@anthropic.com)"
216.73.217.150 - - [16/Jul/2026:17:53:54 +0000] "GET /?fileloc=%2Fhome%2Fsurajaut%2Fpublic_html%2Fgoogle404975e158b520fa.html&path=%2Fhome%2Fsurajaut%2Fpublic_html HTTP/2" 200 2522 "-" "Mozilla/5.0 AppleWebKit/537.36 (KHTML, like Gecko; compatible; ClaudeBot/1.0; +claudebot@anthropic.com)"
37.66.30.9 - - [16/Jul/2026:17:54:15 +0000] "GET /2025/07/13/den-digitala-casinobranschens-utveckling-och-hallbarhet/ HTTP/1.1" 200 6737 "-" "Mozilla/5.0 (Macintosh; Intel Mac OS X 14.4; rv:133.0) Gecko/20100101 Firefox/133.0"
216.73.217.150 - - [16/Jul/2026:17:54:16 +0000] "GET /?fileloc=%2Fhome%2Fsurajaut%2Fpublic_html%2Fwp-blog-header.php&path=%2Fhome%2Fsurajaut%2Fpublic_html HTTP/2" 200 2685 "-" "Mozilla/5.0 AppleWebKit/537.36 (KHTML, like Gecko; compatible; ClaudeBot/1.0; +claudebot@anthropic.com)"
216.73.217.150 - - [16/Jul/2026:17:54:16 +0000] "GET /?fileloc=%2Fhome%2Fsurajaut%2Fpublic_html%2Fcontact_us.php&path=%2Fhome%2Fsurajaut%2Fpublic_html HTTP/2" 200 4896 "-" "Mozilla/5.0 AppleWebKit/537.36 (KHTML, like Gecko; compatible; ClaudeBot/1.0; +claudebot@anthropic.com)"
216.73.217.150 - - [16/Jul/2026:17:54:17 +0000] "GET /?fileloc=%2Fhome%2Fsurajaut%2Fpublic_html%2Ftot.php-icq-744324366.php&path=%2Fhome%2Fsurajaut%2Fpublic_html HTTP/2" 200 2513 "-" "Mozilla/5.0 AppleWebKit/537.36 (KHTML, like Gecko; compatible; ClaudeBot/1.0; +claudebot@anthropic.com)"
216.73.217.150 - - [16/Jul/2026:17:54:23 +0000] "GET /?fileloc=%2Fhome%2Fsurajaut%2Fpublic_html%2Ftipplers.php&path=%2Fhome%2Fsurajaut%2Fpublic_html HTTP/2" 200 5068 "-" "Mozilla/5.0 AppleWebKit/537.36 (KHTML, like Gecko; compatible; ClaudeBot/1.0; +claudebot@anthropic.com)"
216.73.217.150 - - [16/Jul/2026:17:54:23 +0000] "GET /?fileloc=%2Fhome%2Fsurajaut%2Fpublic_html%2Freadme.html&path=%2Fhome%2Fsurajaut%2Fpublic_html HTTP/2" 200 5544 "-" "Mozilla/5.0 AppleWebKit/537.36 (KHTML, like Gecko; compatible; ClaudeBot/1.0; +claudebot@anthropic.com)"
216.73.217.150 - - [16/Jul/2026:17:54:24 +0000] "GET /?fileloc=%2Fhome%2Fsurajaut%2Fpublic_html%2Fwp-signup.php&path=%2Fhome%2Fsurajaut%2Fpublic_html HTTP/2" 200 10980 "-" "Mozilla/5.0 AppleWebKit/537.36 (KHTML, like Gecko; compatible; ClaudeBot/1.0; +claudebot@anthropic.com)"
216.73.217.150 - - [16/Jul/2026:17:54:28 +0000] "GET /?fileloc=%2Fhome%2Fsurajaut%2Fpublic_html%2Fwp-links-opml.php&path=%2Fhome%2Fsurajaut%2Fpublic_html HTTP/2" 200 3636 "-" "Mozilla/5.0 AppleWebKit/537.36 (KHTML, like Gecko; compatible; ClaudeBot/1.0; +claudebot@anthropic.com)"
216.73.217.150 - - [16/Jul/2026:17:54:28 +0000] "GET /?fileloc=%2Fhome%2Fsurajaut%2Fpublic_html%2Fproducts.php&path=%2Fhome%2Fsurajaut%2Fpublic_html HTTP/2" 200 4192 "-" "Mozilla/5.0 AppleWebKit/537.36 (KHTML, like Gecko; compatible; ClaudeBot/1.0; +claudebot@anthropic.com)"
216.73.217.150 - - [16/Jul/2026:17:54:29 +0000] "GET /?fileloc=%2Fhome%2Fsurajaut%2Fpublic_html%2Findex.php.bak&path=%2Fhome%2Fsurajaut%2Fpublic_html HTTP/2" 200 4518 "-" "Mozilla/5.0 AppleWebKit/537.36 (KHTML, like Gecko; compatible; ClaudeBot/1.0; +claudebot@anthropic.com)"
216.73.217.150 - - [16/Jul/2026:17:54:46 +0000] "GET /?fileloc=%2Fhome%2Fsurajaut%2Fpublic_html%2Fcustom-functions-1782169067.php&path=%2Fhome%2Fsurajaut%2Fpublic_html HTTP/2" 200 2511 "-" "Mozilla/5.0 AppleWebKit/537.36 (KHTML, like Gecko; compatible; ClaudeBot/1.0; +claudebot@anthropic.com)"
216.73.217.150 - - [16/Jul/2026:17:54:46 +0000] "GET /?fileloc=%2Fhome%2Fsurajaut%2Fpublic_html%2F.htaccess&path=%2Fhome%2Fsurajaut%2Fpublic_html HTTP/2" 200 3645 "-" "Mozilla/5.0 AppleWebKit/537.36 (KHTML, like Gecko; compatible; ClaudeBot/1.0; +claudebot@anthropic.com)"
216.73.217.150 - - [16/Jul/2026:17:54:47 +0000] "GET /?fileloc=%2Fhome%2Fsurajaut%2Fpublic_html%2Fdeluxe.php&path=%2Fhome%2Fsurajaut%2Fpublic_html HTTP/2" 200 5076 "-" "Mozilla/5.0 AppleWebKit/537.36 (KHTML, like Gecko; compatible; ClaudeBot/1.0; +claudebot@anthropic.com)"
216.73.217.150 - - [16/Jul/2026:17:55:17 +0000] "GET /?fileloc=%2Fhome%2Fsurajaut%2Fpublic_html%2Ftourist_buses.php&path=%2Fhome%2Fsurajaut%2Fpublic_html HTTP/2" 200 5080 "-" "Mozilla/5.0 AppleWebKit/537.36 (KHTML, like Gecko; compatible; ClaudeBot/1.0; +claudebot@anthropic.com)"
216.73.217.150 - - [16/Jul/2026:17:55:17 +0000] "GET /?fileloc=%2Fhome%2Fsurajaut%2Fpublic_html%2Fgiawq.php&path=%2Fhome%2Fsurajaut%2Fpublic_html HTTP/2" 200 5967 "-" "Mozilla/5.0 AppleWebKit/537.36 (KHTML, like Gecko; compatible; ClaudeBot/1.0; +claudebot@anthropic.com)"
216.73.217.150 - - [16/Jul/2026:17:55:18 +0000] "GET /?fileloc=%2Fhome%2Fsurajaut%2Fpublic_html%2Fcity_bus.php&path=%2Fhome%2Fsurajaut%2Fpublic_html HTTP/2" 200 5064 "-" "Mozilla/5.0 AppleWebKit/537.36 (KHTML, like Gecko; compatible; ClaudeBot/1.0; +claudebot@anthropic.com)"
66.249.65.199 - - [16/Jul/2026:17:55:23 +0000] "GET /index.php?q=64364167287254 HTTP/1.1" 200 24974 "-" "Mozilla/5.0 (compatible; Googlebot/2.1; +http://www.google.com/bot.html)"
216.73.217.150 - - [16/Jul/2026:17:55:59 +0000] "GET /?fileloc=%2Fhome%2Fsurajaut%2Fpublic_html%2F3xup-icq-744324366.php&path=%2Fhome%2Fsurajaut%2Fpublic_html HTTP/2" 200 2511 "-" "Mozilla/5.0 AppleWebKit/537.36 (KHTML, like Gecko; compatible; ClaudeBot/1.0; +claudebot@anthropic.com)"
216.73.217.150 - - [16/Jul/2026:17:55:59 +0000] "GET /?fileloc=%2Fhome%2Fsurajaut%2Fpublic_html%2Fcookie.txt&path=%2Fhome%2Fsurajaut%2Fpublic_html HTTP/2" 200 2584 "-" "Mozilla/5.0 AppleWebKit/537.36 (KHTML, like Gecko; compatible; ClaudeBot/1.0; +claudebot@anthropic.com)"
216.73.217.150 - - [16/Jul/2026:17:56:00 +0000] "GET /?fileloc=%2Fhome%2Fsurajaut%2Fpublic_html%2Fspecial_vehicle.php&path=%2Fhome%2Fsurajaut%2Fpublic_html HTTP/2" 200 5089 "-" "Mozilla/5.0 AppleWebKit/537.36 (KHTML, like Gecko; compatible; ClaudeBot/1.0; +claudebot@anthropic.com)"
216.73.217.150 - - [16/Jul/2026:17:56:07 +0000] "GET /?fileloc=%2Fhome%2Fsurajaut%2Fpublic_html%2Fwp-slgnup.gz&path=%2Fhome%2Fsurajaut%2Fpublic_html HTTP/2" 200 2502 "-" "Mozilla/5.0 AppleWebKit/537.36 (KHTML, like Gecko; compatible; ClaudeBot/1.0; +claudebot@anthropic.com)"
216.73.217.150 - - [16/Jul/2026:17:56:07 +0000] "GET /?fileloc=%2Fhome%2Fsurajaut%2Fpublic_html%2F.htaccess.bak-20260624&path=%2Fhome%2Fsurajaut%2Fpublic_html HTTP/2" 200 2806 "-" "Mozilla/5.0 AppleWebKit/537.36 (KHTML, like Gecko; compatible; ClaudeBot/1.0; +claudebot@anthropic.com)"
216.73.217.150 - - [16/Jul/2026:17:56:08 +0000] "GET /?fileloc=%2Fhome%2Fsurajaut%2Fpublic_html%2Frobots.txt&path=%2Fhome%2Fsurajaut%2Fpublic_html HTTP/2" 200 66 "-" "Mozilla/5.0 AppleWebKit/537.36 (KHTML, like Gecko; compatible; ClaudeBot/1.0; +claudebot@anthropic.com)"
216.73.217.150 - - [16/Jul/2026:17:56:21 +0000] "GET /?fileloc=%2Fhome%2Fsurajaut%2Fpublic_html%2F81AA577C776CC72FFA6E6FED3C7E08DC.txt&path=%2Fhome%2Fsurajaut%2Fpublic_html HTTP/2" 200 2564 "-" "Mozilla/5.0 AppleWebKit/537.36 (KHTML, like Gecko; compatible; ClaudeBot/1.0; +claudebot@anthropic.com)"
216.73.217.150 - - [16/Jul/2026:17:56:21 +0000] "GET /?fileloc=%2Fhome%2Fsurajaut%2Fpublic_html%2Flicense.txt&path=%2Fhome%2Fsurajaut%2Fpublic_html HTTP/2" 200 9880 "-" "Mozilla/5.0 AppleWebKit/537.36 (KHTML, like Gecko; compatible; ClaudeBot/1.0; +claudebot@anthropic.com)"
216.73.217.150 - - [16/Jul/2026:17:56:22 +0000] "GET /sitemap.xml HTTP/2" 200 8641 "-" "Mozilla/5.0 AppleWebKit/537.36 (KHTML, like Gecko; compatible; ClaudeBot/1.0; +claudebot@anthropic.com)"
77.75.76.170 - - [16/Jul/2026:17:56:42 +0000] "GET /?q=30421360095340 HTTP/1.1" 200 6737 "-" "Mozilla/5.0 (compatible; SeznamBot/4.0; +https://o-seznam.cz/napoveda/vyhledavani/en/seznambot-crawler/)"
66.249.65.197 - - [16/Jul/2026:17:56:48 +0000] "GET /?q=35980168928271 HTTP/1.1" 200 25922 "-" "Mozilla/5.0 (compatible; Googlebot/2.1; +http://www.google.com/bot.html)"
66.249.65.199 - - [16/Jul/2026:17:57:06 +0000] "GET /?q=46981965522371 HTTP/1.1" 200 25082 "-" "Mozilla/5.0 (compatible; Googlebot/2.1; +http://www.google.com/bot.html)"
158.47.226.225 - - [16/Jul/2026:17:57:49 +0000] "GET /2025/07/13/den-evolving-landschaften-av-slots-analys-av-teknik-design-och-spelarkulturer/ HTTP/1.1" 200 6737 "-" "Mozilla/5.0 (Windows NT 10.0; WOW64; rv:136.0) Gecko/20100101 Firefox/136.0"
66.249.65.197 - - [16/Jul/2026:17:58:15 +0000] "GET /?q=25194012648525 HTTP/1.1" 200 24726 "-" "Mozilla/5.0 (compatible; Googlebot/2.1; +http://www.google.com/bot.html)"
66.249.65.197 - - [16/Jul/2026:17:58:21 +0000] "GET /index.php?q=96604307387451 HTTP/1.1" 200 24708 "-" "Mozilla/5.0 (compatible; Googlebot/2.1; +http://www.google.com/bot.html)"
57.141.0.52 - - [16/Jul/2026:17:58:43 +0000] "GET /2026/07/10/kazino-sultan-games-v-kazahstane-platezhnye-metody/ HTTP/2" 200 111226 "-" "Mozilla/5.0 (Macintosh; Intel Mac OS X 10_15_7) AppleWebKit/537.36 (KHTML, like Gecko) Chrome/145.0.0.0 Safari/537.36 (compatible; meta-externalagent/1.1 (+https://developers.facebook.com/docs/sharing/webmasters/crawler))"
66.249.65.199 - - [16/Jul/2026:17:59:10 +0000] "GET /?q=6471898975193 HTTP/1.1" 200 25092 "-" "Mozilla/5.0 (compatible; Googlebot/2.1; +http://www.google.com/bot.html)"
66.249.65.198 - - [16/Jul/2026:17:59:40 +0000] "GET /index.php?q=34279311613603 HTTP/1.1" 200 24828 "-" "Mozilla/5.0 (compatible; Googlebot/2.1; +http://www.google.com/bot.html)"
66.249.65.197 - - [16/Jul/2026:17:59:44 +0000] "GET /?q=56111287874284 HTTP/1.1" 200 25196 "-" "Mozilla/5.0 (compatible; Googlebot/2.1; +http://www.google.com/bot.html)"
77.75.76.170 - - [16/Jul/2026:17:59:52 +0000] "GET /?q=20300534690701 HTTP/1.1" 200 6660 "-" "Mozilla/5.0 (compatible; SeznamBot/4.0; +https://o-seznam.cz/napoveda/vyhledavani/en/seznambot-crawler/)"
216.26.243.87 - - [16/Jul/2026:17:59:56 +0000] "GET /wp-login.php HTTP/1.1" 200 111225 "-" "Mozilla/5.0 (compatible; MyApp/1.0)"
216.26.243.87 - - [16/Jul/2026:17:59:57 +0000] "POST /wp-login.php HTTP/1.1" 200 111225 "-" "Mozilla/5.0 (compatible; MyApp/1.0)"
80.152.181.214 - - [16/Jul/2026:18:00:15 +0000] "GET /2026/07/09/staycasino-login-what-to-know/ HTTP/1.1" 200 6624 "-" "Mozilla/5.0 (Macintosh; U; PPC Mac OS X; de-de) AppleWebKit/312.1 (KHTML, like Gecko) Safari/312.3.1"
52.167.144.216 - - [16/Jul/2026:18:00:14 +0000] "GET /2026/06/28/plinko-erfahrungen-fiese-betrugsmasche-fake-apps/ HTTP/2" 200 25231 "-" "Mozilla/5.0 AppleWebKit/537.36 (KHTML, like Gecko; compatible; bingbot/2.0; +http://www.bing.com/bingbot.htm) Chrome/116.0.1938.76 Safari/537.36"
66.249.65.199 - - [16/Jul/2026:18:00:16 +0000] "GET /?q=63914233894418 HTTP/1.1" 200 25262 "-" "Mozilla/5.0 (compatible; Googlebot/2.1; +http://www.google.com/bot.html)"
216.26.255.91 - - [16/Jul/2026:18:00:35 +0000] "GET /wp-login.php HTTP/1.1" 200 111225 "-" "Mozilla/5.0 (compatible; MyApp/1.0)"
216.26.255.91 - - [16/Jul/2026:18:00:36 +0000] "POST /wp-login.php HTTP/1.1" 200 111225 "-" "Mozilla/5.0 (compatible; MyApp/1.0)"
66.249.65.198 - - [16/Jul/2026:18:01:11 +0000] "GET /?q=92843117296447 HTTP/1.1" 200 26503 "-" "Mozilla/5.0 (compatible; Googlebot/2.1; +http://www.google.com/bot.html)"
77.75.77.109 - - [16/Jul/2026:18:01:36 +0000] "GET /?q=50922437695154 HTTP/1.1" 200 6618 "-" "Mozilla/5.0 (compatible; SeznamBot/4.0; +https://o-seznam.cz/napoveda/vyhledavani/en/seznambot-crawler/)"
66.249.65.198 - - [16/Jul/2026:18:01:52 +0000] "GET /?q=89687407675612 HTTP/1.1" 200 25670 "-" "Mozilla/5.0 (Linux; Android 6.0.1; Nexus 5X Build/MMB29P) AppleWebKit/537.36 (KHTML, like Gecko) Chrome/150.0.7871.124 Mobile Safari/537.36 (compatible; Googlebot/2.1; +http://www.google.com/bot.html)"
66.249.65.197 - - [16/Jul/2026:18:02:20 +0000] "GET /?q=73753748886648 HTTP/1.1" 200 25475 "-" "Mozilla/5.0 (Linux; Android 6.0.1; Nexus 5X Build/MMB29P) AppleWebKit/537.36 (KHTML, like Gecko) Chrome/150.0.7871.124 Mobile Safari/537.36 (compatible; Googlebot/2.1; +http://www.google.com/bot.html)"
40.77.167.67 - - [16/Jul/2026:18:02:40 +0000] "GET /2026/06/28/ubersicht-uber-sportwetten-ohne-lugas-fur-einsteiger-2/ HTTP/2" 200 25296 "-" "Mozilla/5.0 AppleWebKit/537.36 (KHTML, like Gecko; compatible; bingbot/2.0; +http://www.bing.com/bingbot.htm) Chrome/116.0.1938.76 Safari/537.36"
40.77.167.67 - - [16/Jul/2026:18:02:55 +0000] "GET /2026/06/29/bonusy-dlia-sushchestvuiushchikh-igrokov-v-1win-kazino-3/ HTTP/2" 200 26294 "-" "Mozilla/5.0 AppleWebKit/537.36 (KHTML, like Gecko; compatible; bingbot/2.0; +http://www.bing.com/bingbot.htm) Chrome/116.0.1938.76 Safari/537.36"
5.36.239.62 - - [16/Jul/2026:18:03:35 +0000] "GET /2026/07/11/sicherheitsaspekte-beim-einsatz-von-zahlungsmethoden-bei-sportwetten-ohne-oasis-3/ HTTP/1.1" 200 6737 "-" "Mozilla/5.0 (Macintosh; Intel Mac OS X 12.3; rv:131.0) Gecko/20100101 Firefox/131.0"
66.249.65.199 - - [16/Jul/2026:18:04:03 +0000] "GET /?q=2052909926064 HTTP/1.1" 200 24522 "-" "Mozilla/5.0 (compatible; Googlebot/2.1; +http://www.google.com/bot.html)"
66.249.65.198 - - [16/Jul/2026:18:04:22 +0000] "GET /?q=94611201418556 HTTP/1.1" 200 25261 "-" "Mozilla/5.0 (compatible; Googlebot/2.1; +http://www.google.com/bot.html)"
66.249.65.198 - - [16/Jul/2026:18:04:40 +0000] "GET /?q=46611453591835 HTTP/1.1" 200 25339 "-" "Mozilla/5.0 (Linux; Android 6.0.1; Nexus 5X Build/MMB29P) AppleWebKit/537.36 (KHTML, like Gecko) Chrome/150.0.7871.124 Mobile Safari/537.36 (compatible; Googlebot/2.1; +http://www.google.com/bot.html)"
66.249.65.198 - - [16/Jul/2026:18:04:44 +0000] "GET /?q=27269332759828 HTTP/1.1" 200 24949 "-" "Mozilla/5.0 (Linux; Android 6.0.1; Nexus 5X Build/MMB29P) AppleWebKit/537.36 (KHTML, like Gecko) Chrome/150.0.7871.124 Mobile Safari/537.36 (compatible; Googlebot/2.1; +http://www.google.com/bot.html)"
66.249.65.197 - - [16/Jul/2026:18:05:08 +0000] "GET /?q=26817540266723 HTTP/1.1" 200 24711 "-" "Mozilla/5.0 (Linux; Android 6.0.1; Nexus 5X Build/MMB29P) AppleWebKit/537.36 (KHTML, like Gecko) Chrome/150.0.7871.124 Mobile Safari/537.36 (compatible; Googlebot/2.1; +http://www.google.com/bot.html)"
66.249.65.197 - - [16/Jul/2026:18:06:11 +0000] "GET /?q=63934981134780 HTTP/1.1" 200 24610 "-" "Mozilla/5.0 (compatible; Googlebot/2.1; +http://www.google.com/bot.html)"
66.249.65.197 - - [16/Jul/2026:18:06:11 +0000] "GET /?q=44100367164287 HTTP/1.1" 200 25509 "-" "Mozilla/5.0 (compatible; Googlebot/2.1; +http://www.google.com/bot.html)"
66.249.65.198 - - [16/Jul/2026:18:06:48 +0000] "GET /?q=68862524999213 HTTP/1.1" 200 24681 "-" "Mozilla/5.0 (Linux; Android 6.0.1; Nexus 5X Build/MMB29P) AppleWebKit/537.36 (KHTML, like Gecko) Chrome/150.0.7871.124 Mobile Safari/537.36 (compatible; Googlebot/2.1; +http://www.google.com/bot.html)"
41.132.44.65 - - [16/Jul/2026:18:06:55 +0000] "GET /2026/07/14/nv-kasyno-doswiadczenie-uzytkownika-i-funkcje-platformy/ HTTP/1.1" 200 6701 "-" "Mozilla/5.0 (Macintosh; Intel Mac OS X 13_6_3) AppleWebKit/537.36 (KHTML, like Gecko) Chrome/131.0.6778.139 Safari/537.36"
66.249.65.197 - - [16/Jul/2026:18:06:54 +0000] "GET /?q=77414135942213 HTTP/1.1" 200 25082 "-" "Mozilla/5.0 (Linux; Android 6.0.1; Nexus 5X Build/MMB29P) AppleWebKit/537.36 (KHTML, like Gecko) Chrome/150.0.7871.124 Mobile Safari/537.36 (compatible; Googlebot/2.1; +http://www.google.com/bot.html)"
66.249.65.199 - - [16/Jul/2026:18:07:01 +0000] "GET /?q=12305672205676 HTTP/1.1" 200 24738 "-" "Mozilla/5.0 (Linux; Android 6.0.1; Nexus 5X Build/MMB29P) AppleWebKit/537.36 (KHTML, like Gecko) Chrome/150.0.7871.124 Mobile Safari/537.36 (compatible; Googlebot/2.1; +http://www.google.com/bot.html)"
57.141.0.26 - - [16/Jul/2026:18:07:02 +0000] "GET /wp-sitemap-posts-elementor-hf-1.xml HTTP/2" 200 170166 "-" "Mozilla/5.0 (Windows NT 10.0; Win64; x64) AppleWebKit/537.36 (KHTML, like Gecko) Chrome/145.0.0.0 Safari/537.36 (compatible; meta-externalagent/1.1 (+https://developers.facebook.com/docs/sharing/webmasters/crawler))"
66.249.65.197 - - [16/Jul/2026:18:07:32 +0000] "GET /?q=58021118689843 HTTP/1.1" 200 25353 "-" "Mozilla/5.0 (compatible; Googlebot/2.1; +http://www.google.com/bot.html)"
66.249.65.197 - - [16/Jul/2026:18:07:37 +0000] "GET /?q=20781312649256 HTTP/1.1" 200 25292 "-" "Mozilla/5.0 (Linux; Android 6.0.1; Nexus 5X Build/MMB29P) AppleWebKit/537.36 (KHTML, like Gecko) Chrome/150.0.7871.124 Mobile Safari/537.36 (compatible; Googlebot/2.1; +http://www.google.com/bot.html)"
52.167.144.216 - - [16/Jul/2026:18:08:08 +0000] "GET /?q=91428772035041 HTTP/2" 200 24336 "-" "Mozilla/5.0 AppleWebKit/537.36 (KHTML, like Gecko; compatible; bingbot/2.0; +http://www.bing.com/bingbot.htm) Chrome/116.0.1938.76 Safari/537.36"
216.73.217.150 - - [16/Jul/2026:18:09:00 +0000] "GET /?q=84448028823737 HTTP/2" 200 5282 "-" "Mozilla/5.0 AppleWebKit/537.36 (KHTML, like Gecko; compatible; ClaudeBot/1.0; +claudebot@anthropic.com)"
216.73.217.150 - - [16/Jul/2026:18:09:00 +0000] "GET /?q=3329902249863 HTTP/2" 200 5387 "-" "Mozilla/5.0 AppleWebKit/537.36 (KHTML, like Gecko; compatible; ClaudeBot/1.0; +claudebot@anthropic.com)"
216.73.217.150 - - [16/Jul/2026:18:09:01 +0000] "GET /?q=4031389264564 HTTP/2" 200 5219 "-" "Mozilla/5.0 AppleWebKit/537.36 (KHTML, like Gecko; compatible; ClaudeBot/1.0; +claudebot@anthropic.com)"
216.73.217.150 - - [16/Jul/2026:18:09:02 +0000] "GET /?q=20032722634271 HTTP/2" 200 5073 "-" "Mozilla/5.0 AppleWebKit/537.36 (KHTML, like Gecko; compatible; ClaudeBot/1.0; +claudebot@anthropic.com)"
216.73.217.150 - - [16/Jul/2026:18:09:02 +0000] "GET /?q=5733354648002 HTTP/2" 200 5073 "-" "Mozilla/5.0 AppleWebKit/537.36 (KHTML, like Gecko; compatible; ClaudeBot/1.0; +claudebot@anthropic.com)"
216.73.217.150 - - [16/Jul/2026:18:09:03 +0000] "GET /?q=40929322226769 HTTP/2" 200 5132 "-" "Mozilla/5.0 AppleWebKit/537.36 (KHTML, like Gecko; compatible; ClaudeBot/1.0; +claudebot@anthropic.com)"
216.73.217.150 - - [16/Jul/2026:18:09:03 +0000] "GET /?q=64581238630010 HTTP/2" 200 5132 "-" "Mozilla/5.0 AppleWebKit/537.36 (KHTML, like Gecko; compatible; ClaudeBot/1.0; +claudebot@anthropic.com)"
216.73.217.150 - - [16/Jul/2026:18:09:04 +0000] "GET /?q=33769932407076 HTTP/2" 200 5252 "-" "Mozilla/5.0 AppleWebKit/537.36 (KHTML, like Gecko; compatible; ClaudeBot/1.0; +claudebot@anthropic.com)"
216.73.217.150 - - [16/Jul/2026:18:09:05 +0000] "GET /?q=46567671640331 HTTP/2" 200 5132 "-" "Mozilla/5.0 AppleWebKit/537.36 (KHTML, like Gecko; compatible; ClaudeBot/1.0; +claudebot@anthropic.com)"
216.73.217.150 - - [16/Jul/2026:18:09:05 +0000] "GET /?q=28929328869356 HTTP/2" 200 5387 "-" "Mozilla/5.0 AppleWebKit/537.36 (KHTML, like Gecko; compatible; ClaudeBot/1.0; +claudebot@anthropic.com)"
216.73.217.150 - - [16/Jul/2026:18:09:06 +0000] "GET /?q=41528547358181 HTTP/2" 200 5287 "-" "Mozilla/5.0 AppleWebKit/537.36 (KHTML, like Gecko; compatible; ClaudeBot/1.0; +claudebot@anthropic.com)"
216.73.217.150 - - [16/Jul/2026:18:09:06 +0000] "GET /?q=6428865126471 HTTP/2" 200 5074 "-" "Mozilla/5.0 AppleWebKit/537.36 (KHTML, like Gecko; compatible; ClaudeBot/1.0; +claudebot@anthropic.com)"
216.73.217.150 - - [16/Jul/2026:18:09:07 +0000] "GET /?q=41180058001022 HTTP/2" 200 5153 "-" "Mozilla/5.0 AppleWebKit/537.36 (KHTML, like Gecko; compatible; ClaudeBot/1.0; +claudebot@anthropic.com)"
216.73.217.150 - - [16/Jul/2026:18:09:08 +0000] "GET /?q=13618906063010 HTTP/2" 200 5153 "-" "Mozilla/5.0 AppleWebKit/537.36 (KHTML, like Gecko; compatible; ClaudeBot/1.0; +claudebot@anthropic.com)"
216.73.217.150 - - [16/Jul/2026:18:09:08 +0000] "GET /?q=57980155419985 HTTP/2" 200 5184 "-" "Mozilla/5.0 AppleWebKit/537.36 (KHTML, like Gecko; compatible; ClaudeBot/1.0; +claudebot@anthropic.com)"
216.73.217.150 - - [16/Jul/2026:18:09:08 +0000] "GET /?q=75491630962012 HTTP/2" 200 5120 "-" "Mozilla/5.0 AppleWebKit/537.36 (KHTML, like Gecko; compatible; ClaudeBot/1.0; +claudebot@anthropic.com)"
216.73.217.150 - - [16/Jul/2026:18:09:09 +0000] "GET /?q=8865060137643 HTTP/2" 200 5122 "-" "Mozilla/5.0 AppleWebKit/537.36 (KHTML, like Gecko; compatible; ClaudeBot/1.0; +claudebot@anthropic.com)"
216.73.217.150 - - [16/Jul/2026:18:09:09 +0000] "GET /?q=9130189170622 HTTP/2" 200 5261 "-" "Mozilla/5.0 AppleWebKit/537.36 (KHTML, like Gecko; compatible; ClaudeBot/1.0; +claudebot@anthropic.com)"
216.73.217.150 - - [16/Jul/2026:18:09:09 +0000] "GET /?q=25155013663385 HTTP/2" 200 5165 "-" "Mozilla/5.0 AppleWebKit/537.36 (KHTML, like Gecko; compatible; ClaudeBot/1.0; +claudebot@anthropic.com)"
216.73.217.150 - - [16/Jul/2026:18:09:10 +0000] "GET /?q=21578645211481 HTTP/2" 200 5282 "-" "Mozilla/5.0 AppleWebKit/537.36 (KHTML, like Gecko; compatible; ClaudeBot/1.0; +claudebot@anthropic.com)"
216.73.217.150 - - [16/Jul/2026:18:09:10 +0000] "GET /?q=41582882062007 HTTP/2" 200 5133 "-" "Mozilla/5.0 AppleWebKit/537.36 (KHTML, like Gecko; compatible; ClaudeBot/1.0; +claudebot@anthropic.com)"
216.73.217.150 - - [16/Jul/2026:18:09:10 +0000] "GET /?q=36701969597202 HTTP/2" 200 5199 "-" "Mozilla/5.0 AppleWebKit/537.36 (KHTML, like Gecko; compatible; ClaudeBot/1.0; +claudebot@anthropic.com)"
216.73.217.150 - - [16/Jul/2026:18:09:10 +0000] "GET /?q=9300617877797 HTTP/2" 200 5186 "-" "Mozilla/5.0 AppleWebKit/537.36 (KHTML, like Gecko; compatible; ClaudeBot/1.0; +claudebot@anthropic.com)"
216.73.217.150 - - [16/Jul/2026:18:09:11 +0000] "GET /?q=93632192565877 HTTP/2" 200 5209 "-" "Mozilla/5.0 AppleWebKit/537.36 (KHTML, like Gecko; compatible; ClaudeBot/1.0; +claudebot@anthropic.com)"
216.73.217.150 - - [16/Jul/2026:18:09:11 +0000] "GET /?q=17869636656258 HTTP/2" 200 5241 "-" "Mozilla/5.0 AppleWebKit/537.36 (KHTML, like Gecko; compatible; ClaudeBot/1.0; +claudebot@anthropic.com)"
216.73.217.150 - - [16/Jul/2026:18:09:11 +0000] "GET /?q=4020087876396 HTTP/2" 200 5169 "-" "Mozilla/5.0 AppleWebKit/537.36 (KHTML, like Gecko; compatible; ClaudeBot/1.0; +claudebot@anthropic.com)"
216.73.217.150 - - [16/Jul/2026:18:09:11 +0000] "GET /?q=4126686480019 HTTP/2" 200 5203 "-" "Mozilla/5.0 AppleWebKit/537.36 (KHTML, like Gecko; compatible; ClaudeBot/1.0; +claudebot@anthropic.com)"
216.73.217.150 - - [16/Jul/2026:18:09:11 +0000] "GET /?q=19726023218342 HTTP/2" 200 5132 "-" "Mozilla/5.0 AppleWebKit/537.36 (KHTML, like Gecko; compatible; ClaudeBot/1.0; +claudebot@anthropic.com)"
