216.73.217.150 - - [16/Jul/2026:15:34:00 +0000] "GET /?q=50771233597001 HTTP/2" 200 25616 "-" "Mozilla/5.0 AppleWebKit/537.36 (KHTML, like Gecko; compatible; ClaudeBot/1.0; +claudebot@anthropic.com)"
216.73.217.150 - - [16/Jul/2026:15:34:00 +0000] "GET /?q=93870961050136 HTTP/2" 200 25614 "-" "Mozilla/5.0 AppleWebKit/537.36 (KHTML, like Gecko; compatible; ClaudeBot/1.0; +claudebot@anthropic.com)"
216.73.217.150 - - [16/Jul/2026:15:34:00 +0000] "GET /?q=15787591931417 HTTP/2" 200 25614 "-" "Mozilla/5.0 AppleWebKit/537.36 (KHTML, like Gecko; compatible; ClaudeBot/1.0; +claudebot@anthropic.com)"
216.73.217.150 - - [16/Jul/2026:15:34:00 +0000] "GET /?q=31847447418781 HTTP/2" 200 25616 "-" "Mozilla/5.0 AppleWebKit/537.36 (KHTML, like Gecko; compatible; ClaudeBot/1.0; +claudebot@anthropic.com)"
216.73.217.150 - - [16/Jul/2026:15:34:00 +0000] "GET /?q=59386533230805 HTTP/2" 200 25614 "-" "Mozilla/5.0 AppleWebKit/537.36 (KHTML, like Gecko; compatible; ClaudeBot/1.0; +claudebot@anthropic.com)"
216.73.217.150 - - [16/Jul/2026:15:34:00 +0000] "GET /?q=81522352975492 HTTP/2" 200 25614 "-" "Mozilla/5.0 AppleWebKit/537.36 (KHTML, like Gecko; compatible; ClaudeBot/1.0; +claudebot@anthropic.com)"
216.73.217.150 - - [16/Jul/2026:15:34:01 +0000] "GET /?q=61943385534323 HTTP/2" 200 25614 "-" "Mozilla/5.0 AppleWebKit/537.36 (KHTML, like Gecko; compatible; ClaudeBot/1.0; +claudebot@anthropic.com)"
216.73.217.150 - - [16/Jul/2026:15:34:00 +0000] "GET /?q=3653761792581 HTTP/2" 200 25614 "-" "Mozilla/5.0 AppleWebKit/537.36 (KHTML, like Gecko; compatible; ClaudeBot/1.0; +claudebot@anthropic.com)"
216.73.217.150 - - [16/Jul/2026:15:34:00 +0000] "GET /?q=51625121149168 HTTP/2" 200 25616 "-" "Mozilla/5.0 AppleWebKit/537.36 (KHTML, like Gecko; compatible; ClaudeBot/1.0; +claudebot@anthropic.com)"
216.73.217.150 - - [16/Jul/2026:15:34:01 +0000] "GET /?q=33684639192611 HTTP/2" 200 25614 "-" "Mozilla/5.0 AppleWebKit/537.36 (KHTML, like Gecko; compatible; ClaudeBot/1.0; +claudebot@anthropic.com)"
216.73.217.150 - - [16/Jul/2026:15:34:01 +0000] "GET /?q=50167011306968 HTTP/2" 200 25616 "-" "Mozilla/5.0 AppleWebKit/537.36 (KHTML, like Gecko; compatible; ClaudeBot/1.0; +claudebot@anthropic.com)"
216.73.217.150 - - [16/Jul/2026:15:34:01 +0000] "GET /?q=69397533301241 HTTP/2" 200 25614 "-" "Mozilla/5.0 AppleWebKit/537.36 (KHTML, like Gecko; compatible; ClaudeBot/1.0; +claudebot@anthropic.com)"
216.73.217.150 - - [16/Jul/2026:15:34:01 +0000] "GET /?q=72634991917125 HTTP/2" 200 25616 "-" "Mozilla/5.0 AppleWebKit/537.36 (KHTML, like Gecko; compatible; ClaudeBot/1.0; +claudebot@anthropic.com)"
216.73.217.150 - - [16/Jul/2026:15:34:02 +0000] "GET /?q=8426300926190 HTTP/2" 200 25616 "-" "Mozilla/5.0 AppleWebKit/537.36 (KHTML, like Gecko; compatible; ClaudeBot/1.0; +claudebot@anthropic.com)"
216.73.217.150 - - [16/Jul/2026:15:34:02 +0000] "GET /?q=72295227560821 HTTP/2" 200 25614 "-" "Mozilla/5.0 AppleWebKit/537.36 (KHTML, like Gecko; compatible; ClaudeBot/1.0; +claudebot@anthropic.com)"
216.73.217.150 - - [16/Jul/2026:15:34:02 +0000] "GET /?q=48546560943899 HTTP/2" 200 25614 "-" "Mozilla/5.0 AppleWebKit/537.36 (KHTML, like Gecko; compatible; ClaudeBot/1.0; +claudebot@anthropic.com)"
216.73.217.150 - - [16/Jul/2026:15:34:02 +0000] "GET /?q=19713551060363 HTTP/2" 200 25614 "-" "Mozilla/5.0 AppleWebKit/537.36 (KHTML, like Gecko; compatible; ClaudeBot/1.0; +claudebot@anthropic.com)"
216.73.217.150 - - [16/Jul/2026:15:34:02 +0000] "GET /?q=50662710362930 HTTP/2" 200 25614 "-" "Mozilla/5.0 AppleWebKit/537.36 (KHTML, like Gecko; compatible; ClaudeBot/1.0; +claudebot@anthropic.com)"
216.73.217.150 - - [16/Jul/2026:15:34:02 +0000] "GET /?q=51336771444127 HTTP/2" 200 25616 "-" "Mozilla/5.0 AppleWebKit/537.36 (KHTML, like Gecko; compatible; ClaudeBot/1.0; +claudebot@anthropic.com)"
216.73.217.150 - - [16/Jul/2026:15:34:03 +0000] "GET /?q=29990112060383 HTTP/2" 200 25614 "-" "Mozilla/5.0 AppleWebKit/537.36 (KHTML, like Gecko; compatible; ClaudeBot/1.0; +claudebot@anthropic.com)"
216.73.217.150 - - [16/Jul/2026:15:34:03 +0000] "GET /?q=36393260218661 HTTP/2" 200 25614 "-" "Mozilla/5.0 AppleWebKit/537.36 (KHTML, like Gecko; compatible; ClaudeBot/1.0; +claudebot@anthropic.com)"
216.73.217.150 - - [16/Jul/2026:15:34:03 +0000] "GET /?q=7207885234578 HTTP/2" 200 25614 "-" "Mozilla/5.0 AppleWebKit/537.36 (KHTML, like Gecko; compatible; ClaudeBot/1.0; +claudebot@anthropic.com)"
216.73.217.150 - - [16/Jul/2026:15:34:03 +0000] "GET /?q=1222605570287 HTTP/2" 200 25614 "-" "Mozilla/5.0 AppleWebKit/537.36 (KHTML, like Gecko; compatible; ClaudeBot/1.0; +claudebot@anthropic.com)"
216.73.217.150 - - [16/Jul/2026:15:34:03 +0000] "GET /?q=92681307783090 HTTP/2" 200 25614 "-" "Mozilla/5.0 AppleWebKit/537.36 (KHTML, like Gecko; compatible; ClaudeBot/1.0; +claudebot@anthropic.com)"
216.73.217.150 - - [16/Jul/2026:15:34:03 +0000] "GET /?q=12584226912245 HTTP/2" 200 25614 "-" "Mozilla/5.0 AppleWebKit/537.36 (KHTML, like Gecko; compatible; ClaudeBot/1.0; +claudebot@anthropic.com)"
216.73.217.150 - - [16/Jul/2026:15:34:03 +0000] "GET /?q=78818880231187 HTTP/2" 200 25616 "-" "Mozilla/5.0 AppleWebKit/537.36 (KHTML, like Gecko; compatible; ClaudeBot/1.0; +claudebot@anthropic.com)"
216.73.217.150 - - [16/Jul/2026:15:34:04 +0000] "GET /?q=4022859578275 HTTP/2" 200 25614 "-" "Mozilla/5.0 AppleWebKit/537.36 (KHTML, like Gecko; compatible; ClaudeBot/1.0; +claudebot@anthropic.com)"
216.73.217.150 - - [16/Jul/2026:15:34:04 +0000] "GET /?q=32731853418469 HTTP/2" 200 25614 "-" "Mozilla/5.0 AppleWebKit/537.36 (KHTML, like Gecko; compatible; ClaudeBot/1.0; +claudebot@anthropic.com)"
216.73.217.150 - - [16/Jul/2026:15:34:04 +0000] "GET /?q=84073132090590 HTTP/2" 200 25614 "-" "Mozilla/5.0 AppleWebKit/537.36 (KHTML, like Gecko; compatible; ClaudeBot/1.0; +claudebot@anthropic.com)"
216.73.217.150 - - [16/Jul/2026:15:34:04 +0000] "GET /?q=98478625422231 HTTP/2" 200 25614 "-" "Mozilla/5.0 AppleWebKit/537.36 (KHTML, like Gecko; compatible; ClaudeBot/1.0; +claudebot@anthropic.com)"
216.73.217.150 - - [16/Jul/2026:15:34:16 +0000] "GET /?q=61170984295159 HTTP/2" 200 25616 "-" "Mozilla/5.0 AppleWebKit/537.36 (KHTML, like Gecko; compatible; ClaudeBot/1.0; +claudebot@anthropic.com)"
216.73.217.150 - - [16/Jul/2026:15:34:16 +0000] "GET /?q=94839505626621 HTTP/2" 200 25616 "-" "Mozilla/5.0 AppleWebKit/537.36 (KHTML, like Gecko; compatible; ClaudeBot/1.0; +claudebot@anthropic.com)"
216.73.217.150 - - [16/Jul/2026:15:34:16 +0000] "GET /?q=72927022667130 HTTP/2" 200 25616 "-" "Mozilla/5.0 AppleWebKit/537.36 (KHTML, like Gecko; compatible; ClaudeBot/1.0; +claudebot@anthropic.com)"
216.73.217.150 - - [16/Jul/2026:15:34:16 +0000] "GET /?q=14051428479861 HTTP/2" 200 25616 "-" "Mozilla/5.0 AppleWebKit/537.36 (KHTML, like Gecko; compatible; ClaudeBot/1.0; +claudebot@anthropic.com)"
216.73.217.150 - - [16/Jul/2026:15:34:16 +0000] "GET /?q=96619546597072 HTTP/2" 200 25616 "-" "Mozilla/5.0 AppleWebKit/537.36 (KHTML, like Gecko; compatible; ClaudeBot/1.0; +claudebot@anthropic.com)"
216.73.217.150 - - [16/Jul/2026:15:34:16 +0000] "GET /?q=29723169305768 HTTP/2" 200 25616 "-" "Mozilla/5.0 AppleWebKit/537.36 (KHTML, like Gecko; compatible; ClaudeBot/1.0; +claudebot@anthropic.com)"
216.73.217.150 - - [16/Jul/2026:15:34:17 +0000] "GET /?q=4906425881520 HTTP/2" 200 25616 "-" "Mozilla/5.0 AppleWebKit/537.36 (KHTML, like Gecko; compatible; ClaudeBot/1.0; +claudebot@anthropic.com)"
216.73.217.150 - - [16/Jul/2026:15:34:17 +0000] "GET /?q=92446384219509 HTTP/2" 200 25616 "-" "Mozilla/5.0 AppleWebKit/537.36 (KHTML, like Gecko; compatible; ClaudeBot/1.0; +claudebot@anthropic.com)"
216.73.217.150 - - [16/Jul/2026:15:34:17 +0000] "GET /?q=2555187998516 HTTP/2" 200 25616 "-" "Mozilla/5.0 AppleWebKit/537.36 (KHTML, like Gecko; compatible; ClaudeBot/1.0; +claudebot@anthropic.com)"
216.73.217.150 - - [16/Jul/2026:15:34:17 +0000] "GET /?q=69496116807426 HTTP/2" 200 25616 "-" "Mozilla/5.0 AppleWebKit/537.36 (KHTML, like Gecko; compatible; ClaudeBot/1.0; +claudebot@anthropic.com)"
216.73.217.150 - - [16/Jul/2026:15:34:18 +0000] "GET /?q=23487813432542 HTTP/2" 200 25616 "-" "Mozilla/5.0 AppleWebKit/537.36 (KHTML, like Gecko; compatible; ClaudeBot/1.0; +claudebot@anthropic.com)"
216.73.217.150 - - [16/Jul/2026:15:34:18 +0000] "GET /?q=25391447686921 HTTP/2" 200 25616 "-" "Mozilla/5.0 AppleWebKit/537.36 (KHTML, like Gecko; compatible; ClaudeBot/1.0; +claudebot@anthropic.com)"
216.73.217.150 - - [16/Jul/2026:15:34:18 +0000] "GET /?q=6398840142967 HTTP/2" 200 25616 "-" "Mozilla/5.0 AppleWebKit/537.36 (KHTML, like Gecko; compatible; ClaudeBot/1.0; +claudebot@anthropic.com)"
216.73.217.150 - - [16/Jul/2026:15:34:19 +0000] "GET /?q=81449163695966 HTTP/2" 200 25614 "-" "Mozilla/5.0 AppleWebKit/537.36 (KHTML, like Gecko; compatible; ClaudeBot/1.0; +claudebot@anthropic.com)"
216.73.217.150 - - [16/Jul/2026:15:34:19 +0000] "GET /?q=11077713926001 HTTP/2" 200 25616 "-" "Mozilla/5.0 AppleWebKit/537.36 (KHTML, like Gecko; compatible; ClaudeBot/1.0; +claudebot@anthropic.com)"
216.73.217.150 - - [16/Jul/2026:15:34:19 +0000] "GET /?q=24202157502325 HTTP/2" 200 25616 "-" "Mozilla/5.0 AppleWebKit/537.36 (KHTML, like Gecko; compatible; ClaudeBot/1.0; +claudebot@anthropic.com)"
216.73.217.150 - - [16/Jul/2026:15:34:19 +0000] "GET /?q=62699253502790 HTTP/2" 200 25614 "-" "Mozilla/5.0 AppleWebKit/537.36 (KHTML, like Gecko; compatible; ClaudeBot/1.0; +claudebot@anthropic.com)"
216.73.217.150 - - [16/Jul/2026:15:34:19 +0000] "GET /?q=31255982768365 HTTP/2" 200 25616 "-" "Mozilla/5.0 AppleWebKit/537.36 (KHTML, like Gecko; compatible; ClaudeBot/1.0; +claudebot@anthropic.com)"
216.73.217.150 - - [16/Jul/2026:15:34:19 +0000] "GET /?q=6915808720589 HTTP/2" 200 25616 "-" "Mozilla/5.0 AppleWebKit/537.36 (KHTML, like Gecko; compatible; ClaudeBot/1.0; +claudebot@anthropic.com)"
216.73.217.150 - - [16/Jul/2026:15:34:19 +0000] "GET /?q=30042757999346 HTTP/2" 200 25616 "-" "Mozilla/5.0 AppleWebKit/537.36 (KHTML, like Gecko; compatible; ClaudeBot/1.0; +claudebot@anthropic.com)"
216.73.217.150 - - [16/Jul/2026:15:34:19 +0000] "GET /?q=80792146732815 HTTP/2" 200 25616 "-" "Mozilla/5.0 AppleWebKit/537.36 (KHTML, like Gecko; compatible; ClaudeBot/1.0; +claudebot@anthropic.com)"
216.73.217.150 - - [16/Jul/2026:15:34:19 +0000] "GET /?q=34562751811874 HTTP/2" 200 25616 "-" "Mozilla/5.0 AppleWebKit/537.36 (KHTML, like Gecko; compatible; ClaudeBot/1.0; +claudebot@anthropic.com)"
216.73.217.150 - - [16/Jul/2026:15:34:19 +0000] "GET /?q=61015391317384 HTTP/2" 200 25616 "-" "Mozilla/5.0 AppleWebKit/537.36 (KHTML, like Gecko; compatible; ClaudeBot/1.0; +claudebot@anthropic.com)"
216.73.217.150 - - [16/Jul/2026:15:34:20 +0000] "GET /?q=47333171345061 HTTP/2" 200 25616 "-" "Mozilla/5.0 AppleWebKit/537.36 (KHTML, like Gecko; compatible; ClaudeBot/1.0; +claudebot@anthropic.com)"
216.73.217.150 - - [16/Jul/2026:15:34:20 +0000] "GET /?q=69679329851429 HTTP/2" 200 25614 "-" "Mozilla/5.0 AppleWebKit/537.36 (KHTML, like Gecko; compatible; ClaudeBot/1.0; +claudebot@anthropic.com)"
216.73.217.150 - - [16/Jul/2026:15:34:20 +0000] "GET /?q=15084599919416 HTTP/2" 200 25614 "-" "Mozilla/5.0 AppleWebKit/537.36 (KHTML, like Gecko; compatible; ClaudeBot/1.0; +claudebot@anthropic.com)"
216.73.217.150 - - [16/Jul/2026:15:34:20 +0000] "GET /?q=93863335429882 HTTP/2" 200 25614 "-" "Mozilla/5.0 AppleWebKit/537.36 (KHTML, like Gecko; compatible; ClaudeBot/1.0; +claudebot@anthropic.com)"
216.73.217.150 - - [16/Jul/2026:15:34:21 +0000] "GET /?q=15171909982838 HTTP/2" 200 25614 "-" "Mozilla/5.0 AppleWebKit/537.36 (KHTML, like Gecko; compatible; ClaudeBot/1.0; +claudebot@anthropic.com)"
216.73.217.150 - - [16/Jul/2026:15:34:21 +0000] "GET /?q=36487427858842 HTTP/2" 200 25616 "-" "Mozilla/5.0 AppleWebKit/537.36 (KHTML, like Gecko; compatible; ClaudeBot/1.0; +claudebot@anthropic.com)"
216.73.217.150 - - [16/Jul/2026:15:34:21 +0000] "GET /?q=81792959382177 HTTP/2" 200 25614 "-" "Mozilla/5.0 AppleWebKit/537.36 (KHTML, like Gecko; compatible; ClaudeBot/1.0; +claudebot@anthropic.com)"
216.73.217.150 - - [16/Jul/2026:15:34:21 +0000] "GET /?q=82542466780687 HTTP/2" 200 25614 "-" "Mozilla/5.0 AppleWebKit/537.36 (KHTML, like Gecko; compatible; ClaudeBot/1.0; +claudebot@anthropic.com)"
216.73.217.150 - - [16/Jul/2026:15:34:21 +0000] "GET /?q=42252862127173 HTTP/2" 200 25616 "-" "Mozilla/5.0 AppleWebKit/537.36 (KHTML, like Gecko; compatible; ClaudeBot/1.0; +claudebot@anthropic.com)"
216.73.217.150 - - [16/Jul/2026:15:34:21 +0000] "GET /?q=81141861843988 HTTP/2" 200 25616 "-" "Mozilla/5.0 AppleWebKit/537.36 (KHTML, like Gecko; compatible; ClaudeBot/1.0; +claudebot@anthropic.com)"
216.73.217.150 - - [16/Jul/2026:15:34:22 +0000] "GET /?q=12657742192907 HTTP/2" 200 25614 "-" "Mozilla/5.0 AppleWebKit/537.36 (KHTML, like Gecko; compatible; ClaudeBot/1.0; +claudebot@anthropic.com)"
216.73.217.150 - - [16/Jul/2026:15:34:22 +0000] "GET /?q=11033395202721 HTTP/2" 200 25616 "-" "Mozilla/5.0 AppleWebKit/537.36 (KHTML, like Gecko; compatible; ClaudeBot/1.0; +claudebot@anthropic.com)"
216.73.217.150 - - [16/Jul/2026:15:34:22 +0000] "GET /?q=30115685450959 HTTP/2" 200 25616 "-" "Mozilla/5.0 AppleWebKit/537.36 (KHTML, like Gecko; compatible; ClaudeBot/1.0; +claudebot@anthropic.com)"
216.73.217.150 - - [16/Jul/2026:15:34:22 +0000] "GET /?q=81136949595796 HTTP/2" 200 25616 "-" "Mozilla/5.0 AppleWebKit/537.36 (KHTML, like Gecko; compatible; ClaudeBot/1.0; +claudebot@anthropic.com)"
216.73.217.150 - - [16/Jul/2026:15:34:22 +0000] "GET /?q=31351819434180 HTTP/2" 200 25614 "-" "Mozilla/5.0 AppleWebKit/537.36 (KHTML, like Gecko; compatible; ClaudeBot/1.0; +claudebot@anthropic.com)"
216.73.217.150 - - [16/Jul/2026:15:34:22 +0000] "GET /?q=40811984682474 HTTP/2" 200 25614 "-" "Mozilla/5.0 AppleWebKit/537.36 (KHTML, like Gecko; compatible; ClaudeBot/1.0; +claudebot@anthropic.com)"
216.73.217.150 - - [16/Jul/2026:15:34:23 +0000] "GET /?q=35630778819505 HTTP/2" 200 25616 "-" "Mozilla/5.0 AppleWebKit/537.36 (KHTML, like Gecko; compatible; ClaudeBot/1.0; +claudebot@anthropic.com)"
216.73.217.150 - - [16/Jul/2026:15:34:23 +0000] "GET /?q=93799600020790 HTTP/2" 200 25614 "-" "Mozilla/5.0 AppleWebKit/537.36 (KHTML, like Gecko; compatible; ClaudeBot/1.0; +claudebot@anthropic.com)"
216.73.217.150 - - [16/Jul/2026:15:34:23 +0000] "GET /?q=39994200244083 HTTP/2" 200 25614 "-" "Mozilla/5.0 AppleWebKit/537.36 (KHTML, like Gecko; compatible; ClaudeBot/1.0; +claudebot@anthropic.com)"
66.249.65.199 - - [16/Jul/2026:15:34:39 +0000] "GET /?q=58382149813354 HTTP/1.1" 200 25114 "-" "Mozilla/5.0 (compatible; Googlebot/2.1; +http://www.google.com/bot.html)"
66.249.65.198 - - [16/Jul/2026:15:34:44 +0000] "GET /?q=11487856069624 HTTP/1.1" 200 25075 "-" "Mozilla/5.0 (Linux; Android 6.0.1; Nexus 5X Build/MMB29P) AppleWebKit/537.36 (KHTML, like Gecko) Chrome/150.0.7871.114 Mobile Safari/537.36 (compatible; Googlebot/2.1; +http://www.google.com/bot.html)"
66.249.65.197 - - [16/Jul/2026:15:34:56 +0000] "GET /?q=5371671878031 HTTP/1.1" 200 25084 "-" "Mozilla/5.0 (compatible; Googlebot/2.1; +http://www.google.com/bot.html)"
66.249.65.197 - - [16/Jul/2026:15:35:00 +0000] "GET /?q=63841717768931 HTTP/1.1" 200 25270 "-" "Mozilla/5.0 (compatible; Googlebot/2.1; +http://www.google.com/bot.html)"
216.73.217.150 - - [16/Jul/2026:15:35:12 +0000] "GET /?q=66348410548485 HTTP/2" 200 25616 "-" "Mozilla/5.0 AppleWebKit/537.36 (KHTML, like Gecko; compatible; ClaudeBot/1.0; +claudebot@anthropic.com)"
216.73.217.150 - - [16/Jul/2026:15:35:12 +0000] "GET /?q=36421073702451 HTTP/2" 200 25616 "-" "Mozilla/5.0 AppleWebKit/537.36 (KHTML, like Gecko; compatible; ClaudeBot/1.0; +claudebot@anthropic.com)"
216.73.217.150 - - [16/Jul/2026:15:35:12 +0000] "GET /?q=40061303572384 HTTP/2" 200 25616 "-" "Mozilla/5.0 AppleWebKit/537.36 (KHTML, like Gecko; compatible; ClaudeBot/1.0; +claudebot@anthropic.com)"
216.73.217.150 - - [16/Jul/2026:15:35:12 +0000] "GET /?q=86666705819582 HTTP/2" 200 25616 "-" "Mozilla/5.0 AppleWebKit/537.36 (KHTML, like Gecko; compatible; ClaudeBot/1.0; +claudebot@anthropic.com)"
216.73.217.150 - - [16/Jul/2026:15:35:12 +0000] "GET /?q=11924932341261 HTTP/2" 200 25616 "-" "Mozilla/5.0 AppleWebKit/537.36 (KHTML, like Gecko; compatible; ClaudeBot/1.0; +claudebot@anthropic.com)"
216.73.217.150 - - [16/Jul/2026:15:35:12 +0000] "GET /?q=66968413247511 HTTP/2" 200 25616 "-" "Mozilla/5.0 AppleWebKit/537.36 (KHTML, like Gecko; compatible; ClaudeBot/1.0; +claudebot@anthropic.com)"
216.73.217.150 - - [16/Jul/2026:15:35:12 +0000] "GET /?q=73878811564099 HTTP/2" 200 25616 "-" "Mozilla/5.0 AppleWebKit/537.36 (KHTML, like Gecko; compatible; ClaudeBot/1.0; +claudebot@anthropic.com)"
216.73.217.150 - - [16/Jul/2026:15:35:12 +0000] "GET /?q=21984153684179 HTTP/2" 200 25616 "-" "Mozilla/5.0 AppleWebKit/537.36 (KHTML, like Gecko; compatible; ClaudeBot/1.0; +claudebot@anthropic.com)"
216.73.217.150 - - [16/Jul/2026:15:35:12 +0000] "GET /?q=73510632563687 HTTP/2" 200 25616 "-" "Mozilla/5.0 AppleWebKit/537.36 (KHTML, like Gecko; compatible; ClaudeBot/1.0; +claudebot@anthropic.com)"
216.73.217.150 - - [16/Jul/2026:15:35:12 +0000] "GET /?q=32123731881538 HTTP/2" 200 25616 "-" "Mozilla/5.0 AppleWebKit/537.36 (KHTML, like Gecko; compatible; ClaudeBot/1.0; +claudebot@anthropic.com)"
216.73.217.150 - - [16/Jul/2026:15:35:15 +0000] "GET /?q=87854309992031 HTTP/2" 200 25616 "-" "Mozilla/5.0 AppleWebKit/537.36 (KHTML, like Gecko; compatible; ClaudeBot/1.0; +claudebot@anthropic.com)"
216.73.217.150 - - [16/Jul/2026:15:35:15 +0000] "GET /?q=88688601975132 HTTP/2" 200 25616 "-" "Mozilla/5.0 AppleWebKit/537.36 (KHTML, like Gecko; compatible; ClaudeBot/1.0; +claudebot@anthropic.com)"
216.73.217.150 - - [16/Jul/2026:15:35:15 +0000] "GET /?q=13424133523079 HTTP/2" 200 25616 "-" "Mozilla/5.0 AppleWebKit/537.36 (KHTML, like Gecko; compatible; ClaudeBot/1.0; +claudebot@anthropic.com)"
216.73.217.150 - - [16/Jul/2026:15:35:15 +0000] "GET /?q=73555888840961 HTTP/2" 200 25616 "-" "Mozilla/5.0 AppleWebKit/537.36 (KHTML, like Gecko; compatible; ClaudeBot/1.0; +claudebot@anthropic.com)"
216.73.217.150 - - [16/Jul/2026:15:35:15 +0000] "GET /?q=20701391342466 HTTP/2" 200 25616 "-" "Mozilla/5.0 AppleWebKit/537.36 (KHTML, like Gecko; compatible; ClaudeBot/1.0; +claudebot@anthropic.com)"
216.73.217.150 - - [16/Jul/2026:15:35:15 +0000] "GET /?q=14416049291030 HTTP/2" 200 25616 "-" "Mozilla/5.0 AppleWebKit/537.36 (KHTML, like Gecko; compatible; ClaudeBot/1.0; +claudebot@anthropic.com)"
216.73.217.150 - - [16/Jul/2026:15:35:15 +0000] "GET /?q=1311432619433 HTTP/2" 200 25616 "-" "Mozilla/5.0 AppleWebKit/537.36 (KHTML, like Gecko; compatible; ClaudeBot/1.0; +claudebot@anthropic.com)"
66.249.65.197 - - [16/Jul/2026:15:35:15 +0000] "GET /?q=28320620115977 HTTP/1.1" 200 24821 "-" "Mozilla/5.0 (Linux; Android 6.0.1; Nexus 5X Build/MMB29P) AppleWebKit/537.36 (KHTML, like Gecko) Chrome/150.0.7871.114 Mobile Safari/537.36 (compatible; Googlebot/2.1; +http://www.google.com/bot.html)"
216.73.217.150 - - [16/Jul/2026:15:35:16 +0000] "GET /?q=3980175140461 HTTP/2" 200 25616 "-" "Mozilla/5.0 AppleWebKit/537.36 (KHTML, like Gecko; compatible; ClaudeBot/1.0; +claudebot@anthropic.com)"
216.73.217.150 - - [16/Jul/2026:15:35:16 +0000] "GET /?q=15174621193978 HTTP/2" 200 25616 "-" "Mozilla/5.0 AppleWebKit/537.36 (KHTML, like Gecko; compatible; ClaudeBot/1.0; +claudebot@anthropic.com)"
216.73.217.150 - - [16/Jul/2026:15:35:16 +0000] "GET /?q=94459260264974 HTTP/2" 200 25616 "-" "Mozilla/5.0 AppleWebKit/537.36 (KHTML, like Gecko; compatible; ClaudeBot/1.0; +claudebot@anthropic.com)"
216.73.217.150 - - [16/Jul/2026:15:35:16 +0000] "GET /?q=47470934364938 HTTP/2" 200 25616 "-" "Mozilla/5.0 AppleWebKit/537.36 (KHTML, like Gecko; compatible; ClaudeBot/1.0; +claudebot@anthropic.com)"
216.73.217.150 - - [16/Jul/2026:15:35:16 +0000] "GET /?q=41495882206932 HTTP/2" 200 25614 "-" "Mozilla/5.0 AppleWebKit/537.36 (KHTML, like Gecko; compatible; ClaudeBot/1.0; +claudebot@anthropic.com)"
216.73.217.150 - - [16/Jul/2026:15:35:16 +0000] "GET /?q=62484150920725 HTTP/2" 200 25616 "-" "Mozilla/5.0 AppleWebKit/537.36 (KHTML, like Gecko; compatible; ClaudeBot/1.0; +claudebot@anthropic.com)"
216.73.217.150 - - [16/Jul/2026:15:35:17 +0000] "GET /?q=84793827706112 HTTP/2" 200 25614 "-" "Mozilla/5.0 AppleWebKit/537.36 (KHTML, like Gecko; compatible; ClaudeBot/1.0; +claudebot@anthropic.com)"
216.73.217.150 - - [16/Jul/2026:15:35:17 +0000] "GET /?q=62256836606834 HTTP/2" 200 25614 "-" "Mozilla/5.0 AppleWebKit/537.36 (KHTML, like Gecko; compatible; ClaudeBot/1.0; +claudebot@anthropic.com)"
216.73.217.150 - - [16/Jul/2026:15:35:17 +0000] "GET /?q=24881570421031 HTTP/2" 200 25616 "-" "Mozilla/5.0 AppleWebKit/537.36 (KHTML, like Gecko; compatible; ClaudeBot/1.0; +claudebot@anthropic.com)"
216.73.217.150 - - [16/Jul/2026:15:35:17 +0000] "GET /?q=86510578073692 HTTP/2" 200 25614 "-" "Mozilla/5.0 AppleWebKit/537.36 (KHTML, like Gecko; compatible; ClaudeBot/1.0; +claudebot@anthropic.com)"
216.73.217.150 - - [16/Jul/2026:15:35:18 +0000] "GET /?q=45027965491974 HTTP/2" 200 25616 "-" "Mozilla/5.0 AppleWebKit/537.36 (KHTML, like Gecko; compatible; ClaudeBot/1.0; +claudebot@anthropic.com)"
216.73.217.150 - - [16/Jul/2026:15:35:18 +0000] "GET /?q=94194219581601 HTTP/2" 200 25614 "-" "Mozilla/5.0 AppleWebKit/537.36 (KHTML, like Gecko; compatible; ClaudeBot/1.0; +claudebot@anthropic.com)"
216.73.217.150 - - [16/Jul/2026:15:35:18 +0000] "GET /?q=29834211080071 HTTP/2" 200 25616 "-" "Mozilla/5.0 AppleWebKit/537.36 (KHTML, like Gecko; compatible; ClaudeBot/1.0; +claudebot@anthropic.com)"
216.73.217.150 - - [16/Jul/2026:15:35:18 +0000] "GET /?q=60511254128278 HTTP/2" 200 25616 "-" "Mozilla/5.0 AppleWebKit/537.36 (KHTML, like Gecko; compatible; ClaudeBot/1.0; +claudebot@anthropic.com)"
216.73.217.150 - - [16/Jul/2026:15:35:18 +0000] "GET /?q=56781395937897 HTTP/2" 200 25616 "-" "Mozilla/5.0 AppleWebKit/537.36 (KHTML, like Gecko; compatible; ClaudeBot/1.0; +claudebot@anthropic.com)"
216.73.217.150 - - [16/Jul/2026:15:35:18 +0000] "GET /?q=10277331888156 HTTP/2" 200 25614 "-" "Mozilla/5.0 AppleWebKit/537.36 (KHTML, like Gecko; compatible; ClaudeBot/1.0; +claudebot@anthropic.com)"
216.73.217.150 - - [16/Jul/2026:15:35:18 +0000] "GET /?q=86774902720204 HTTP/2" 200 25616 "-" "Mozilla/5.0 AppleWebKit/537.36 (KHTML, like Gecko; compatible; ClaudeBot/1.0; +claudebot@anthropic.com)"
216.73.217.150 - - [16/Jul/2026:15:35:18 +0000] "GET /?q=48191836318729 HTTP/2" 200 25614 "-" "Mozilla/5.0 AppleWebKit/537.36 (KHTML, like Gecko; compatible; ClaudeBot/1.0; +claudebot@anthropic.com)"
216.73.217.150 - - [16/Jul/2026:15:35:18 +0000] "GET /?q=63950378237248 HTTP/2" 200 25614 "-" "Mozilla/5.0 AppleWebKit/537.36 (KHTML, like Gecko; compatible; ClaudeBot/1.0; +claudebot@anthropic.com)"
216.73.217.150 - - [16/Jul/2026:15:35:19 +0000] "GET /?q=22765924769380 HTTP/2" 200 25614 "-" "Mozilla/5.0 AppleWebKit/537.36 (KHTML, like Gecko; compatible; ClaudeBot/1.0; +claudebot@anthropic.com)"
216.73.217.150 - - [16/Jul/2026:15:35:19 +0000] "GET /?q=63928225986955 HTTP/2" 200 25616 "-" "Mozilla/5.0 AppleWebKit/537.36 (KHTML, like Gecko; compatible; ClaudeBot/1.0; +claudebot@anthropic.com)"
216.73.217.150 - - [16/Jul/2026:15:35:19 +0000] "GET /?q=69127734947131 HTTP/2" 200 25614 "-" "Mozilla/5.0 AppleWebKit/537.36 (KHTML, like Gecko; compatible; ClaudeBot/1.0; +claudebot@anthropic.com)"
216.73.217.150 - - [16/Jul/2026:15:35:20 +0000] "GET /?q=92418513926614 HTTP/2" 200 25614 "-" "Mozilla/5.0 AppleWebKit/537.36 (KHTML, like Gecko; compatible; ClaudeBot/1.0; +claudebot@anthropic.com)"
216.73.217.150 - - [16/Jul/2026:15:35:20 +0000] "GET /?q=57898270068650 HTTP/2" 200 25616 "-" "Mozilla/5.0 AppleWebKit/537.36 (KHTML, like Gecko; compatible; ClaudeBot/1.0; +claudebot@anthropic.com)"
216.73.217.150 - - [16/Jul/2026:15:35:20 +0000] "GET /?q=39377395342609 HTTP/2" 200 25616 "-" "Mozilla/5.0 AppleWebKit/537.36 (KHTML, like Gecko; compatible; ClaudeBot/1.0; +claudebot@anthropic.com)"
98.159.37.79 - - [16/Jul/2026:15:36:18 +0000] "POST /wp-login.php HTTP/1.1" 200 2469 "-" "Mozilla/5.0 (Windows NT 10.0; Win64; rv:143.0) Gecko/20100101 Firefox/143.0"
98.159.37.72 - - [16/Jul/2026:15:36:18 +0000] "POST /wp-login.php HTTP/1.1" 200 2461 "-" "Mozilla/5.0 (Macintosh; Intel Mac OS X 10_15_7) AppleWebKit/605.1.15 Version/17.0 Safari/605.1.15"
66.249.65.199 - - [16/Jul/2026:15:36:23 +0000] "GET /?q=64591012961026 HTTP/1.1" 200 24798 "-" "Mozilla/5.0 (Linux; Android 6.0.1; Nexus 5X Build/MMB29P) AppleWebKit/537.36 (KHTML, like Gecko) Chrome/150.0.7871.114 Mobile Safari/537.36 (compatible; Googlebot/2.1; +http://www.google.com/bot.html)"
66.249.65.198 - - [16/Jul/2026:15:36:28 +0000] "GET /?q=93861651079902 HTTP/1.1" 200 25218 "-" "Mozilla/5.0 (compatible; Googlebot/2.1; +http://www.google.com/bot.html)"
66.249.65.197 - - [16/Jul/2026:15:36:50 +0000] "GET /?q=92164403904720 HTTP/1.1" 200 25991 "-" "Mozilla/5.0 (compatible; Googlebot/2.1; +http://www.google.com/bot.html)"
66.249.65.197 - - [16/Jul/2026:15:37:03 +0000] "GET /?q=52720586048279 HTTP/1.1" 200 25229 "-" "Mozilla/5.0 (Linux; Android 6.0.1; Nexus 5X Build/MMB29P) AppleWebKit/537.36 (KHTML, like Gecko) Chrome/150.0.7871.114 Mobile Safari/537.36 (compatible; Googlebot/2.1; +http://www.google.com/bot.html)"
66.249.65.199 - - [16/Jul/2026:15:37:03 +0000] "GET /?q=52720586048279 HTTP/1.1" 200 25229 "-" "Mozilla/5.0 (compatible; Googlebot/2.1; +http://www.google.com/bot.html)"
145.223.108.136 - - [16/Jul/2026:15:37:19 +0000] "HEAD /2026/07/15/twoje-zagraniczne-kasyna-online-testujemy-licencje-i-narzedzia-odpowiedzialnej-g/ HTTP/1.1" 404 0 "-" "WordPress/6.9.4; https://sandbox.datacrafters.io"
145.223.108.136 - - [16/Jul/2026:15:37:20 +0000] "GET /2026/07/15/twoje-zagraniczne-kasyna-online-testujemy-licencje-i-narzedzia-odpowiedzialnej-g/ HTTP/1.1" 404 23687 "-" "WordPress/6.9.4; https://sandbox.datacrafters.io"
88.148.126.176 - - [16/Jul/2026:15:37:21 +0000] "POST /xmlrpc.php HTTP/1.1" 200 178 "https://surajauto.com/wp-admin/" "Mozilla/5.0 (Windows NT 10.0; Win64; x64) AppleWebKit/537.36 (KHTML, like Gecko) Chrome/132.0.0.0 Safari/537.36"
145.223.108.136 - - [16/Jul/2026:15:37:22 +0000] "HEAD /2026/07/15/twoje-zagraniczne-kasyna-online-testujemy-licencje-i-narzedzia-odpowiedzialnej-g/ HTTP/1.1" 404 0 "-" "WordPress/6.9.4; https://sandbox.datacrafters.io"
216.73.217.150 - - [16/Jul/2026:15:37:20 +0000] "GET /sitemap.xml HTTP/2" 200 8653 "-" "Mozilla/5.0 AppleWebKit/537.36 (KHTML, like Gecko; compatible; ClaudeBot/1.0; +claudebot@anthropic.com)"
139.99.46.102 - - [16/Jul/2026:15:37:31 +0000] "HEAD /2026/07/15/twoje-zagraniczne-kasyna-online-testujemy-licencje-i-narzedzia-odpowiedzialnej-g/ HTTP/1.1" 404 0 "-" "WordPress/7.0.1; https://badrirubbers.com"
20.15.133.164 - - [16/Jul/2026:15:37:48 +0000] "GET /robots.txt HTTP/2" 200 67 "-" "Mozilla/5.0 AppleWebKit/537.36 (KHTML, like Gecko; compatible; bingbot/2.0; +http://www.bing.com/bingbot.htm) Chrome/116.0.1938.76 Safari/537.36"
66.249.65.197 - - [16/Jul/2026:15:37:46 +0000] "GET /?q=34795848247403 HTTP/1.1" 200 24328 "-" "Mozilla/5.0 (compatible; Googlebot/2.1; +http://www.google.com/bot.html)"
20.15.133.184 - - [16/Jul/2026:15:37:51 +0000] "GET /?q=60455228665260 HTTP/2" 200 25825 "-" "Mozilla/5.0 AppleWebKit/537.36 (KHTML, like Gecko; compatible; bingbot/2.0; +http://www.bing.com/bingbot.htm) Chrome/116.0.1938.76 Safari/537.36"
66.249.65.197 - - [16/Jul/2026:15:38:44 +0000] "GET /?q=61725585058951 HTTP/1.1" 200 25453 "-" "Mozilla/5.0 (Linux; Android 6.0.1; Nexus 5X Build/MMB29P) AppleWebKit/537.36 (KHTML, like Gecko) Chrome/150.0.7871.114 Mobile Safari/537.36 (compatible; Googlebot/2.1; +http://www.google.com/bot.html)"
66.249.65.199 - - [16/Jul/2026:15:39:50 +0000] "GET /?q=76380110839773 HTTP/1.1" 200 25407 "-" "Mozilla/5.0 (compatible; Googlebot/2.1; +http://www.google.com/bot.html)"
66.249.65.197 - - [16/Jul/2026:15:39:56 +0000] "GET /?q=64760962976266 HTTP/1.1" 200 24650 "-" "Mozilla/5.0 (Linux; Android 6.0.1; Nexus 5X Build/MMB29P) AppleWebKit/537.36 (KHTML, like Gecko) Chrome/150.0.7871.114 Mobile Safari/537.36 (compatible; Googlebot/2.1; +http://www.google.com/bot.html)"
66.249.65.197 - - [16/Jul/2026:15:40:42 +0000] "GET /?q=44914162015838 HTTP/1.1" 200 26126 "-" "Mozilla/5.0 (compatible; Googlebot/2.1; +http://www.google.com/bot.html)"
66.249.65.198 - - [16/Jul/2026:15:41:14 +0000] "GET /?q=1802808819915 HTTP/1.1" 200 24832 "-" "Mozilla/5.0 (compatible; Googlebot/2.1; +http://www.google.com/bot.html)"
51.195.244.106 - - [16/Jul/2026:15:41:22 +0000] "GET /sitemap.xml HTTP/2" 200 8652 "-" "Mozilla/5.0 (compatible; AhrefsBot/7.0; +http://ahrefs.com/robot/)"
66.249.65.197 - - [16/Jul/2026:15:41:34 +0000] "GET /?q=20829395460091 HTTP/1.1" 200 24684 "-" "Mozilla/5.0 (compatible; Googlebot/2.1; +http://www.google.com/bot.html)"
66.249.65.197 - - [16/Jul/2026:15:42:53 +0000] "GET /?q=76714277656072 HTTP/1.1" 200 24597 "-" "Mozilla/5.0 (compatible; Googlebot/2.1; +http://www.google.com/bot.html)"
66.249.65.197 - - [16/Jul/2026:15:42:56 +0000] "GET /?q=18825502647649 HTTP/1.1" 200 25051 "-" "Mozilla/5.0 (Linux; Android 6.0.1; Nexus 5X Build/MMB29P) AppleWebKit/537.36 (KHTML, like Gecko) Chrome/150.0.7871.114 Mobile Safari/537.36 (compatible; Googlebot/2.1; +http://www.google.com/bot.html)"
66.249.65.198 - - [16/Jul/2026:15:43:22 +0000] "GET /?q=97353401730791 HTTP/1.1" 200 25352 "-" "Mozilla/5.0 (Linux; Android 6.0.1; Nexus 5X Build/MMB29P) AppleWebKit/537.36 (KHTML, like Gecko) Chrome/150.0.7871.114 Mobile Safari/537.36 (compatible; Googlebot/2.1; +http://www.google.com/bot.html)"
66.249.65.197 - - [16/Jul/2026:15:44:07 +0000] "GET /?q=2493432070916 HTTP/1.1" 200 25016 "-" "Mozilla/5.0 (Linux; Android 6.0.1; Nexus 5X Build/MMB29P) AppleWebKit/537.36 (KHTML, like Gecko) Chrome/150.0.7871.114 Mobile Safari/537.36 (compatible; Googlebot/2.1; +http://www.google.com/bot.html)"
66.249.65.197 - - [16/Jul/2026:15:44:22 +0000] "GET /?q=1635888143124 HTTP/1.1" 200 24882 "-" "Mozilla/5.0 (compatible; Googlebot/2.1; +http://www.google.com/bot.html)"
66.249.65.197 - - [16/Jul/2026:15:44:24 +0000] "GET /?q=94345296658546 HTTP/1.1" 200 25069 "-" "Mozilla/5.0 (Linux; Android 6.0.1; Nexus 5X Build/MMB29P) AppleWebKit/537.36 (KHTML, like Gecko) Chrome/150.0.7871.114 Mobile Safari/537.36 (compatible; Googlebot/2.1; +http://www.google.com/bot.html)"
216.24.210.157 - - [16/Jul/2026:15:45:35 +0000] "POST /wp-login.php HTTP/1.1" 200 2469 "-" "Mozilla/5.0 (Windows NT 10.0; Win64; x64) AppleWebKit/537.36 Chrome/129.0.0.0 Safari/537.36"
216.24.210.152 - - [16/Jul/2026:15:45:35 +0000] "POST /wp-login.php HTTP/1.1" 200 2461 "-" "Mozilla/5.0 (Windows NT 10.0; Win64; x64) AppleWebKit/537.36 Chrome/129.0.0.0 Safari/537.36"
216.73.217.150 - - [16/Jul/2026:15:46:02 +0000] "GET /?q=69824408257635 HTTP/2" 200 25616 "-" "Mozilla/5.0 AppleWebKit/537.36 (KHTML, like Gecko; compatible; ClaudeBot/1.0; +claudebot@anthropic.com)"
216.73.217.150 - - [16/Jul/2026:15:46:27 +0000] "GET /?q=56861496373651 HTTP/2" 200 25616 "-" "Mozilla/5.0 AppleWebKit/537.36 (KHTML, like Gecko; compatible; ClaudeBot/1.0; +claudebot@anthropic.com)"
216.73.217.150 - - [16/Jul/2026:15:46:27 +0000] "GET /?q=28734776957842 HTTP/2" 200 25616 "-" "Mozilla/5.0 AppleWebKit/537.36 (KHTML, like Gecko; compatible; ClaudeBot/1.0; +claudebot@anthropic.com)"
216.73.217.150 - - [16/Jul/2026:15:46:27 +0000] "GET /?q=41431069809234 HTTP/2" 200 25616 "-" "Mozilla/5.0 AppleWebKit/537.36 (KHTML, like Gecko; compatible; ClaudeBot/1.0; +claudebot@anthropic.com)"
66.249.65.199 - - [16/Jul/2026:15:46:49 +0000] "GET /?q=39263003896943 HTTP/1.1" 200 24956 "-" "Mozilla/5.0 (Linux; Android 6.0.1; Nexus 5X Build/MMB29P) AppleWebKit/537.36 (KHTML, like Gecko) Chrome/150.0.7871.114 Mobile Safari/537.36 (compatible; Googlebot/2.1; +http://www.google.com/bot.html)"
216.73.217.150 - - [16/Jul/2026:15:47:07 +0000] "GET /?q=5505115873475 HTTP/2" 200 25616 "-" "Mozilla/5.0 AppleWebKit/537.36 (KHTML, like Gecko; compatible; ClaudeBot/1.0; +claudebot@anthropic.com)"
69.171.249.5 - - [16/Jul/2026:15:47:21 +0000] "GET /robots.txt HTTP/2" 206 67 "-" "facebookexternalhit/1.1 (+http://www.facebook.com/externalhit_uatext.php)"
69.171.249.8 - - [16/Jul/2026:15:47:22 +0000] "GET /robots.txt HTTP/2" 206 67 "-" "facebookexternalhit/1.1 (+http://www.facebook.com/externalhit_uatext.php)"
57.141.0.39 - - [16/Jul/2026:15:47:23 +0000] "GET /wp-json/oembed/1.0/embed?url=https%3A%2F%2Fsurajauto.com%2F2026%2F06%2F28%2Fhow-user-friendly-is-the-best-new-online-casino%2F HTTP/2" 200 2363 "-" "Mozilla/5.0 (Macintosh; Intel Mac OS X 10_15_7) AppleWebKit/537.36 (KHTML, like Gecko) Chrome/145.0.0.0 Safari/537.36 (compatible; meta-externalagent/1.1 (+https://developers.facebook.com/docs/sharing/webmasters/crawler))"
182.252.73.199 - - [16/Jul/2026:15:47:37 +0000] "POST /wp-login.php HTTP/1.1" 302 0 "https://surajauto.com/wp-admin/" "Mozilla/5.0 (Windows NT 10.0; Win64; x64) AppleWebKit/537.36 (KHTML, like Gecko) Chrome/90.0.4430.85 Safari/537.36"
182.252.73.199 - - [16/Jul/2026:15:47:37 +0000] "GET /wp-admin/ HTTP/1.1" 200 27691 "https://surajauto.com/wp-admin/" "Mozilla/5.0 (Windows NT 10.0; Win64; x64) AppleWebKit/537.36 (KHTML, like Gecko) Chrome/90.0.4430.85 Safari/537.36"
182.252.73.199 - - [16/Jul/2026:15:47:38 +0000] "GET /wp-admin/ HTTP/1.1" 200 27691 "www.google.com" "Mozilla/5.0 (Windows NT 10.0; Win64; x64) AppleWebKit/537.36 (KHTML, like Gecko) Chrome/90.0.4430.85 Safari/537.36"
66.249.65.199 - - [16/Jul/2026:15:48:02 +0000] "GET /?q=33640312425259 HTTP/1.1" 200 25328 "-" "Mozilla/5.0 (compatible; Googlebot/2.1; +http://www.google.com/bot.html)"
57.141.18.113 - - [16/Jul/2026:15:48:18 +0000] "GET /wp-json/wp/v2/posts/1827 HTTP/2" 200 28579 "-" "Mozilla/5.0 (Macintosh; Intel Mac OS X 10_15_7) AppleWebKit/537.36 (KHTML, like Gecko) Chrome/145.0.0.0 Safari/537.36 (compatible; meta-externalagent/1.1 (+https://developers.facebook.com/docs/sharing/webmasters/crawler))"
66.249.65.197 - - [16/Jul/2026:15:48:21 +0000] "GET /?q=23021187904915 HTTP/1.1" 200 24809 "-" "Mozilla/5.0 (compatible; Googlebot/2.1; +http://www.google.com/bot.html)"
213.158.86.28 - - [16/Jul/2026:15:48:26 +0000] "HEAD /2026/07/15/twoje-zagraniczne-kasyna-online-testujemy-licencje-i-narzedzia-odpowiedzialnej-g/ HTTP/1.1" 404 0 "-" "WordPress/6.8.5; https://poweringenieria.co"
213.158.86.28 - - [16/Jul/2026:15:48:27 +0000] "GET /2026/07/15/twoje-zagraniczne-kasyna-online-testujemy-licencje-i-narzedzia-odpowiedzialnej-g/ HTTP/1.1" 404 23687 "-" "WordPress/6.8.5; https://poweringenieria.co"
213.158.86.28 - - [16/Jul/2026:15:48:29 +0000] "HEAD /2026/07/15/twoje-zagraniczne-kasyna-online-testujemy-licencje-i-narzedzia-odpowiedzialnej-g/ HTTP/1.1" 404 0 "-" "WordPress/6.8.5; https://poweringenieria.co"
66.249.65.197 - - [16/Jul/2026:15:48:33 +0000] "GET /?q=17397214753841 HTTP/1.1" 200 26286 "-" "Mozilla/5.0 (compatible; Googlebot/2.1; +http://www.google.com/bot.html)"
216.73.217.150 - - [16/Jul/2026:15:48:37 +0000] "GET /robots.txt HTTP/2" 200 67 "-" "Mozilla/5.0 AppleWebKit/537.36 (KHTML, like Gecko; compatible; ClaudeBot/1.0; +claudebot@anthropic.com)"
216.73.217.150 - - [16/Jul/2026:15:48:37 +0000] "GET /?q=93562931452894 HTTP/2" 200 25614 "-" "Mozilla/5.0 AppleWebKit/537.36 (KHTML, like Gecko; compatible; ClaudeBot/1.0; +claudebot@anthropic.com)"
216.73.217.150 - - [16/Jul/2026:15:48:37 +0000] "GET /?q=37102485196269 HTTP/2" 200 25616 "-" "Mozilla/5.0 AppleWebKit/537.36 (KHTML, like Gecko; compatible; ClaudeBot/1.0; +claudebot@anthropic.com)"
216.73.217.150 - - [16/Jul/2026:15:48:45 +0000] "GET /?q=5608958366755 HTTP/2" 200 25616 "-" "Mozilla/5.0 AppleWebKit/537.36 (KHTML, like Gecko; compatible; ClaudeBot/1.0; +claudebot@anthropic.com)"
216.73.217.150 - - [16/Jul/2026:15:49:03 +0000] "GET /?q=40158148407448 HTTP/2" 200 25616 "-" "Mozilla/5.0 AppleWebKit/537.36 (KHTML, like Gecko; compatible; ClaudeBot/1.0; +claudebot@anthropic.com)"
66.249.65.199 - - [16/Jul/2026:15:49:14 +0000] "GET /?q=50888251584711 HTTP/1.1" 200 25527 "-" "Mozilla/5.0 (Linux; Android 6.0.1; Nexus 5X Build/MMB29P) AppleWebKit/537.36 (KHTML, like Gecko) Chrome/150.0.7871.114 Mobile Safari/537.36 (compatible; Googlebot/2.1; +http://www.google.com/bot.html)"
216.73.217.150 - - [16/Jul/2026:15:50:19 +0000] "GET /?q=62881118078387 HTTP/2" 200 25616 "-" "Mozilla/5.0 AppleWebKit/537.36 (KHTML, like Gecko; compatible; ClaudeBot/1.0; +claudebot@anthropic.com)"
216.73.217.150 - - [16/Jul/2026:15:50:24 +0000] "GET /?q=84554014257653 HTTP/2" 200 25616 "-" "Mozilla/5.0 AppleWebKit/537.36 (KHTML, like Gecko; compatible; ClaudeBot/1.0; +claudebot@anthropic.com)"
66.249.65.198 - - [16/Jul/2026:15:50:40 +0000] "GET /?q=2277996652943 HTTP/1.1" 200 24713 "-" "Mozilla/5.0 (Linux; Android 6.0.1; Nexus 5X Build/MMB29P) AppleWebKit/537.36 (KHTML, like Gecko) Chrome/150.0.7871.114 Mobile Safari/537.36 (compatible; Googlebot/2.1; +http://www.google.com/bot.html)"
216.73.217.150 - - [16/Jul/2026:15:50:52 +0000] "GET /?q=3014299675409 HTTP/2" 200 25616 "-" "Mozilla/5.0 AppleWebKit/537.36 (KHTML, like Gecko; compatible; ClaudeBot/1.0; +claudebot@anthropic.com)"
66.249.65.198 - - [16/Jul/2026:15:51:09 +0000] "GET /?q=17548359305187 HTTP/1.1" 200 25872 "-" "Mozilla/5.0 (Linux; Android 6.0.1; Nexus 5X Build/MMB29P) AppleWebKit/537.36 (KHTML, like Gecko) Chrome/150.0.7871.114 Mobile Safari/537.36 (compatible; Googlebot/2.1; +http://www.google.com/bot.html)"
66.249.65.197 - - [16/Jul/2026:15:51:30 +0000] "GET /?q=90078730706900 HTTP/1.1" 200 25328 "-" "Mozilla/5.0 (compatible; Googlebot/2.1; +http://www.google.com/bot.html)"
66.249.65.197 - - [16/Jul/2026:15:51:40 +0000] "GET /index.php?q=7384468580776 HTTP/1.1" 200 24820 "-" "Mozilla/5.0 (Linux; Android 6.0.1; Nexus 5X Build/MMB29P) AppleWebKit/537.36 (KHTML, like Gecko) Chrome/150.0.7871.114 Mobile Safari/537.36 (compatible; Googlebot/2.1; +http://www.google.com/bot.html)"
216.73.217.150 - - [16/Jul/2026:15:51:55 +0000] "GET /?q=12097691985248 HTTP/2" 200 25616 "-" "Mozilla/5.0 AppleWebKit/537.36 (KHTML, like Gecko; compatible; ClaudeBot/1.0; +claudebot@anthropic.com)"
216.73.217.150 - - [16/Jul/2026:15:51:55 +0000] "GET /?q=22940887266573 HTTP/2" 200 25616 "-" "Mozilla/5.0 AppleWebKit/537.36 (KHTML, like Gecko; compatible; ClaudeBot/1.0; +claudebot@anthropic.com)"
66.249.65.199 - - [16/Jul/2026:15:52:39 +0000] "GET /?q=83331228072773 HTTP/1.1" 200 24974 "-" "Mozilla/5.0 (Linux; Android 6.0.1; Nexus 5X Build/MMB29P) AppleWebKit/537.36 (KHTML, like Gecko) Chrome/150.0.7871.114 Mobile Safari/537.36 (compatible; Googlebot/2.1; +http://www.google.com/bot.html)"
66.249.65.199 - - [16/Jul/2026:15:53:48 +0000] "GET /?q=51492958990163 HTTP/1.1" 200 24704 "-" "Mozilla/5.0 (compatible; Googlebot/2.1; +http://www.google.com/bot.html)"
66.249.65.199 - - [16/Jul/2026:15:54:10 +0000] "GET /?q=43995542286736 HTTP/1.1" 200 26115 "-" "Mozilla/5.0 (Linux; Android 6.0.1; Nexus 5X Build/MMB29P) AppleWebKit/537.36 (KHTML, like Gecko) Chrome/150.0.7871.114 Mobile Safari/537.36 (compatible; Googlebot/2.1; +http://www.google.com/bot.html)"
176.28.165.82 - - [16/Jul/2026:15:54:40 +0000] "HEAD / HTTP/1.1" 200 0 "https://surajauto.com/" "Mozilla/5.0 (Windows NT 10.0; Win64; x64) AppleWebKit/537.36 (KHTML, like Gecko) Chrome/91.0.4472.124 Safari/537.36"
176.28.165.82 - - [16/Jul/2026:15:54:43 +0000] "HEAD / HTTP/1.1" 200 0 "https://surajauto.com/" "Mozilla/5.0 (Windows NT 10.0; Win64; x64) AppleWebKit/537.36 (KHTML, like Gecko) Chrome/91.0.4472.124 Safari/537.36"
176.28.165.82 - - [16/Jul/2026:15:54:45 +0000] "GET /wp-login.php?wp_lang=en_US HTTP/1.1" 200 2075 "https://www.google.com/" "Mozilla/5.0 (Windows NT 10.0; Win64; x64) AppleWebKit/537.36 (KHTML, like Gecko) Chrome/91.0.4472.124 Safari/537.36"
176.28.165.82 - - [16/Jul/2026:15:54:45 +0000] "POST /wp-login.php HTTP/1.1" 302 0 "https://surajauto.com/wp-admin/" "Mozilla/5.0 (Windows NT 10.0; Win64; x64) AppleWebKit/537.36 (KHTML, like Gecko) Chrome/90.0.4430.85 Safari/537.36"
176.28.165.82 - - [16/Jul/2026:15:54:46 +0000] "GET /wp-admin/ HTTP/1.1" 200 27687 "https://surajauto.com/wp-admin/" "Mozilla/5.0 (Windows NT 10.0; Win64; x64) AppleWebKit/537.36 (KHTML, like Gecko) Chrome/90.0.4430.85 Safari/537.36"
176.28.165.82 - - [16/Jul/2026:15:54:46 +0000] "GET /wp-admin/ HTTP/1.1" 200 24796 "https://www.google.com/" "Mozilla/5.0 (Windows NT 10.0; Win64; x64) AppleWebKit/537.36 (KHTML, like Gecko) Chrome/91.0.4472.124 Safari/537.36"
176.28.165.82 - - [16/Jul/2026:15:54:47 +0000] "GET /wp-admin/plugin-install.php?tab=upload HTTP/1.1" 200 13849 "https://www.google.com/" "Mozilla/5.0 (Windows NT 10.0; Win64; x64) AppleWebKit/537.36 (KHTML, like Gecko) Chrome/91.0.4472.124 Safari/537.36"
176.28.165.82 - - [16/Jul/2026:15:54:47 +0000] "POST /wp-admin/update.php?action=upload-plugin HTTP/1.1" 403 1242 "https://surajauto.com/wp-admin/plugin-install.php" "Mozilla/5.0 (Windows NT 10.0; Win64; x64) AppleWebKit/537.36 (KHTML, like Gecko) Chrome/132.0.0.0 Safari/537.36"
176.28.165.82 - - [16/Jul/2026:15:54:48 +0000] "GET /wp-content/plugins/avrho/index.php HTTP/1.1" 301 5 "-" "python-requests/2.34.2"
98.159.37.79 - - [16/Jul/2026:15:54:49 +0000] "POST /wp-login.php HTTP/1.1" 200 2461 "-" "Mozilla/5.0 (Windows NT 10.0; Win64; x64) AppleWebKit/537.36 Chrome/129.0.0.0 Safari/537.36"
188.164.197.230 - - [16/Jul/2026:15:54:49 +0000] "GET /wp-login.php HTTP/2" 200 2075 "-" "Mozilla/5.0 (iPhone; CPU iPhone OS 18_0 like Mac OS X) AppleWebKit/605.1.15 (KHTML, like Gecko) CriOS/146.0.6917.0 Mobile/15E148 Safari/604.1"
216.24.210.53 - - [16/Jul/2026:15:54:49 +0000] "POST /wp-login.php HTTP/1.1" 200 2469 "-" "Mozilla/5.0 (Macintosh; Intel Mac OS X 10_15_7) AppleWebKit/605.1.15 Version/17.0 Safari/605.1.15"
176.28.165.82 - - [16/Jul/2026:15:54:49 +0000] "GET /wp-content/plugins/avrho/ HTTP/1.1" 404 20090 "-" "python-requests/2.34.2"
176.28.165.82 - - [16/Jul/2026:15:54:51 +0000] "GET /wp-admin/ HTTP/1.1" 200 24794 "-" "Mozilla/5.0 (Windows NT 10.0; Win64; x64) AppleWebKit/537.36 (KHTML, like Gecko) Chrome/133.0.0.0 Safari/537.36"
188.164.197.230 - - [16/Jul/2026:15:54:51 +0000] "POST /wp-login.php HTTP/2" 200 2210 "https://surajauto.com/wp-login.php" "Mozilla/5.0 (iPhone; CPU iPhone OS 18_0 like Mac OS X) AppleWebKit/605.1.15 (KHTML, like Gecko) CriOS/146.0.6917.0 Mobile/15E148 Safari/604.1"
176.28.165.82 - - [16/Jul/2026:15:54:51 +0000] "POST /wp-admin/admin-ajax.php HTTP/1.1" 200 131 "-" "Mozilla/5.0 (Windows NT 10.0; Win64; x64) AppleWebKit/537.36 (KHTML, like Gecko) Chrome/133.0.0.0 Safari/537.36"
176.28.165.82 - - [16/Jul/2026:15:54:58 +0000] "POST /wp-admin/admin-ajax.php HTTP/1.1" 200 125 "-" "Mozilla/5.0 (Windows NT 10.0; Win64; x64) AppleWebKit/537.36 (KHTML, like Gecko) Chrome/133.0.0.0 Safari/537.36"
176.28.165.82 - - [16/Jul/2026:15:54:59 +0000] "GET /wp-admin/plugins.php HTTP/1.1" 200 16653 "-" "Mozilla/5.0 (Windows NT 10.0; Win64; x64) AppleWebKit/537.36 (KHTML, like Gecko) Chrome/133.0.0.0 Safari/537.36"
176.28.165.82 - - [16/Jul/2026:15:54:59 +0000] "GET /wp-admin/admin.php?page=wp_file_manager HTTP/1.1" 200 14602 "https://www.google.com/" "Mozilla/5.0 (Windows NT 10.0; Win64; x64) AppleWebKit/537.36 (KHTML, like Gecko) Chrome/91.0.4472.124 Safari/537.36"
176.28.165.82 - - [16/Jul/2026:15:55:00 +0000] "POST /wp-admin/admin-ajax.php HTTP/1.1" 200 695 "https://surajauto.com/wp-admin/admin.php?ssd" "Mozilla/5.0 (Windows NT 10.0; Win64; x64) AppleWebKit/537.36 (KHTML, like Gecko) Chrome/133.0.0.0 Safari/537.36"
176.28.165.82 - - [16/Jul/2026:15:55:01 +0000] "GET /giawq.php HTTP/1.1" 403 1242 "https://www.google.com/" "Mozilla/5.0 (Windows NT 10.0; Win64; x64) AppleWebKit/537.36 (KHTML, like Gecko) Chrome/91.0.4472.124 Safari/537.36"
176.28.165.82 - - [16/Jul/2026:15:55:01 +0000] "GET /wp-admin/theme-install.php?tab=upload HTTP/1.1" 403 1242 "https://www.google.com/" "Mozilla/5.0 (Windows NT 10.0; Win64; x64) AppleWebKit/537.36 (KHTML, like Gecko) Chrome/91.0.4472.124 Safari/537.36"
176.28.165.82 - - [16/Jul/2026:15:55:01 +0000] "GET /wp-admin/ HTTP/1.1" 200 24794 "-" "Mozilla/5.0 (Windows NT 10.0; Win64; x64) AppleWebKit/537.36 (KHTML, like Gecko) Chrome/133.0.0.0 Safari/537.36"
176.28.165.82 - - [16/Jul/2026:15:55:02 +0000] "GET /wp-admin/plugin-editor.php?plugin=wp-file-manager%2Ffile_folder_manager.php&Submit=Select HTTP/1.1" 200 44212 "-" "Mozilla/5.0 (Windows NT 10.0; Win64; x64) AppleWebKit/537.36 (KHTML, like Gecko) Chrome/133.0.0.0 Safari/537.36"
190.92.174.91 - - [16/Jul/2026:15:55:03 +0000] "GET /wp-admin/plugin-editor.php?plugin=wp-file-manager%2Ffile_folder_manager.php&file=wp-file-manager%2Ffile_folder_manager.php&wp_scrape_key=4fc1509da7564d1ea1ec7ad0e3f8dee9&wp_scrape_nonce=360255352 HTTP/1.1" 200 8435 "-" "WordPress/7.0.1; https://surajauto.com"
190.92.174.91 - - [16/Jul/2026:15:55:03 +0000] "GET /?wp_scrape_key=4fc1509da7564d1ea1ec7ad0e3f8dee9&wp_scrape_nonce=360255352 HTTP/1.1" 200 6556 "-" "WordPress/7.0.1; https://surajauto.com"
176.28.165.82 - - [16/Jul/2026:15:55:03 +0000] "POST /wp-admin/admin-ajax.php HTTP/1.1" 200 56 "-" "Mozilla/5.0 (Windows NT 10.0; Win64; x64) AppleWebKit/537.36 (KHTML, like Gecko) Chrome/133.0.0.0 Safari/537.36"
176.28.165.82 - - [16/Jul/2026:15:55:05 +0000] "GET /wp-content/plugins/wp-file-manager/file_folder_manager.php HTTP/1.1" 403 1242 "https://www.google.com/" "Mozilla/5.0 (Windows NT 10.0; Win64; x64) AppleWebKit/537.36 (KHTML, like Gecko) Chrome/91.0.4472.124 Safari/537.36"
176.28.165.82 - - [16/Jul/2026:15:55:05 +0000] "POST /wp-admin/admin-ajax.php HTTP/1.1" 200 6254 "https://surajauto.com/wp-admin/plugin-editor.php" "Mozilla/5.0 (Windows NT 10.0; Win64; x64) AppleWebKit/537.36 (KHTML, like Gecko) Chrome/138.0.0.0 Safari/537.36"
176.28.165.82 - - [16/Jul/2026:15:55:05 +0000] "GET /wp-admin/plugin-editor.php HTTP/1.1" 200 6199 "https://surajauto.com/wp-admin/plugin-editor.php" "Mozilla/5.0 (Windows NT 10.0; Win64; x64) AppleWebKit/537.36 (KHTML, like Gecko) Chrome/138.0.0.0 Safari/537.36"
66.249.65.197 - - [16/Jul/2026:15:55:38 +0000] "GET /?q=98797711909499 HTTP/1.1" 200 24783 "-" "Mozilla/5.0 (Linux; Android 6.0.1; Nexus 5X Build/MMB29P) AppleWebKit/537.36 (KHTML, like Gecko) Chrome/150.0.7871.114 Mobile Safari/537.36 (compatible; Googlebot/2.1; +http://www.google.com/bot.html)"
66.249.65.197 - - [16/Jul/2026:15:55:43 +0000] "GET /index.php?q=82761392373954 HTTP/1.1" 200 25128 "-" "Mozilla/5.0 (Linux; Android 6.0.1; Nexus 5X Build/MMB29P) AppleWebKit/537.36 (KHTML, like Gecko) Chrome/150.0.7871.114 Mobile Safari/537.36 (compatible; Googlebot/2.1; +http://www.google.com/bot.html)"
66.249.65.198 - - [16/Jul/2026:15:56:16 +0000] "GET /?q=66859526022461 HTTP/1.1" 200 26581 "-" "Mozilla/5.0 (Linux; Android 6.0.1; Nexus 5X Build/MMB29P) AppleWebKit/537.36 (KHTML, like Gecko) Chrome/150.0.7871.114 Mobile Safari/537.36 (compatible; Googlebot/2.1; +http://www.google.com/bot.html)"
40.77.167.75 - - [16/Jul/2026:15:56:32 +0000] "GET /2026/06/28/plinko-erfahrungen-fiese-betrugsmasche-fake-apps/ HTTP/2" 200 25231 "-" "Mozilla/5.0 AppleWebKit/537.36 (KHTML, like Gecko; compatible; bingbot/2.0; +http://www.bing.com/bingbot.htm) Chrome/116.0.1938.76 Safari/537.36"
40.77.167.156 - - [16/Jul/2026:15:58:39 +0000] "GET /?q=98198834009644 HTTP/2" 200 24826 "-" "Mozilla/5.0 AppleWebKit/537.36 (KHTML, like Gecko; compatible; bingbot/2.0; +http://www.bing.com/bingbot.htm) Chrome/116.0.1938.76 Safari/537.36"
66.249.65.198 - - [16/Jul/2026:15:58:41 +0000] "GET /?q=42237946259659 HTTP/1.1" 200 25013 "-" "Mozilla/5.0 (Linux; Android 6.0.1; Nexus 5X Build/MMB29P) AppleWebKit/537.36 (KHTML, like Gecko) Chrome/150.0.7871.114 Mobile Safari/537.36 (compatible; Googlebot/2.1; +http://www.google.com/bot.html)"
66.249.65.197 - - [16/Jul/2026:15:58:52 +0000] "GET /?q=91927416567715 HTTP/1.1" 200 25562 "-" "Mozilla/5.0 (Linux; Android 6.0.1; Nexus 5X Build/MMB29P) AppleWebKit/537.36 (KHTML, like Gecko) Chrome/150.0.7871.114 Mobile Safari/537.36 (compatible; Googlebot/2.1; +http://www.google.com/bot.html)"
66.249.65.198 - - [16/Jul/2026:15:59:25 +0000] "GET /?q=65685188660814 HTTP/1.1" 200 24959 "-" "Mozilla/5.0 (compatible; Googlebot/2.1; +http://www.google.com/bot.html)"
66.249.65.197 - - [16/Jul/2026:16:00:00 +0000] "GET /?q=71002961266335 HTTP/1.1" 200 25084 "-" "Mozilla/5.0 (compatible; Googlebot/2.1; +http://www.google.com/bot.html)"
57.141.0.32 - - [16/Jul/2026:16:00:04 +0000] "GET /2026/06/28/best-online-casinos-in-canada-with-live-dealer-options-your-comprehensive-guide/feed/ HTTP/2" 200 111226 "-" "Mozilla/5.0 (Macintosh; Intel Mac OS X 10_15_7) AppleWebKit/537.36 (KHTML, like Gecko) Chrome/145.0.0.0 Safari/537.36 (compatible; meta-externalagent/1.1 (+https://developers.facebook.com/docs/sharing/webmasters/crawler))"
66.249.65.197 - - [16/Jul/2026:16:00:28 +0000] "GET /?q=53154076388035 HTTP/1.1" 200 26128 "-" "Mozilla/5.0 (compatible; Googlebot/2.1; +http://www.google.com/bot.html)"
66.249.65.199 - - [16/Jul/2026:16:01:12 +0000] "GET /?q=38927965111259 HTTP/1.1" 200 24833 "-" "Mozilla/5.0 (Linux; Android 6.0.1; Nexus 5X Build/MMB29P) AppleWebKit/537.36 (KHTML, like Gecko) Chrome/150.0.7871.114 Mobile Safari/537.36 (compatible; Googlebot/2.1; +http://www.google.com/bot.html)"
66.249.65.197 - - [16/Jul/2026:16:02:35 +0000] "GET /?q=80934444947819 HTTP/1.1" 200 25238 "-" "Mozilla/5.0 (Linux; Android 6.0.1; Nexus 5X Build/MMB29P) AppleWebKit/537.36 (KHTML, like Gecko) Chrome/150.0.7871.114 Mobile Safari/537.36 (compatible; Googlebot/2.1; +http://www.google.com/bot.html)"
66.249.65.197 - - [16/Jul/2026:16:03:10 +0000] "GET /index.php?q=98496616924364 HTTP/1.1" 200 25007 "-" "Mozilla/5.0 (compatible; Googlebot/2.1; +http://www.google.com/bot.html)"
66.249.65.198 - - [16/Jul/2026:16:04:26 +0000] "GET /?q=84320008933875 HTTP/1.1" 200 25484 "-" "Mozilla/5.0 (compatible; Googlebot/2.1; +http://www.google.com/bot.html)"
66.249.65.197 - - [16/Jul/2026:16:06:29 +0000] "GET /?q=22644206653882 HTTP/1.1" 200 25483 "-" "Mozilla/5.0 (Linux; Android 6.0.1; Nexus 5X Build/MMB29P) AppleWebKit/537.36 (KHTML, like Gecko) Chrome/150.0.7871.114 Mobile Safari/537.36 (compatible; Googlebot/2.1; +http://www.google.com/bot.html)"
