66.249.65.197 - - [16/Jul/2026:16:06:32 +0000] "GET /?q=20362602185491 HTTP/1.1" 200 24614 "-" "Mozilla/5.0 (Linux; Android 6.0.1; Nexus 5X Build/MMB29P) AppleWebKit/537.36 (KHTML, like Gecko) Chrome/150.0.7871.114 Mobile Safari/537.36 (compatible; Googlebot/2.1; +http://www.google.com/bot.html)"
66.249.65.199 - - [16/Jul/2026:16:07:42 +0000] "GET /?q=3112015888503 HTTP/1.1" 200 24969 "-" "Mozilla/5.0 (Linux; Android 6.0.1; Nexus 5X Build/MMB29P) AppleWebKit/537.36 (KHTML, like Gecko) Chrome/150.0.7871.114 Mobile Safari/537.36 (compatible; Googlebot/2.1; +http://www.google.com/bot.html)"
66.249.65.197 - - [16/Jul/2026:16:07:53 +0000] "GET /?q=11518655436603 HTTP/1.1" 200 25794 "-" "Mozilla/5.0 (compatible; Googlebot/2.1; +http://www.google.com/bot.html)"
92.40.198.143 - - [16/Jul/2026:16:08:08 +0000] "GET /2026/07/10/aviator-krash-igra-v-onlayn-kazino/ HTTP/1.1" 200 6738 "-" "Mozilla/4.0 (compatible; MSIE 7.0b; Windows NT 5.1; .NET CLR 1.1.4322; Alexa Toolbar; .NET CLR 2.0.50727)"
66.249.65.199 - - [16/Jul/2026:16:08:28 +0000] "GET /?q=46790530654719 HTTP/1.1" 200 25092 "-" "Mozilla/5.0 (Linux; Android 6.0.1; Nexus 5X Build/MMB29P) AppleWebKit/537.36 (KHTML, like Gecko) Chrome/150.0.7871.114 Mobile Safari/537.36 (compatible; Googlebot/2.1; +http://www.google.com/bot.html)"
66.249.65.197 - - [16/Jul/2026:16:09:07 +0000] "GET /?q=23428650342195 HTTP/1.1" 200 24524 "-" "Mozilla/5.0 (Linux; Android 6.0.1; Nexus 5X Build/MMB29P) AppleWebKit/537.36 (KHTML, like Gecko) Chrome/150.0.7871.114 Mobile Safari/537.36 (compatible; Googlebot/2.1; +http://www.google.com/bot.html)"
182.180.29.37 - - [16/Jul/2026:16:09:20 +0000] "GET /robots.txt HTTP/1.1" 200 67 "-" "Mozilla/5.0 (Macintosh; Intel Mac OS X 12_6_0) AppleWebKit/537.36 (KHTML, like Gecko) Chrome/132.0.6834.83 Safari/537.36"
66.249.65.198 - - [16/Jul/2026:16:10:04 +0000] "GET /index.php?q=42260469578460 HTTP/1.1" 200 25161 "-" "Mozilla/5.0 (Linux; Android 6.0.1; Nexus 5X Build/MMB29P) AppleWebKit/537.36 (KHTML, like Gecko) Chrome/150.0.7871.114 Mobile Safari/537.36 (compatible; Googlebot/2.1; +http://www.google.com/bot.html)"
95.246.98.117 - - [16/Jul/2026:16:10:26 +0000] "GET /2026/07/10/co-hledat-pri-vyberu-zahranicni-casina-pro-ceske-hrace/ HTTP/1.1" 200 6738 "-" "Mozilla/5.0 (Macintosh; Intel Mac OS X 11.0; rv:135.0) Gecko/20100101 Firefox/135.0"
66.249.65.39 - - [16/Jul/2026:16:10:32 +0000] "GET /favicon.ico HTTP/1.1" 404 1251 "-" "Googlebot-Image/1.0"
66.249.65.198 - - [16/Jul/2026:16:12:24 +0000] "GET /?q=59258891489535 HTTP/1.1" 200 24758 "-" "Mozilla/5.0 (Linux; Android 6.0.1; Nexus 5X Build/MMB29P) AppleWebKit/537.36 (KHTML, like Gecko) Chrome/150.0.7871.114 Mobile Safari/537.36 (compatible; Googlebot/2.1; +http://www.google.com/bot.html)"
202.76.168.86 - - [16/Jul/2026:16:12:43 +0000] "GET /2026/07/12/le-offerte-piu-allettanti-nei-migliori-casino-non-aams/ HTTP/1.1" 200 6562 "-" "Mozilla/5.0 (Windows NT 10.0; Win64; x64) AppleWebKit/537.36 (KHTML, like Gecko) Chrome/125.0.6422.60 Safari/537.36"
66.249.65.197 - - [16/Jul/2026:16:12:44 +0000] "GET /?q=78742549714659 HTTP/1.1" 200 24866 "-" "Mozilla/5.0 (Linux; Android 6.0.1; Nexus 5X Build/MMB29P) AppleWebKit/537.36 (KHTML, like Gecko) Chrome/150.0.7871.114 Mobile Safari/537.36 (compatible; Googlebot/2.1; +http://www.google.com/bot.html)"
160.187.68.214 - - [16/Jul/2026:16:12:51 +0000] "GET /wp-login.php HTTP/2" 200 5254 "-" "Mozilla/5.0 (iPhone; CPU iPhone OS 26_4_2 like Mac OS X) AppleWebKit/605.1.15 (KHTML, like Gecko) CriOS/148.0.7778.47 Mobile/15E148 Safari/604.1"
160.187.68.214 - - [16/Jul/2026:16:12:51 +0000] "POST /wp-login.php?pilihan&path=/home/surajaut/public_html HTTP/2" 200 5202 "https://surajauto.com/wp-login.php" "Mozilla/5.0 (iPhone; CPU iPhone OS 26_4_2 like Mac OS X) AppleWebKit/605.1.15 (KHTML, like Gecko) CriOS/148.0.7778.47 Mobile/15E148 Safari/604.1"
66.249.65.198 - - [16/Jul/2026:16:13:57 +0000] "GET /?q=93205191408379 HTTP/1.1" 200 24784 "-" "Mozilla/5.0 (Linux; Android 6.0.1; Nexus 5X Build/MMB29P) AppleWebKit/537.36 (KHTML, like Gecko) Chrome/150.0.7871.114 Mobile Safari/537.36 (compatible; Googlebot/2.1; +http://www.google.com/bot.html)"
66.249.65.199 - - [16/Jul/2026:16:14:23 +0000] "GET /?q=56933766234765 HTTP/1.1" 200 25149 "-" "Mozilla/5.0 (Linux; Android 6.0.1; Nexus 5X Build/MMB29P) AppleWebKit/537.36 (KHTML, like Gecko) Chrome/150.0.7871.114 Mobile Safari/537.36 (compatible; Googlebot/2.1; +http://www.google.com/bot.html)"
88.148.126.176 - - [16/Jul/2026:16:14:25 +0000] "POST /xmlrpc.php HTTP/1.1" 200 111225 "https://surajauto.com/wp-admin/" "Mozilla/5.0 (Windows NT 10.0; Win64; x64) AppleWebKit/537.36 (KHTML, like Gecko) Chrome/132.0.0.0 Safari/537.36"
46.202.161.27 - - [16/Jul/2026:16:14:32 +0000] "HEAD /2026/07/15/twoje-zagraniczne-kasyna-online-testujemy-licencje-i-narzedzia-odpowiedzialnej-g/ HTTP/1.1" 200 0 "-" "WordPress/6.9.4; https://theabayaworld.com"
46.202.161.27 - - [16/Jul/2026:16:14:32 +0000] "GET /2026/07/15/twoje-zagraniczne-kasyna-online-testujemy-licencje-i-narzedzia-odpowiedzialnej-g/ HTTP/1.1" 200 6662 "-" "WordPress/6.9.4; https://theabayaworld.com"
46.202.161.27 - - [16/Jul/2026:16:14:38 +0000] "HEAD /2026/07/15/twoje-zagraniczne-kasyna-online-testujemy-licencje-i-narzedzia-odpowiedzialnej-g/ HTTP/1.1" 200 0 "-" "WordPress/6.9.4; https://theabayaworld.com"
66.249.65.197 - - [16/Jul/2026:16:14:54 +0000] "GET /?q=23752138569042 HTTP/1.1" 200 25629 "-" "Mozilla/5.0 (compatible; Googlebot/2.1; +http://www.google.com/bot.html)"
90.160.148.226 - - [16/Jul/2026:16:15:15 +0000] "GET /2025/07/13/analisi-del-gioco-d-azzardo-online-il-caso-della-slot-machine-chicken-road-2/ HTTP/1.1" 200 6738 "-" "Mozilla/5.0 (Macintosh; Intel Mac OS X 13.4; rv:126.0) Gecko/20100101 Firefox/126.0"
66.249.65.197 - - [16/Jul/2026:16:15:30 +0000] "GET /?q=14954285306686 HTTP/1.1" 200 26380 "-" "Mozilla/5.0 (Linux; Android 6.0.1; Nexus 5X Build/MMB29P) AppleWebKit/537.36 (KHTML, like Gecko) Chrome/150.0.7871.114 Mobile Safari/537.36 (compatible; Googlebot/2.1; +http://www.google.com/bot.html)"
52.167.144.23 - - [16/Jul/2026:16:15:34 +0000] "GET /2025/07/13/ugyfelszolgalat-es-digitalis-kommunikacio-a-modern-ugyfelszolgalatok-fejlodese-2/ HTTP/2" 200 25771 "-" "Mozilla/5.0 AppleWebKit/537.36 (KHTML, like Gecko; compatible; bingbot/2.0; +http://www.bing.com/bingbot.htm) Chrome/116.0.1938.76 Safari/537.36"
66.249.65.198 - - [16/Jul/2026:16:17:23 +0000] "GET /?q=10641384232977 HTTP/1.1" 200 25536 "-" "Mozilla/5.0 (Linux; Android 6.0.1; Nexus 5X Build/MMB29P) AppleWebKit/537.36 (KHTML, like Gecko) Chrome/150.0.7871.114 Mobile Safari/537.36 (compatible; Googlebot/2.1; +http://www.google.com/bot.html)"
41.219.189.2 - - [16/Jul/2026:16:17:33 +0000] "GET /2025/07/13/az-online-kaszinok-es-a-szerencsejatek-digitalizacioja/ HTTP/1.1" 200 6738 "-" "Mozilla/5.0 (Macintosh; Intel Mac OS X 12_1_0) AppleWebKit/537.36 (KHTML, like Gecko) Chrome/128.0.6613.137 Safari/537.36"
66.249.65.199 - - [16/Jul/2026:16:19:19 +0000] "GET /?q=93584890229643 HTTP/1.1" 200 24751 "-" "Mozilla/5.0 (compatible; Googlebot/2.1; +http://www.google.com/bot.html)"
175.143.187.117 - - [16/Jul/2026:16:19:50 +0000] "GET /2025/07/13/il-ruolo-delle-slot-machine-online-nel-panorama-del-gaming-digitale/ HTTP/1.1" 200 6560 "-" "Mozilla/5.0 (Macintosh; Intel Mac OS X 13_6_4) AppleWebKit/537.36 (KHTML, like Gecko) Chrome/133.0.6943.141 Safari/537.36"
66.249.65.197 - - [16/Jul/2026:16:19:59 +0000] "GET /?q=78446068831296 HTTP/1.1" 200 24870 "-" "Mozilla/5.0 (Linux; Android 6.0.1; Nexus 5X Build/MMB29P) AppleWebKit/537.36 (KHTML, like Gecko) Chrome/150.0.7871.114 Mobile Safari/537.36 (compatible; Googlebot/2.1; +http://www.google.com/bot.html)"
66.249.65.197 - - [16/Jul/2026:16:20:37 +0000] "GET /?q=39404728947923 HTTP/1.1" 200 24898 "-" "Mozilla/5.0 (compatible; Googlebot/2.1; +http://www.google.com/bot.html)"
66.249.65.198 - - [16/Jul/2026:16:21:03 +0000] "GET /?q=82979934329373 HTTP/1.1" 200 25700 "-" "Mozilla/5.0 (compatible; Googlebot/2.1; +http://www.google.com/bot.html)"
66.249.65.197 - - [16/Jul/2026:16:21:30 +0000] "GET /?q=32627568500640 HTTP/1.1" 200 24652 "-" "Mozilla/5.0 (compatible; Googlebot/2.1; +http://www.google.com/bot.html)"
57.141.0.50 - - [16/Jul/2026:16:21:35 +0000] "GET /wp-json/wp/v2/posts/2758 HTTP/2" 200 111226 "-" "Mozilla/5.0 (Windows NT 10.0; Win64; x64) AppleWebKit/537.36 (KHTML, like Gecko) Chrome/145.0.0.0 Safari/537.36 (compatible; meta-externalagent/1.1 (+https://developers.facebook.com/docs/sharing/webmasters/crawler))"
66.249.65.197 - - [16/Jul/2026:16:21:41 +0000] "GET /?q=10266505371236 HTTP/1.1" 200 24441 "-" "Mozilla/5.0 (compatible; Googlebot/2.1; +http://www.google.com/bot.html)"
66.249.65.197 - - [16/Jul/2026:16:21:42 +0000] "GET /?q=85182332191415 HTTP/1.1" 200 25060 "-" "Mozilla/5.0 (compatible; Googlebot/2.1; +http://www.google.com/bot.html)"
109.196.195.67 - - [16/Jul/2026:16:22:11 +0000] "GET /2025/07/13/innovationen-im-bereich-digitaler-freizeitangebote-die-bedeutung-von-qualitatsgesicherten-probeseiten/ HTTP/1.1" 200 6702 "-" "Mozilla/5.0 (Windows NT 10.0; WOW64; rv:131.0) Gecko/20100101 Firefox/131.0"
66.249.65.199 - - [16/Jul/2026:16:22:42 +0000] "GET /?q=43421676505113 HTTP/1.1" 200 24620 "-" "Mozilla/5.0 (Linux; Android 6.0.1; Nexus 5X Build/MMB29P) AppleWebKit/537.36 (KHTML, like Gecko) Chrome/150.0.7871.114 Mobile Safari/537.36 (compatible; Googlebot/2.1; +http://www.google.com/bot.html)"
66.249.65.198 - - [16/Jul/2026:16:22:47 +0000] "GET /?q=81558963048180 HTTP/1.1" 200 25528 "-" "Mozilla/5.0 (Linux; Android 6.0.1; Nexus 5X Build/MMB29P) AppleWebKit/537.36 (KHTML, like Gecko) Chrome/150.0.7871.114 Mobile Safari/537.36 (compatible; Googlebot/2.1; +http://www.google.com/bot.html)"
152.59.50.233 - - [16/Jul/2026:16:24:30 +0000] "GET /2025/07/13/innovative-technologien-im-grossbass-sounddesign-eine-branchenanalyse/ HTTP/1.1" 200 6738 "-" "Mozilla/5.0 (Macintosh; Intel Mac OS X 14_7_1) AppleWebKit/537.36 (KHTML, like Gecko) Chrome/132.0.6834.160 Safari/537.36"
17.246.15.54 - - [16/Jul/2026:16:24:59 +0000] "GET /robots.txt HTTP/2" 200 67 "-" "Mozilla/5.0 (Macintosh; Intel Mac OS X 10_15_7) AppleWebKit/605.1.15 (KHTML, like Gecko) Version/17.4 Safari/605.1.15 (Applebot/0.1; +http://www.apple.com/go/applebot)"
17.246.15.54 - - [16/Jul/2026:16:24:59 +0000] "GET /2026/07/10/candybet-casino-aggiunge-500-nuovi-giochi-alla-sua-offerta/ HTTP/2" 200 6738 "-" "Mozilla/5.0 (Macintosh; Intel Mac OS X 10_15_7) AppleWebKit/605.1.15 (KHTML, like Gecko) Version/17.4 Safari/605.1.15 (Applebot/0.1; +http://www.apple.com/go/applebot)"
45.237.72.198 - - [16/Jul/2026:16:26:45 +0000] "GET /2025/07/13/reactoonz-menestystarina-ja-pelaajien-kokemukset/ HTTP/1.1" 200 6738 "-" "Mozilla/5.0 (Macintosh; Intel Mac OS X 15_4_1) AppleWebKit/537.36 (KHTML, like Gecko) Chrome/134.0.6998.88 Safari/537.36"
66.249.65.197 - - [16/Jul/2026:16:26:51 +0000] "GET /?q=76082971339680 HTTP/1.1" 200 24751 "-" "Mozilla/5.0 (compatible; Googlebot/2.1; +http://www.google.com/bot.html)"
66.249.65.198 - - [16/Jul/2026:16:27:18 +0000] "GET /?q=25387373088812 HTTP/1.1" 200 25346 "-" "Mozilla/5.0 (compatible; Googlebot/2.1; +http://www.google.com/bot.html)"
93.35.130.245 - - [16/Jul/2026:16:29:03 +0000] "GET /2025/07/13/the-evolution-of-modern-reel-technology-in-freshwater-bass-fishing/ HTTP/1.1" 200 6618 "-" "Mozilla/5.0 (Macintosh; Intel Mac OS X 15_2_0) AppleWebKit/537.36 (KHTML, like Gecko) Chrome/133.0.6943.53 Safari/537.36"
66.249.65.197 - - [16/Jul/2026:16:29:15 +0000] "GET /?q=71562473000518 HTTP/1.1" 200 24525 "-" "Mozilla/5.0 (Linux; Android 6.0.1; Nexus 5X Build/MMB29P) AppleWebKit/537.36 (KHTML, like Gecko) Chrome/150.0.7871.114 Mobile Safari/537.36 (compatible; Googlebot/2.1; +http://www.google.com/bot.html)"
66.249.65.199 - - [16/Jul/2026:16:31:07 +0000] "GET /?q=74266899624417 HTTP/1.1" 200 24870 "-" "Mozilla/5.0 (compatible; Googlebot/2.1; +http://www.google.com/bot.html)"
190.219.94.205 - - [16/Jul/2026:16:31:21 +0000] "GET /2026/06/25/popular-myths-about-online-casinos-canada-debunked-2/ HTTP/1.1" 200 6737 "-" "Mozilla/5.0 (Macintosh; Intel Mac OS X 10_15_7) AppleWebKit/537.36 (KHTML, like Gecko) Chrome/125.0.6422.141 Safari/537.36"
66.249.65.197 - - [16/Jul/2026:16:31:20 +0000] "GET /?q=81535239433399 HTTP/1.1" 200 24768 "-" "Mozilla/5.0 (compatible; Googlebot/2.1; +http://www.google.com/bot.html)"
140.99.201.26 - - [16/Jul/2026:16:31:22 +0000] "GET /2971-bright019 HTTP/1.1" 200 205560 "-" "Mozilla/5.0+(compatible;+Googlebot/2.1;++http://www.google.com/bot.html)"
66.249.65.197 - - [16/Jul/2026:16:31:52 +0000] "GET /?q=22422057258235 HTTP/1.1" 200 24832 "-" "Mozilla/5.0 (compatible; Googlebot/2.1; +http://www.google.com/bot.html)"
66.249.65.197 - - [16/Jul/2026:16:31:53 +0000] "GET /?q=96398474576384 HTTP/1.1" 200 25183 "-" "Mozilla/5.0 (Linux; Android 6.0.1; Nexus 5X Build/MMB29P) AppleWebKit/537.36 (KHTML, like Gecko) Chrome/150.0.7871.114 Mobile Safari/537.36 (compatible; Googlebot/2.1; +http://www.google.com/bot.html)"
66.249.65.197 - - [16/Jul/2026:16:32:20 +0000] "GET /index.php?q=70379881258816 HTTP/1.1" 200 25270 "-" "Mozilla/5.0 (compatible; Googlebot/2.1; +http://www.google.com/bot.html)"
66.249.65.198 - - [16/Jul/2026:16:32:21 +0000] "GET /?q=63549733670996 HTTP/1.1" 200 25965 "-" "Mozilla/5.0 (Linux; Android 6.0.1; Nexus 5X Build/MMB29P) AppleWebKit/537.36 (KHTML, like Gecko) Chrome/150.0.7871.114 Mobile Safari/537.36 (compatible; Googlebot/2.1; +http://www.google.com/bot.html)"
66.249.65.197 - - [16/Jul/2026:16:32:25 +0000] "GET /?q=17608511627388 HTTP/1.1" 200 25443 "-" "Mozilla/5.0 (Linux; Android 6.0.1; Nexus 5X Build/MMB29P) AppleWebKit/537.36 (KHTML, like Gecko) Chrome/150.0.7871.114 Mobile Safari/537.36 (compatible; Googlebot/2.1; +http://www.google.com/bot.html)"
66.249.65.199 - - [16/Jul/2026:16:33:12 +0000] "GET /?q=53412959992424 HTTP/1.1" 200 24948 "-" "Mozilla/5.0 (compatible; Googlebot/2.1; +http://www.google.com/bot.html)"
72.136.112.164 - - [16/Jul/2026:16:33:38 +0000] "GET /2026/06/26/olimp-kazino-oficialnyy-sayt-v-kazahstane-olimp-casino/ HTTP/1.1" 200 6663 "-" "Mozilla/5.0 (Windows NT 10.0; Win64; x64) AppleWebKit/537.36 (KHTML, like Gecko) Chrome/131.0.6778.265 Safari/537.36"
66.249.65.198 - - [16/Jul/2026:16:34:40 +0000] "GET /?q=21137146506854 HTTP/1.1" 200 25097 "-" "Mozilla/5.0 (Linux; Android 6.0.1; Nexus 5X Build/MMB29P) AppleWebKit/537.36 (KHTML, like Gecko) Chrome/150.0.7871.114 Mobile Safari/537.36 (compatible; Googlebot/2.1; +http://www.google.com/bot.html)"
66.249.65.199 - - [16/Jul/2026:16:34:41 +0000] "GET /?q=28530428195588 HTTP/1.1" 200 25024 "-" "Mozilla/5.0 (Linux; Android 6.0.1; Nexus 5X Build/MMB29P) AppleWebKit/537.36 (KHTML, like Gecko) Chrome/150.0.7871.114 Mobile Safari/537.36 (compatible; Googlebot/2.1; +http://www.google.com/bot.html)"
66.249.65.199 - - [16/Jul/2026:16:34:41 +0000] "GET /?q=38815922654639 HTTP/1.1" 200 25511 "-" "Mozilla/5.0 (compatible; Googlebot/2.1; +http://www.google.com/bot.html)"
136.244.106.102 - - [16/Jul/2026:16:34:57 +0000] "GET /wp-content/plugins/hqayznabrwuqzaca/kmqbqomqkmddnrstD.php?p= HTTP/1.1" 403 1242 "-" "Mozilla/5.0 (X11; Linux x86_64) AppleWebKit/537.36 (KHTML, like Gecko) Chrome/143.0.0.0 Safari/537.36"
66.249.65.197 - - [16/Jul/2026:16:34:56 +0000] "GET /?q=41522380858849 HTTP/1.1" 200 26225 "-" "Mozilla/5.0 (compatible; Googlebot/2.1; +http://www.google.com/bot.html)"
57.141.0.5 - - [16/Jul/2026:16:35:12 +0000] "GET /author/wallacemark136/page/13/ HTTP/2" 200 111225 "-" "Mozilla/5.0 (Windows NT 10.0; Win64; x64) AppleWebKit/537.36 (KHTML, like Gecko) Chrome/145.0.0.0 Safari/537.36 (compatible; meta-externalagent/1.1 (+https://developers.facebook.com/docs/sharing/webmasters/crawler))"
177.161.240.130 - - [16/Jul/2026:16:35:58 +0000] "GET /2026/06/28/kazino-pinko-kak-otzyvy-pomogaiut-uluchshat-servis-2/ HTTP/1.1" 200 6685 "-" "Mozilla/5.0 (Macintosh; Intel Mac OS X 12_5_0) AppleWebKit/537.36 (KHTML, like Gecko) Chrome/132.0.6834.160 Safari/537.36"
66.249.65.197 - - [16/Jul/2026:16:36:16 +0000] "GET /?q=30686581163565 HTTP/1.1" 200 25689 "-" "Mozilla/5.0 (compatible; Googlebot/2.1; +http://www.google.com/bot.html)"
66.249.65.197 - - [16/Jul/2026:16:36:35 +0000] "GET /?q=33205813613308 HTTP/1.1" 200 25856 "-" "Mozilla/5.0 (Linux; Android 6.0.1; Nexus 5X Build/MMB29P) AppleWebKit/537.36 (KHTML, like Gecko) Chrome/150.0.7871.114 Mobile Safari/537.36 (compatible; Googlebot/2.1; +http://www.google.com/bot.html)"
66.249.65.198 - - [16/Jul/2026:16:37:03 +0000] "GET /?q=63336535678245 HTTP/1.1" 200 24939 "-" "Mozilla/5.0 (Linux; Android 6.0.1; Nexus 5X Build/MMB29P) AppleWebKit/537.36 (KHTML, like Gecko) Chrome/150.0.7871.114 Mobile Safari/537.36 (compatible; Googlebot/2.1; +http://www.google.com/bot.html)"
66.249.65.197 - - [16/Jul/2026:16:37:08 +0000] "GET /?q=77237942625351 HTTP/1.1" 200 24761 "-" "Mozilla/5.0 (compatible; Googlebot/2.1; +http://www.google.com/bot.html)"
66.249.65.197 - - [16/Jul/2026:16:37:14 +0000] "GET /?q=32857376253193 HTTP/1.1" 200 24922 "-" "Mozilla/5.0 (Linux; Android 6.0.1; Nexus 5X Build/MMB29P) AppleWebKit/537.36 (KHTML, like Gecko) Chrome/150.0.7871.114 Mobile Safari/537.36 (compatible; Googlebot/2.1; +http://www.google.com/bot.html)"
66.249.65.198 - - [16/Jul/2026:16:39:18 +0000] "GET /?q=54879109400532 HTTP/1.1" 200 25199 "-" "Mozilla/5.0 (Linux; Android 6.0.1; Nexus 5X Build/MMB29P) AppleWebKit/537.36 (KHTML, like Gecko) Chrome/150.0.7871.114 Mobile Safari/537.36 (compatible; Googlebot/2.1; +http://www.google.com/bot.html)"
66.249.65.198 - - [16/Jul/2026:16:39:23 +0000] "GET /?q=76547629605259 HTTP/1.1" 200 25964 "-" "Mozilla/5.0 (Linux; Android 6.0.1; Nexus 5X Build/MMB29P) AppleWebKit/537.36 (KHTML, like Gecko) Chrome/150.0.7871.114 Mobile Safari/537.36 (compatible; Googlebot/2.1; +http://www.google.com/bot.html)"
66.249.65.197 - - [16/Jul/2026:16:39:55 +0000] "GET /?q=17768028778485 HTTP/1.1" 200 24781 "-" "Mozilla/5.0 (compatible; Googlebot/2.1; +http://www.google.com/bot.html)"
66.249.65.198 - - [16/Jul/2026:16:40:05 +0000] "GET /?q=80908179811259 HTTP/1.1" 200 24307 "-" "Mozilla/5.0 (Linux; Android 6.0.1; Nexus 5X Build/MMB29P) AppleWebKit/537.36 (KHTML, like Gecko) Chrome/150.0.7871.114 Mobile Safari/537.36 (compatible; Googlebot/2.1; +http://www.google.com/bot.html)"
66.249.65.198 - - [16/Jul/2026:16:40:09 +0000] "GET /?q=1965439606102 HTTP/1.1" 200 25301 "-" "Mozilla/5.0 (compatible; Googlebot/2.1; +http://www.google.com/bot.html)"
182.69.181.185 - - [16/Jul/2026:16:40:27 +0000] "POST /xmlrpc.php HTTP/1.1" 200 111224 "-" "Mozilla/5.0 (Linux; Android 10; x64) AppleWebKit/537.36 (KHTML, like Gecko) Chrome/104.0.0.0 Safari/537.36"
46.234.132.21 - - [16/Jul/2026:16:40:32 +0000] "GET /2026/06/28/vodka-onlayn-kazino-sposoby-oplaty/ HTTP/1.1" 200 6657 "-" "Mozilla/5.0 (Macintosh; Intel Mac OS X 14_5_1) AppleWebKit/537.36 (KHTML, like Gecko) Chrome/125.0.6422.141 Safari/537.36"
177.222.199.87 - - [16/Jul/2026:16:42:52 +0000] "GET /2026/06/29/10-mifov-o-kazino-pinco-razvenchannykh-faktami-2/ HTTP/1.1" 200 6737 "-" "Mozilla/5.0 (Macintosh; Intel Mac OS X 11_1_0) AppleWebKit/537.36 (KHTML, like Gecko) Chrome/128.0.6613.84 Safari/537.36"
66.249.65.197 - - [16/Jul/2026:16:43:04 +0000] "GET /?q=43413215473681 HTTP/1.1" 200 24688 "-" "Mozilla/5.0 (compatible; Googlebot/2.1; +http://www.google.com/bot.html)"
104.207.52.172 - - [16/Jul/2026:16:43:27 +0000] "HEAD / HTTP/1.1" 200 0 "-" "Mozilla/5.0 (X11; Linux x86_64) AppleWebKit/537.36 (KHTML, like Gecko) Chrome/132.0.0.0 Safari/537.36"
66.249.65.197 - - [16/Jul/2026:16:43:26 +0000] "GET /?q=9298753246360 HTTP/1.1" 200 24960 "-" "Mozilla/5.0 (compatible; Googlebot/2.1; +http://www.google.com/bot.html)"
104.207.52.172 - - [16/Jul/2026:16:43:28 +0000] "POST /xmlrpc.php HTTP/1.1" 200 6733 "-" "Mozilla/5.0 (X11; Linux x86_64) AppleWebKit/537.36 (KHTML, like Gecko) Chrome/132.0.0.0 Safari/537.36"
104.207.52.172 - - [16/Jul/2026:16:43:29 +0000] "POST /xmlrpc.php HTTP/1.1" 200 6737 "-" "Mozilla/5.0 (X11; Linux x86_64) AppleWebKit/537.36 (KHTML, like Gecko) Chrome/132.0.0.0 Safari/537.36"
104.207.52.172 - - [16/Jul/2026:16:43:29 +0000] "POST /xmlrpc.php HTTP/1.1" 200 6589 "-" "Mozilla/5.0 (X11; Linux x86_64) AppleWebKit/537.36 (KHTML, like Gecko) Chrome/132.0.0.0 Safari/537.36"
104.207.52.172 - - [16/Jul/2026:16:43:29 +0000] "POST /xmlrpc.php HTTP/1.1" 200 6701 "-" "Mozilla/5.0 (X11; Linux x86_64) AppleWebKit/537.36 (KHTML, like Gecko) Chrome/132.0.0.0 Safari/537.36"
104.207.52.172 - - [16/Jul/2026:16:43:30 +0000] "POST /xmlrpc.php HTTP/1.1" 200 6468 "-" "Mozilla/5.0 (X11; Linux x86_64) AppleWebKit/537.36 (KHTML, like Gecko) Chrome/132.0.0.0 Safari/537.36"
104.207.52.172 - wallacemark136 [16/Jul/2026:16:43:30 +0000] "GET /wp-json/wp/v2/users/me?context=edit HTTP/1.1" 200 6737 "-" "Mozilla/5.0 (X11; Linux x86_64) AppleWebKit/537.36 (KHTML, like Gecko) Chrome/132.0.0.0 Safari/537.36"
104.207.52.172 - wallacemark136 [16/Jul/2026:16:43:31 +0000] "GET /?rest_route=/wp/v2/users/me&context=edit HTTP/1.1" 200 6659 "-" "Mozilla/5.0 (X11; Linux x86_64) AppleWebKit/537.36 (KHTML, like Gecko) Chrome/132.0.0.0 Safari/537.36"
104.207.52.172 - - [16/Jul/2026:16:43:32 +0000] "GET /wp-login.php HTTP/1.1" 200 6657 "-" "Mozilla/5.0 (X11; Linux x86_64) AppleWebKit/537.36 (KHTML, like Gecko) Chrome/132.0.0.0 Safari/537.36"
104.207.52.172 - - [16/Jul/2026:16:43:32 +0000] "POST /wp-login.php HTTP/1.1" 200 6737 "https://surajauto.com/wp-login.php" "Mozilla/5.0 (X11; Linux x86_64) AppleWebKit/537.36 (KHTML, like Gecko) Chrome/132.0.0.0 Safari/537.36"
104.207.52.172 - - [16/Jul/2026:16:43:33 +0000] "GET /wp-admin/ HTTP/1.1" 200 8641 "https://surajauto.com/wp-login.php" "Mozilla/5.0 (X11; Linux x86_64) AppleWebKit/537.36 (KHTML, like Gecko) Chrome/132.0.0.0 Safari/537.36"
209.50.161.141 - - [16/Jul/2026:16:43:34 +0000] "HEAD / HTTP/1.1" 200 0 "-" "Mozilla/5.0 (Windows NT 10.0; Win64; x64; rv:134.0) Gecko/20100101 Firefox/134.0"
209.50.161.141 - - [16/Jul/2026:16:43:35 +0000] "POST /xmlrpc.php HTTP/1.1" 200 6701 "-" "Mozilla/5.0 (Windows NT 10.0; Win64; x64; rv:134.0) Gecko/20100101 Firefox/134.0"
209.50.161.141 - - [16/Jul/2026:16:43:36 +0000] "POST /xmlrpc.php HTTP/1.1" 200 6737 "-" "Mozilla/5.0 (Windows NT 10.0; Win64; x64; rv:134.0) Gecko/20100101 Firefox/134.0"
209.50.161.141 - - [16/Jul/2026:16:43:36 +0000] "POST /xmlrpc.php HTTP/1.1" 200 6737 "-" "Mozilla/5.0 (Windows NT 10.0; Win64; x64; rv:134.0) Gecko/20100101 Firefox/134.0"
209.50.161.141 - - [16/Jul/2026:16:43:37 +0000] "POST /xmlrpc.php HTTP/1.1" 200 6561 "-" "Mozilla/5.0 (Windows NT 10.0; Win64; x64; rv:134.0) Gecko/20100101 Firefox/134.0"
209.50.161.141 - - [16/Jul/2026:16:43:37 +0000] "POST /xmlrpc.php HTTP/1.1" 200 6617 "-" "Mozilla/5.0 (Windows NT 10.0; Win64; x64; rv:134.0) Gecko/20100101 Firefox/134.0"
209.50.161.141 - wallacemark136 [16/Jul/2026:16:43:38 +0000] "GET /wp-json/wp/v2/users/me?context=edit HTTP/1.1" 200 6577 "-" "Mozilla/5.0 (Windows NT 10.0; Win64; x64; rv:134.0) Gecko/20100101 Firefox/134.0"
209.50.161.141 - wallacemark136 [16/Jul/2026:16:43:39 +0000] "GET /?rest_route=/wp/v2/users/me&context=edit HTTP/1.1" 200 6617 "-" "Mozilla/5.0 (Windows NT 10.0; Win64; x64; rv:134.0) Gecko/20100101 Firefox/134.0"
209.50.161.141 - - [16/Jul/2026:16:43:40 +0000] "GET /wp-login.php HTTP/1.1" 200 6737 "-" "Mozilla/5.0 (Windows NT 10.0; Win64; x64; rv:134.0) Gecko/20100101 Firefox/134.0"
209.50.161.141 - - [16/Jul/2026:16:43:41 +0000] "POST /wp-login.php HTTP/1.1" 200 6737 "https://surajauto.com/wp-login.php" "Mozilla/5.0 (Windows NT 10.0; Win64; x64; rv:134.0) Gecko/20100101 Firefox/134.0"
209.50.161.141 - - [16/Jul/2026:16:43:42 +0000] "GET /wp-admin/ HTTP/1.1" 200 8578 "https://surajauto.com/wp-login.php" "Mozilla/5.0 (Windows NT 10.0; Win64; x64; rv:134.0) Gecko/20100101 Firefox/134.0"
66.249.65.197 - - [16/Jul/2026:16:43:52 +0000] "GET /?q=57223078967945 HTTP/1.1" 200 24844 "-" "Mozilla/5.0 (Linux; Android 6.0.1; Nexus 5X Build/MMB29P) AppleWebKit/537.36 (KHTML, like Gecko) Chrome/150.0.7871.124 Mobile Safari/537.36 (compatible; Googlebot/2.1; +http://www.google.com/bot.html)"
2.38.141.235 - - [16/Jul/2026:16:45:08 +0000] "GET /2026/06/29/chto-pisat-v-otzyvakh-o-kazino-pinko-3/ HTTP/1.1" 200 6512 "-" "Mozilla/5.0 (Macintosh; U; PPC Mac OS X; de-de) AppleWebKit/125.5.6 (KHTML, like Gecko) Safari/125.12_Adobe"
104.207.42.154 - - [16/Jul/2026:16:45:32 +0000] "GET /wp-login.php HTTP/1.1" 200 111224 "-" "Mozilla/5.0 (compatible; MyApp/1.0)"
104.207.42.154 - - [16/Jul/2026:16:45:34 +0000] "POST /wp-login.php HTTP/1.1" 200 111224 "-" "Mozilla/5.0 (compatible; MyApp/1.0)"
216.73.217.150 - - [16/Jul/2026:16:45:47 +0000] "GET /?q=2799102446998 HTTP/2" 200 5221 "-" "Mozilla/5.0 AppleWebKit/537.36 (KHTML, like Gecko; compatible; ClaudeBot/1.0; +claudebot@anthropic.com)"
216.73.217.150 - - [16/Jul/2026:16:45:47 +0000] "GET /?q=54811566876101 HTTP/2" 200 5086 "-" "Mozilla/5.0 AppleWebKit/537.36 (KHTML, like Gecko; compatible; ClaudeBot/1.0; +claudebot@anthropic.com)"
216.73.217.150 - - [16/Jul/2026:16:45:48 +0000] "GET /?q=59080729492218 HTTP/2" 200 5377 "-" "Mozilla/5.0 AppleWebKit/537.36 (KHTML, like Gecko; compatible; ClaudeBot/1.0; +claudebot@anthropic.com)"
216.73.217.150 - - [16/Jul/2026:16:45:49 +0000] "GET /?q=40600238718052 HTTP/2" 200 5078 "-" "Mozilla/5.0 AppleWebKit/537.36 (KHTML, like Gecko; compatible; ClaudeBot/1.0; +claudebot@anthropic.com)"
216.73.217.150 - - [16/Jul/2026:16:45:49 +0000] "GET /?q=24464892320596 HTTP/2" 200 5126 "-" "Mozilla/5.0 AppleWebKit/537.36 (KHTML, like Gecko; compatible; ClaudeBot/1.0; +claudebot@anthropic.com)"
216.73.217.150 - - [16/Jul/2026:16:45:50 +0000] "GET /?q=33996229713286 HTTP/2" 200 5167 "-" "Mozilla/5.0 AppleWebKit/537.36 (KHTML, like Gecko; compatible; ClaudeBot/1.0; +claudebot@anthropic.com)"
216.73.217.150 - - [16/Jul/2026:16:45:50 +0000] "GET /?q=5539157018441 HTTP/2" 200 5184 "-" "Mozilla/5.0 AppleWebKit/537.36 (KHTML, like Gecko; compatible; ClaudeBot/1.0; +claudebot@anthropic.com)"
216.73.217.150 - - [16/Jul/2026:16:45:51 +0000] "GET /?q=29913745995146 HTTP/2" 200 5395 "-" "Mozilla/5.0 AppleWebKit/537.36 (KHTML, like Gecko; compatible; ClaudeBot/1.0; +claudebot@anthropic.com)"
216.73.217.150 - - [16/Jul/2026:16:45:51 +0000] "GET /?q=9813860465801 HTTP/2" 200 5070 "-" "Mozilla/5.0 AppleWebKit/537.36 (KHTML, like Gecko; compatible; ClaudeBot/1.0; +claudebot@anthropic.com)"
216.73.217.150 - - [16/Jul/2026:16:45:52 +0000] "GET /?q=54609907201110 HTTP/2" 200 5242 "-" "Mozilla/5.0 AppleWebKit/537.36 (KHTML, like Gecko; compatible; ClaudeBot/1.0; +claudebot@anthropic.com)"
216.73.217.150 - - [16/Jul/2026:16:45:53 +0000] "GET /?q=61489263043812 HTTP/2" 200 5111 "-" "Mozilla/5.0 AppleWebKit/537.36 (KHTML, like Gecko; compatible; ClaudeBot/1.0; +claudebot@anthropic.com)"
216.73.217.150 - - [16/Jul/2026:16:45:54 +0000] "GET /?q=5350848367585 HTTP/2" 200 5126 "-" "Mozilla/5.0 AppleWebKit/537.36 (KHTML, like Gecko; compatible; ClaudeBot/1.0; +claudebot@anthropic.com)"
216.73.217.150 - - [16/Jul/2026:16:45:54 +0000] "GET /?q=55242425597102 HTTP/2" 200 5069 "-" "Mozilla/5.0 AppleWebKit/537.36 (KHTML, like Gecko; compatible; ClaudeBot/1.0; +claudebot@anthropic.com)"
216.73.217.150 - - [16/Jul/2026:16:45:55 +0000] "GET /?q=59767496335121 HTTP/2" 200 5158 "-" "Mozilla/5.0 AppleWebKit/537.36 (KHTML, like Gecko; compatible; ClaudeBot/1.0; +claudebot@anthropic.com)"
216.73.217.150 - - [16/Jul/2026:16:45:55 +0000] "GET /?q=46989926638331 HTTP/2" 200 5116 "-" "Mozilla/5.0 AppleWebKit/537.36 (KHTML, like Gecko; compatible; ClaudeBot/1.0; +claudebot@anthropic.com)"
216.73.217.150 - - [16/Jul/2026:16:45:56 +0000] "GET /?q=28291198448639 HTTP/2" 200 5086 "-" "Mozilla/5.0 AppleWebKit/537.36 (KHTML, like Gecko; compatible; ClaudeBot/1.0; +claudebot@anthropic.com)"
216.73.217.150 - - [16/Jul/2026:16:45:56 +0000] "GET /?q=75488588657669 HTTP/2" 200 5123 "-" "Mozilla/5.0 AppleWebKit/537.36 (KHTML, like Gecko; compatible; ClaudeBot/1.0; +claudebot@anthropic.com)"
216.73.217.150 - - [16/Jul/2026:16:45:56 +0000] "GET /?q=51101132453147 HTTP/2" 200 5204 "-" "Mozilla/5.0 AppleWebKit/537.36 (KHTML, like Gecko; compatible; ClaudeBot/1.0; +claudebot@anthropic.com)"
216.73.217.150 - - [16/Jul/2026:16:45:56 +0000] "GET /?q=28293875788244 HTTP/2" 200 5133 "-" "Mozilla/5.0 AppleWebKit/537.36 (KHTML, like Gecko; compatible; ClaudeBot/1.0; +claudebot@anthropic.com)"
216.73.217.150 - - [16/Jul/2026:16:45:57 +0000] "GET /?q=81887684472967 HTTP/2" 200 5241 "-" "Mozilla/5.0 AppleWebKit/537.36 (KHTML, like Gecko; compatible; ClaudeBot/1.0; +claudebot@anthropic.com)"
216.73.217.150 - - [16/Jul/2026:16:45:57 +0000] "GET /?q=7699368096576 HTTP/2" 200 5206 "-" "Mozilla/5.0 AppleWebKit/537.36 (KHTML, like Gecko; compatible; ClaudeBot/1.0; +claudebot@anthropic.com)"
216.73.217.150 - - [16/Jul/2026:16:45:57 +0000] "GET /?q=73937629016331 HTTP/2" 200 5241 "-" "Mozilla/5.0 AppleWebKit/537.36 (KHTML, like Gecko; compatible; ClaudeBot/1.0; +claudebot@anthropic.com)"
216.73.217.150 - - [16/Jul/2026:16:45:58 +0000] "GET /?q=91030739360374 HTTP/2" 200 5387 "-" "Mozilla/5.0 AppleWebKit/537.36 (KHTML, like Gecko; compatible; ClaudeBot/1.0; +claudebot@anthropic.com)"
216.73.217.150 - - [16/Jul/2026:16:45:58 +0000] "GET /?q=1552329285482 HTTP/2" 200 5131 "-" "Mozilla/5.0 AppleWebKit/537.36 (KHTML, like Gecko; compatible; ClaudeBot/1.0; +claudebot@anthropic.com)"
216.73.217.150 - - [16/Jul/2026:16:45:58 +0000] "GET /?q=23343661500656 HTTP/2" 200 5323 "-" "Mozilla/5.0 AppleWebKit/537.36 (KHTML, like Gecko; compatible; ClaudeBot/1.0; +claudebot@anthropic.com)"
216.73.217.150 - - [16/Jul/2026:16:45:58 +0000] "GET /?q=80035525816628 HTTP/2" 200 5165 "-" "Mozilla/5.0 AppleWebKit/537.36 (KHTML, like Gecko; compatible; ClaudeBot/1.0; +claudebot@anthropic.com)"
216.73.217.150 - - [16/Jul/2026:16:45:58 +0000] "GET /?q=8909484497653 HTTP/2" 200 5080 "-" "Mozilla/5.0 AppleWebKit/537.36 (KHTML, like Gecko; compatible; ClaudeBot/1.0; +claudebot@anthropic.com)"
216.73.217.150 - - [16/Jul/2026:16:45:59 +0000] "GET /?q=84568280970185 HTTP/2" 200 5369 "-" "Mozilla/5.0 AppleWebKit/537.36 (KHTML, like Gecko; compatible; ClaudeBot/1.0; +claudebot@anthropic.com)"
216.73.217.150 - - [16/Jul/2026:16:45:59 +0000] "GET /?q=32724540652192 HTTP/2" 200 5131 "-" "Mozilla/5.0 AppleWebKit/537.36 (KHTML, like Gecko; compatible; ClaudeBot/1.0; +claudebot@anthropic.com)"
216.73.217.150 - - [16/Jul/2026:16:45:59 +0000] "GET /?q=78257573284872 HTTP/2" 200 5083 "-" "Mozilla/5.0 AppleWebKit/537.36 (KHTML, like Gecko; compatible; ClaudeBot/1.0; +claudebot@anthropic.com)"
216.73.217.150 - - [16/Jul/2026:16:45:59 +0000] "GET /?q=29174553031927 HTTP/2" 200 5352 "-" "Mozilla/5.0 AppleWebKit/537.36 (KHTML, like Gecko; compatible; ClaudeBot/1.0; +claudebot@anthropic.com)"
216.73.217.150 - - [16/Jul/2026:16:45:59 +0000] "GET /?q=97189689459331 HTTP/2" 200 5352 "-" "Mozilla/5.0 AppleWebKit/537.36 (KHTML, like Gecko; compatible; ClaudeBot/1.0; +claudebot@anthropic.com)"
216.73.217.150 - - [16/Jul/2026:16:46:00 +0000] "GET /?q=51389618651668 HTTP/2" 200 5387 "-" "Mozilla/5.0 AppleWebKit/537.36 (KHTML, like Gecko; compatible; ClaudeBot/1.0; +claudebot@anthropic.com)"
216.73.217.150 - - [16/Jul/2026:16:46:00 +0000] "GET /?q=1572503154331 HTTP/2" 200 5074 "-" "Mozilla/5.0 AppleWebKit/537.36 (KHTML, like Gecko; compatible; ClaudeBot/1.0; +claudebot@anthropic.com)"
216.73.217.150 - - [16/Jul/2026:16:46:00 +0000] "GET /?q=82990146352892 HTTP/2" 200 5093 "-" "Mozilla/5.0 AppleWebKit/537.36 (KHTML, like Gecko; compatible; ClaudeBot/1.0; +claudebot@anthropic.com)"
216.73.217.150 - - [16/Jul/2026:16:46:00 +0000] "GET /?q=99651661024752 HTTP/2" 200 5177 "-" "Mozilla/5.0 AppleWebKit/537.36 (KHTML, like Gecko; compatible; ClaudeBot/1.0; +claudebot@anthropic.com)"
216.73.217.150 - - [16/Jul/2026:16:46:00 +0000] "GET /?q=8641989762012 HTTP/2" 200 5122 "-" "Mozilla/5.0 AppleWebKit/537.36 (KHTML, like Gecko; compatible; ClaudeBot/1.0; +claudebot@anthropic.com)"
216.73.217.150 - - [16/Jul/2026:16:46:00 +0000] "GET /?q=59619368720325 HTTP/2" 200 5165 "-" "Mozilla/5.0 AppleWebKit/537.36 (KHTML, like Gecko; compatible; ClaudeBot/1.0; +claudebot@anthropic.com)"
216.73.217.150 - - [16/Jul/2026:16:46:01 +0000] "GET /?q=16631327633466 HTTP/2" 200 5132 "-" "Mozilla/5.0 AppleWebKit/537.36 (KHTML, like Gecko; compatible; ClaudeBot/1.0; +claudebot@anthropic.com)"
216.73.217.150 - - [16/Jul/2026:16:46:01 +0000] "GET /?q=79680458641992 HTTP/2" 200 5089 "-" "Mozilla/5.0 AppleWebKit/537.36 (KHTML, like Gecko; compatible; ClaudeBot/1.0; +claudebot@anthropic.com)"
216.73.217.150 - - [16/Jul/2026:16:46:01 +0000] "GET /?q=12096044575205 HTTP/2" 200 5069 "-" "Mozilla/5.0 AppleWebKit/537.36 (KHTML, like Gecko; compatible; ClaudeBot/1.0; +claudebot@anthropic.com)"
216.73.217.150 - - [16/Jul/2026:16:46:01 +0000] "GET /?q=24620152623993 HTTP/2" 200 5069 "-" "Mozilla/5.0 AppleWebKit/537.36 (KHTML, like Gecko; compatible; ClaudeBot/1.0; +claudebot@anthropic.com)"
216.73.217.150 - - [16/Jul/2026:16:46:01 +0000] "GET /?q=9880213370633 HTTP/2" 200 5069 "-" "Mozilla/5.0 AppleWebKit/537.36 (KHTML, like Gecko; compatible; ClaudeBot/1.0; +claudebot@anthropic.com)"
216.73.217.150 - - [16/Jul/2026:16:46:02 +0000] "GET /?q=79183968094969 HTTP/2" 200 5093 "-" "Mozilla/5.0 AppleWebKit/537.36 (KHTML, like Gecko; compatible; ClaudeBot/1.0; +claudebot@anthropic.com)"
216.73.217.150 - - [16/Jul/2026:16:46:02 +0000] "GET /?q=40778016285283 HTTP/2" 200 5089 "-" "Mozilla/5.0 AppleWebKit/537.36 (KHTML, like Gecko; compatible; ClaudeBot/1.0; +claudebot@anthropic.com)"
216.73.217.150 - - [16/Jul/2026:16:46:02 +0000] "GET /?q=8555212234109 HTTP/2" 200 5069 "-" "Mozilla/5.0 AppleWebKit/537.36 (KHTML, like Gecko; compatible; ClaudeBot/1.0; +claudebot@anthropic.com)"
216.73.217.150 - - [16/Jul/2026:16:46:03 +0000] "GET /?q=31032188924262 HTTP/2" 200 5069 "-" "Mozilla/5.0 AppleWebKit/537.36 (KHTML, like Gecko; compatible; ClaudeBot/1.0; +claudebot@anthropic.com)"
216.73.217.150 - - [16/Jul/2026:16:46:03 +0000] "GET /?q=31335145646452 HTTP/2" 200 5122 "-" "Mozilla/5.0 AppleWebKit/537.36 (KHTML, like Gecko; compatible; ClaudeBot/1.0; +claudebot@anthropic.com)"
216.73.217.150 - - [16/Jul/2026:16:46:03 +0000] "GET /?q=58728748150892 HTTP/2" 200 5230 "-" "Mozilla/5.0 AppleWebKit/537.36 (KHTML, like Gecko; compatible; ClaudeBot/1.0; +claudebot@anthropic.com)"
40.77.167.59 - - [16/Jul/2026:16:46:01 +0000] "GET /?q=33423555003580 HTTP/2" 200 26017 "-" "Mozilla/5.0 AppleWebKit/537.36 (KHTML, like Gecko; compatible; bingbot/2.0; +http://www.bing.com/bingbot.htm) Chrome/116.0.1938.76 Safari/537.36"
216.73.217.150 - - [16/Jul/2026:16:46:03 +0000] "GET /?q=57761904776751 HTTP/2" 200 5122 "-" "Mozilla/5.0 AppleWebKit/537.36 (KHTML, like Gecko; compatible; ClaudeBot/1.0; +claudebot@anthropic.com)"
216.73.217.150 - - [16/Jul/2026:16:46:03 +0000] "GET /?q=9833402113356 HTTP/2" 200 5165 "-" "Mozilla/5.0 AppleWebKit/537.36 (KHTML, like Gecko; compatible; ClaudeBot/1.0; +claudebot@anthropic.com)"
216.73.217.150 - - [16/Jul/2026:16:46:04 +0000] "GET /?q=48922607192182 HTTP/2" 200 5270 "-" "Mozilla/5.0 AppleWebKit/537.36 (KHTML, like Gecko; compatible; ClaudeBot/1.0; +claudebot@anthropic.com)"
216.73.217.150 - - [16/Jul/2026:16:46:04 +0000] "GET /?q=13728765617062 HTTP/2" 200 5131 "-" "Mozilla/5.0 AppleWebKit/537.36 (KHTML, like Gecko; compatible; ClaudeBot/1.0; +claudebot@anthropic.com)"
216.73.217.150 - - [16/Jul/2026:16:46:04 +0000] "GET /?q=90030630570901 HTTP/2" 200 5165 "-" "Mozilla/5.0 AppleWebKit/537.36 (KHTML, like Gecko; compatible; ClaudeBot/1.0; +claudebot@anthropic.com)"
216.73.217.150 - - [16/Jul/2026:16:46:04 +0000] "GET /?q=72048728658483 HTTP/2" 200 5074 "-" "Mozilla/5.0 AppleWebKit/537.36 (KHTML, like Gecko; compatible; ClaudeBot/1.0; +claudebot@anthropic.com)"
216.73.217.150 - - [16/Jul/2026:16:46:04 +0000] "GET /?q=79313729107560 HTTP/2" 200 5120 "-" "Mozilla/5.0 AppleWebKit/537.36 (KHTML, like Gecko; compatible; ClaudeBot/1.0; +claudebot@anthropic.com)"
216.73.217.150 - - [16/Jul/2026:16:46:04 +0000] "GET /?q=95356239652797 HTTP/2" 200 5165 "-" "Mozilla/5.0 AppleWebKit/537.36 (KHTML, like Gecko; compatible; ClaudeBot/1.0; +claudebot@anthropic.com)"
216.73.217.150 - - [16/Jul/2026:16:46:04 +0000] "GET /?q=19608808397474 HTTP/2" 200 5047 "-" "Mozilla/5.0 AppleWebKit/537.36 (KHTML, like Gecko; compatible; ClaudeBot/1.0; +claudebot@anthropic.com)"
216.73.217.150 - - [16/Jul/2026:16:46:05 +0000] "GET /?q=8100159442803 HTTP/2" 200 5206 "-" "Mozilla/5.0 AppleWebKit/537.36 (KHTML, like Gecko; compatible; ClaudeBot/1.0; +claudebot@anthropic.com)"
216.73.217.150 - - [16/Jul/2026:16:46:05 +0000] "GET /?q=54040947749989 HTTP/2" 200 5199 "-" "Mozilla/5.0 AppleWebKit/537.36 (KHTML, like Gecko; compatible; ClaudeBot/1.0; +claudebot@anthropic.com)"
216.73.217.150 - - [16/Jul/2026:16:46:05 +0000] "GET /?q=19697880346263 HTTP/2" 200 5069 "-" "Mozilla/5.0 AppleWebKit/537.36 (KHTML, like Gecko; compatible; ClaudeBot/1.0; +claudebot@anthropic.com)"
216.73.217.150 - - [16/Jul/2026:16:46:05 +0000] "GET /?q=75615461757492 HTTP/2" 200 5164 "-" "Mozilla/5.0 AppleWebKit/537.36 (KHTML, like Gecko; compatible; ClaudeBot/1.0; +claudebot@anthropic.com)"
216.73.217.150 - - [16/Jul/2026:16:46:05 +0000] "GET /?q=87597630189437 HTTP/2" 200 5165 "-" "Mozilla/5.0 AppleWebKit/537.36 (KHTML, like Gecko; compatible; ClaudeBot/1.0; +claudebot@anthropic.com)"
216.73.217.150 - - [16/Jul/2026:16:46:05 +0000] "GET /?q=40840157321016 HTTP/2" 200 5069 "-" "Mozilla/5.0 AppleWebKit/537.36 (KHTML, like Gecko; compatible; ClaudeBot/1.0; +claudebot@anthropic.com)"
216.73.217.150 - - [16/Jul/2026:16:46:05 +0000] "GET /?q=13639086645503 HTTP/2" 200 5165 "-" "Mozilla/5.0 AppleWebKit/537.36 (KHTML, like Gecko; compatible; ClaudeBot/1.0; +claudebot@anthropic.com)"
216.73.217.150 - - [16/Jul/2026:16:46:05 +0000] "GET /?q=76117906809757 HTTP/2" 200 5241 "-" "Mozilla/5.0 AppleWebKit/537.36 (KHTML, like Gecko; compatible; ClaudeBot/1.0; +claudebot@anthropic.com)"
216.73.217.150 - - [16/Jul/2026:16:46:05 +0000] "GET /?q=54919300961981 HTTP/2" 200 5177 "-" "Mozilla/5.0 AppleWebKit/537.36 (KHTML, like Gecko; compatible; ClaudeBot/1.0; +claudebot@anthropic.com)"
216.73.217.150 - - [16/Jul/2026:16:46:06 +0000] "GET /?q=17880201604457 HTTP/2" 200 5361 "-" "Mozilla/5.0 AppleWebKit/537.36 (KHTML, like Gecko; compatible; ClaudeBot/1.0; +claudebot@anthropic.com)"
216.73.217.150 - - [16/Jul/2026:16:46:06 +0000] "GET /?q=34860343018763 HTTP/2" 200 5069 "-" "Mozilla/5.0 AppleWebKit/537.36 (KHTML, like Gecko; compatible; ClaudeBot/1.0; +claudebot@anthropic.com)"
216.73.217.150 - - [16/Jul/2026:16:46:06 +0000] "GET /?q=64414947764192 HTTP/2" 200 5323 "-" "Mozilla/5.0 AppleWebKit/537.36 (KHTML, like Gecko; compatible; ClaudeBot/1.0; +claudebot@anthropic.com)"
216.73.217.150 - - [16/Jul/2026:16:46:06 +0000] "GET /?q=56539858825228 HTTP/2" 200 5092 "-" "Mozilla/5.0 AppleWebKit/537.36 (KHTML, like Gecko; compatible; ClaudeBot/1.0; +claudebot@anthropic.com)"
216.73.217.150 - - [16/Jul/2026:16:46:06 +0000] "GET /?q=5942489808671 HTTP/2" 200 5070 "-" "Mozilla/5.0 AppleWebKit/537.36 (KHTML, like Gecko; compatible; ClaudeBot/1.0; +claudebot@anthropic.com)"
216.73.217.150 - - [16/Jul/2026:16:46:06 +0000] "GET /?q=26258643084041 HTTP/2" 200 5323 "-" "Mozilla/5.0 AppleWebKit/537.36 (KHTML, like Gecko; compatible; ClaudeBot/1.0; +claudebot@anthropic.com)"
216.73.217.150 - - [16/Jul/2026:16:46:06 +0000] "GET /?q=50319620647221 HTTP/2" 200 5070 "-" "Mozilla/5.0 AppleWebKit/537.36 (KHTML, like Gecko; compatible; ClaudeBot/1.0; +claudebot@anthropic.com)"
216.73.217.150 - - [16/Jul/2026:16:46:06 +0000] "GET /?q=1454594077595 HTTP/2" 200 5387 "-" "Mozilla/5.0 AppleWebKit/537.36 (KHTML, like Gecko; compatible; ClaudeBot/1.0; +claudebot@anthropic.com)"
216.73.217.150 - - [16/Jul/2026:16:46:06 +0000] "GET /?q=15317157366160 HTTP/2" 200 5111 "-" "Mozilla/5.0 AppleWebKit/537.36 (KHTML, like Gecko; compatible; ClaudeBot/1.0; +claudebot@anthropic.com)"
216.73.217.150 - - [16/Jul/2026:16:46:07 +0000] "GET /?q=13612178677229 HTTP/2" 200 5245 "-" "Mozilla/5.0 AppleWebKit/537.36 (KHTML, like Gecko; compatible; ClaudeBot/1.0; +claudebot@anthropic.com)"
216.73.217.150 - - [16/Jul/2026:16:46:07 +0000] "GET /?q=5951832656899 HTTP/2" 200 5387 "-" "Mozilla/5.0 AppleWebKit/537.36 (KHTML, like Gecko; compatible; ClaudeBot/1.0; +claudebot@anthropic.com)"
216.73.217.150 - - [16/Jul/2026:16:46:22 +0000] "GET /?q=87758920660552 HTTP/2" 200 5090 "-" "Mozilla/5.0 AppleWebKit/537.36 (KHTML, like Gecko; compatible; ClaudeBot/1.0; +claudebot@anthropic.com)"
216.73.217.150 - - [16/Jul/2026:16:46:21 +0000] "GET /?q=72046135596445 HTTP/2" 200 5147 "-" "Mozilla/5.0 AppleWebKit/537.36 (KHTML, like Gecko; compatible; ClaudeBot/1.0; +claudebot@anthropic.com)"
216.73.217.150 - - [16/Jul/2026:16:46:21 +0000] "GET /?q=80302183290900 HTTP/2" 200 5090 "-" "Mozilla/5.0 AppleWebKit/537.36 (KHTML, like Gecko; compatible; ClaudeBot/1.0; +claudebot@anthropic.com)"
216.73.217.150 - - [16/Jul/2026:16:46:21 +0000] "GET /?q=22287734933902 HTTP/2" 200 5387 "-" "Mozilla/5.0 AppleWebKit/537.36 (KHTML, like Gecko; compatible; ClaudeBot/1.0; +claudebot@anthropic.com)"
216.73.217.150 - - [16/Jul/2026:16:46:21 +0000] "GET /?q=93077900441501 HTTP/2" 200 5090 "-" "Mozilla/5.0 AppleWebKit/537.36 (KHTML, like Gecko; compatible; ClaudeBot/1.0; +claudebot@anthropic.com)"
216.73.217.150 - - [16/Jul/2026:16:46:21 +0000] "GET /?q=76272928387166 HTTP/2" 200 5090 "-" "Mozilla/5.0 AppleWebKit/537.36 (KHTML, like Gecko; compatible; ClaudeBot/1.0; +claudebot@anthropic.com)"
216.73.217.150 - - [16/Jul/2026:16:46:21 +0000] "GET /?q=97339734549606 HTTP/2" 200 5387 "-" "Mozilla/5.0 AppleWebKit/537.36 (KHTML, like Gecko; compatible; ClaudeBot/1.0; +claudebot@anthropic.com)"
216.73.217.150 - - [16/Jul/2026:16:46:21 +0000] "GET /?q=76073813416630 HTTP/2" 200 5387 "-" "Mozilla/5.0 AppleWebKit/537.36 (KHTML, like Gecko; compatible; ClaudeBot/1.0; +claudebot@anthropic.com)"
216.73.217.150 - - [16/Jul/2026:16:46:22 +0000] "GET /?q=64228326501465 HTTP/2" 200 5206 "-" "Mozilla/5.0 AppleWebKit/537.36 (KHTML, like Gecko; compatible; ClaudeBot/1.0; +claudebot@anthropic.com)"
216.73.217.150 - - [16/Jul/2026:16:46:22 +0000] "GET /?q=74944333979982 HTTP/2" 200 5230 "-" "Mozilla/5.0 AppleWebKit/537.36 (KHTML, like Gecko; compatible; ClaudeBot/1.0; +claudebot@anthropic.com)"
216.73.217.150 - - [16/Jul/2026:16:46:22 +0000] "GET /?q=59554451547729 HTTP/2" 200 5209 "-" "Mozilla/5.0 AppleWebKit/537.36 (KHTML, like Gecko; compatible; ClaudeBot/1.0; +claudebot@anthropic.com)"
66.249.65.198 - - [16/Jul/2026:16:46:21 +0000] "GET /?q=80350215184710 HTTP/1.1" 200 25364 "-" "Mozilla/5.0 (Linux; Android 6.0.1; Nexus 5X Build/MMB29P) AppleWebKit/537.36 (KHTML, like Gecko) Chrome/150.0.7871.114 Mobile Safari/537.36 (compatible; Googlebot/2.1; +http://www.google.com/bot.html)"
216.73.217.150 - - [16/Jul/2026:16:46:23 +0000] "GET /?q=89048620040465 HTTP/2" 200 5111 "-" "Mozilla/5.0 AppleWebKit/537.36 (KHTML, like Gecko; compatible; ClaudeBot/1.0; +claudebot@anthropic.com)"
216.73.217.150 - - [16/Jul/2026:16:46:24 +0000] "GET /?q=2383525618532 HTTP/2" 200 5166 "-" "Mozilla/5.0 AppleWebKit/537.36 (KHTML, like Gecko; compatible; ClaudeBot/1.0; +claudebot@anthropic.com)"
216.73.217.150 - - [16/Jul/2026:16:46:23 +0000] "GET /?q=62095322390031 HTTP/2" 200 5261 "-" "Mozilla/5.0 AppleWebKit/537.36 (KHTML, like Gecko; compatible; ClaudeBot/1.0; +claudebot@anthropic.com)"
216.73.217.150 - - [16/Jul/2026:16:46:24 +0000] "GET /?q=64092149336164 HTTP/2" 200 5359 "-" "Mozilla/5.0 AppleWebKit/537.36 (KHTML, like Gecko; compatible; ClaudeBot/1.0; +claudebot@anthropic.com)"
216.73.217.150 - - [16/Jul/2026:16:46:24 +0000] "GET /?q=44116661734880 HTTP/2" 200 5165 "-" "Mozilla/5.0 AppleWebKit/537.36 (KHTML, like Gecko; compatible; ClaudeBot/1.0; +claudebot@anthropic.com)"
216.73.217.150 - - [16/Jul/2026:16:46:24 +0000] "GET /?q=86995189748372 HTTP/2" 200 5387 "-" "Mozilla/5.0 AppleWebKit/537.36 (KHTML, like Gecko; compatible; ClaudeBot/1.0; +claudebot@anthropic.com)"
216.73.217.150 - - [16/Jul/2026:16:46:24 +0000] "GET /?q=39750334228490 HTTP/2" 200 5131 "-" "Mozilla/5.0 AppleWebKit/537.36 (KHTML, like Gecko; compatible; ClaudeBot/1.0; +claudebot@anthropic.com)"
216.73.217.150 - - [16/Jul/2026:16:46:24 +0000] "GET /?q=37038894199282 HTTP/2" 200 5387 "-" "Mozilla/5.0 AppleWebKit/537.36 (KHTML, like Gecko; compatible; ClaudeBot/1.0; +claudebot@anthropic.com)"
216.73.217.150 - - [16/Jul/2026:16:46:24 +0000] "GET /?q=32270259649002 HTTP/2" 200 5165 "-" "Mozilla/5.0 AppleWebKit/537.36 (KHTML, like Gecko; compatible; ClaudeBot/1.0; +claudebot@anthropic.com)"
216.73.217.150 - - [16/Jul/2026:16:46:24 +0000] "GET /?q=3169656184241 HTTP/2" 200 5185 "-" "Mozilla/5.0 AppleWebKit/537.36 (KHTML, like Gecko; compatible; ClaudeBot/1.0; +claudebot@anthropic.com)"
216.73.217.150 - - [16/Jul/2026:16:46:24 +0000] "GET /?q=70551539967779 HTTP/2" 200 5129 "-" "Mozilla/5.0 AppleWebKit/537.36 (KHTML, like Gecko; compatible; ClaudeBot/1.0; +claudebot@anthropic.com)"
216.73.217.150 - - [16/Jul/2026:16:46:24 +0000] "GET /?q=19099977997478 HTTP/2" 200 5147 "-" "Mozilla/5.0 AppleWebKit/537.36 (KHTML, like Gecko; compatible; ClaudeBot/1.0; +claudebot@anthropic.com)"
216.73.217.150 - - [16/Jul/2026:16:46:24 +0000] "GET /?q=98069673133585 HTTP/2" 200 5131 "-" "Mozilla/5.0 AppleWebKit/537.36 (KHTML, like Gecko; compatible; ClaudeBot/1.0; +claudebot@anthropic.com)"
216.73.217.150 - - [16/Jul/2026:16:46:25 +0000] "GET /?q=41703645922280 HTTP/2" 200 5072 "-" "Mozilla/5.0 AppleWebKit/537.36 (KHTML, like Gecko; compatible; ClaudeBot/1.0; +claudebot@anthropic.com)"
216.73.217.150 - - [16/Jul/2026:16:46:25 +0000] "GET /?q=7900408618300 HTTP/2" 200 5235 "-" "Mozilla/5.0 AppleWebKit/537.36 (KHTML, like Gecko; compatible; ClaudeBot/1.0; +claudebot@anthropic.com)"
216.73.217.150 - - [16/Jul/2026:16:46:25 +0000] "GET /?q=11022779323399 HTTP/2" 200 5209 "-" "Mozilla/5.0 AppleWebKit/537.36 (KHTML, like Gecko; compatible; ClaudeBot/1.0; +claudebot@anthropic.com)"
216.73.217.150 - - [16/Jul/2026:16:46:25 +0000] "GET /?q=65998455639751 HTTP/2" 200 5070 "-" "Mozilla/5.0 AppleWebKit/537.36 (KHTML, like Gecko; compatible; ClaudeBot/1.0; +claudebot@anthropic.com)"
216.73.217.150 - - [16/Jul/2026:16:46:25 +0000] "GET /?q=5578138258508 HTTP/2" 200 5164 "-" "Mozilla/5.0 AppleWebKit/537.36 (KHTML, like Gecko; compatible; ClaudeBot/1.0; +claudebot@anthropic.com)"
216.73.217.150 - - [16/Jul/2026:16:46:25 +0000] "GET /?q=17325901779158 HTTP/2" 200 5070 "-" "Mozilla/5.0 AppleWebKit/537.36 (KHTML, like Gecko; compatible; ClaudeBot/1.0; +claudebot@anthropic.com)"
216.73.217.150 - - [16/Jul/2026:16:46:25 +0000] "GET /?q=3920205750839 HTTP/2" 200 5131 "-" "Mozilla/5.0 AppleWebKit/537.36 (KHTML, like Gecko; compatible; ClaudeBot/1.0; +claudebot@anthropic.com)"
216.73.217.150 - - [16/Jul/2026:16:46:25 +0000] "GET /?q=5620974020072 HTTP/2" 200 5324 "-" "Mozilla/5.0 AppleWebKit/537.36 (KHTML, like Gecko; compatible; ClaudeBot/1.0; +claudebot@anthropic.com)"
216.73.217.150 - - [16/Jul/2026:16:46:25 +0000] "GET /?q=68435494847608 HTTP/2" 200 5072 "-" "Mozilla/5.0 AppleWebKit/537.36 (KHTML, like Gecko; compatible; ClaudeBot/1.0; +claudebot@anthropic.com)"
216.73.217.150 - - [16/Jul/2026:16:46:26 +0000] "GET /?q=83294351101889 HTTP/2" 200 5155 "-" "Mozilla/5.0 AppleWebKit/537.36 (KHTML, like Gecko; compatible; ClaudeBot/1.0; +claudebot@anthropic.com)"
216.73.217.150 - - [16/Jul/2026:16:46:26 +0000] "GET /?q=60745664344612 HTTP/2" 200 5070 "-" "Mozilla/5.0 AppleWebKit/537.36 (KHTML, like Gecko; compatible; ClaudeBot/1.0; +claudebot@anthropic.com)"
66.249.65.198 - - [16/Jul/2026:16:46:24 +0000] "GET /?q=31124804338732 HTTP/1.1" 200 24365 "-" "Mozilla/5.0 (Linux; Android 6.0.1; Nexus 5X Build/MMB29P) AppleWebKit/537.36 (KHTML, like Gecko) Chrome/150.0.7871.114 Mobile Safari/537.36 (compatible; GoogleOther)"
216.73.217.150 - - [16/Jul/2026:16:46:26 +0000] "GET /?q=8774712835264 HTTP/2" 200 5153 "-" "Mozilla/5.0 AppleWebKit/537.36 (KHTML, like Gecko; compatible; ClaudeBot/1.0; +claudebot@anthropic.com)"
216.73.217.150 - - [16/Jul/2026:16:46:26 +0000] "GET /?q=96203295207073 HTTP/2" 200 5304 "-" "Mozilla/5.0 AppleWebKit/537.36 (KHTML, like Gecko; compatible; ClaudeBot/1.0; +claudebot@anthropic.com)"
216.73.217.150 - - [16/Jul/2026:16:46:26 +0000] "GET /?q=30833744840647 HTTP/2" 200 5090 "-" "Mozilla/5.0 AppleWebKit/537.36 (KHTML, like Gecko; compatible; ClaudeBot/1.0; +claudebot@anthropic.com)"
216.73.217.150 - - [16/Jul/2026:16:46:26 +0000] "GET /?q=53285102077543 HTTP/2" 200 5241 "-" "Mozilla/5.0 AppleWebKit/537.36 (KHTML, like Gecko; compatible; ClaudeBot/1.0; +claudebot@anthropic.com)"
66.249.65.198 - - [16/Jul/2026:16:46:26 +0000] "GET /index.php?q=72962628636708 HTTP/1.1" 200 25112 "-" "Mozilla/5.0 (Linux; Android 6.0.1; Nexus 5X Build/MMB29P) AppleWebKit/537.36 (KHTML, like Gecko) Chrome/150.0.7871.114 Mobile Safari/537.36 (compatible; GoogleOther)"
216.73.217.150 - - [16/Jul/2026:16:46:45 +0000] "GET /?q=2591376725049 HTTP/2" 200 5252 "-" "Mozilla/5.0 AppleWebKit/537.36 (KHTML, like Gecko; compatible; ClaudeBot/1.0; +claudebot@anthropic.com)"
216.73.217.150 - - [16/Jul/2026:16:46:45 +0000] "GET /?q=42529132009811 HTTP/2" 200 5090 "-" "Mozilla/5.0 AppleWebKit/537.36 (KHTML, like Gecko; compatible; ClaudeBot/1.0; +claudebot@anthropic.com)"
216.73.217.150 - - [16/Jul/2026:16:46:45 +0000] "GET /?q=32034627188161 HTTP/2" 200 5317 "-" "Mozilla/5.0 AppleWebKit/537.36 (KHTML, like Gecko; compatible; ClaudeBot/1.0; +claudebot@anthropic.com)"
216.73.217.150 - - [16/Jul/2026:16:46:45 +0000] "GET /?q=69848519627540 HTTP/2" 200 5388 "-" "Mozilla/5.0 AppleWebKit/537.36 (KHTML, like Gecko; compatible; ClaudeBot/1.0; +claudebot@anthropic.com)"
216.73.217.150 - - [16/Jul/2026:16:46:45 +0000] "GET /?q=85699793747017 HTTP/2" 200 5193 "-" "Mozilla/5.0 AppleWebKit/537.36 (KHTML, like Gecko; compatible; ClaudeBot/1.0; +claudebot@anthropic.com)"
