216.73.217.150 - - [16/Jul/2026:12:43:52 +0000] "GET /?q=51798169307630 HTTP/2" 200 25616 "-" "Mozilla/5.0 AppleWebKit/537.36 (KHTML, like Gecko; compatible; ClaudeBot/1.0; +claudebot@anthropic.com)"
216.73.217.150 - - [16/Jul/2026:12:43:53 +0000] "GET /?q=93719816452307 HTTP/2" 200 25616 "-" "Mozilla/5.0 AppleWebKit/537.36 (KHTML, like Gecko; compatible; ClaudeBot/1.0; +claudebot@anthropic.com)"
216.73.217.150 - - [16/Jul/2026:12:43:53 +0000] "GET /?q=78390516120436 HTTP/2" 200 25616 "-" "Mozilla/5.0 AppleWebKit/537.36 (KHTML, like Gecko; compatible; ClaudeBot/1.0; +claudebot@anthropic.com)"
216.73.217.150 - - [16/Jul/2026:12:43:53 +0000] "GET /?q=83514086413962 HTTP/2" 200 25616 "-" "Mozilla/5.0 AppleWebKit/537.36 (KHTML, like Gecko; compatible; ClaudeBot/1.0; +claudebot@anthropic.com)"
216.73.217.150 - - [16/Jul/2026:12:43:54 +0000] "GET /?q=39922105482207 HTTP/2" 200 25614 "-" "Mozilla/5.0 AppleWebKit/537.36 (KHTML, like Gecko; compatible; ClaudeBot/1.0; +claudebot@anthropic.com)"
216.73.217.150 - - [16/Jul/2026:12:43:54 +0000] "GET /?q=27845724872082 HTTP/2" 200 25614 "-" "Mozilla/5.0 AppleWebKit/537.36 (KHTML, like Gecko; compatible; ClaudeBot/1.0; +claudebot@anthropic.com)"
216.73.217.150 - - [16/Jul/2026:12:43:54 +0000] "GET /?q=15709423773430 HTTP/2" 200 25616 "-" "Mozilla/5.0 AppleWebKit/537.36 (KHTML, like Gecko; compatible; ClaudeBot/1.0; +claudebot@anthropic.com)"
216.73.217.150 - - [16/Jul/2026:12:43:54 +0000] "GET /?q=24667381300250 HTTP/2" 200 25614 "-" "Mozilla/5.0 AppleWebKit/537.36 (KHTML, like Gecko; compatible; ClaudeBot/1.0; +claudebot@anthropic.com)"
216.73.217.150 - - [16/Jul/2026:12:43:54 +0000] "GET /?q=18257242399633 HTTP/2" 200 25614 "-" "Mozilla/5.0 AppleWebKit/537.36 (KHTML, like Gecko; compatible; ClaudeBot/1.0; +claudebot@anthropic.com)"
216.73.217.150 - - [16/Jul/2026:12:43:54 +0000] "GET /?q=36363466214197 HTTP/2" 200 25614 "-" "Mozilla/5.0 AppleWebKit/537.36 (KHTML, like Gecko; compatible; ClaudeBot/1.0; +claudebot@anthropic.com)"
216.73.217.150 - - [16/Jul/2026:12:43:54 +0000] "GET /?q=72326283869139 HTTP/2" 200 25616 "-" "Mozilla/5.0 AppleWebKit/537.36 (KHTML, like Gecko; compatible; ClaudeBot/1.0; +claudebot@anthropic.com)"
216.73.217.150 - - [16/Jul/2026:12:43:55 +0000] "GET /?q=88422413226877 HTTP/2" 200 25616 "-" "Mozilla/5.0 AppleWebKit/537.36 (KHTML, like Gecko; compatible; ClaudeBot/1.0; +claudebot@anthropic.com)"
216.73.217.150 - - [16/Jul/2026:12:43:54 +0000] "GET /?q=17959983439794 HTTP/2" 200 25614 "-" "Mozilla/5.0 AppleWebKit/537.36 (KHTML, like Gecko; compatible; ClaudeBot/1.0; +claudebot@anthropic.com)"
216.73.217.150 - - [16/Jul/2026:12:43:55 +0000] "GET /?q=13567208595008 HTTP/2" 200 25616 "-" "Mozilla/5.0 AppleWebKit/537.36 (KHTML, like Gecko; compatible; ClaudeBot/1.0; +claudebot@anthropic.com)"
216.73.217.150 - - [16/Jul/2026:12:43:55 +0000] "GET /?q=34485087373978 HTTP/2" 200 25614 "-" "Mozilla/5.0 AppleWebKit/537.36 (KHTML, like Gecko; compatible; ClaudeBot/1.0; +claudebot@anthropic.com)"
216.73.217.150 - - [16/Jul/2026:12:43:55 +0000] "GET /?q=88875418829579 HTTP/2" 200 25614 "-" "Mozilla/5.0 AppleWebKit/537.36 (KHTML, like Gecko; compatible; ClaudeBot/1.0; +claudebot@anthropic.com)"
216.73.217.150 - - [16/Jul/2026:12:43:56 +0000] "GET /?q=13128670242847 HTTP/2" 200 25614 "-" "Mozilla/5.0 AppleWebKit/537.36 (KHTML, like Gecko; compatible; ClaudeBot/1.0; +claudebot@anthropic.com)"
216.73.217.150 - - [16/Jul/2026:12:43:56 +0000] "GET /?q=27820631897181 HTTP/2" 200 25616 "-" "Mozilla/5.0 AppleWebKit/537.36 (KHTML, like Gecko; compatible; ClaudeBot/1.0; +claudebot@anthropic.com)"
216.73.217.150 - - [16/Jul/2026:12:43:56 +0000] "GET /?q=19354961785179 HTTP/2" 200 25616 "-" "Mozilla/5.0 AppleWebKit/537.36 (KHTML, like Gecko; compatible; ClaudeBot/1.0; +claudebot@anthropic.com)"
216.73.217.150 - - [16/Jul/2026:12:43:56 +0000] "GET /?q=13434441489245 HTTP/2" 200 25614 "-" "Mozilla/5.0 AppleWebKit/537.36 (KHTML, like Gecko; compatible; ClaudeBot/1.0; +claudebot@anthropic.com)"
216.73.217.150 - - [16/Jul/2026:12:43:56 +0000] "GET /?q=91417504980116 HTTP/2" 200 25616 "-" "Mozilla/5.0 AppleWebKit/537.36 (KHTML, like Gecko; compatible; ClaudeBot/1.0; +claudebot@anthropic.com)"
216.73.217.150 - - [16/Jul/2026:12:43:56 +0000] "GET /?q=27661318418786 HTTP/2" 200 25616 "-" "Mozilla/5.0 AppleWebKit/537.36 (KHTML, like Gecko; compatible; ClaudeBot/1.0; +claudebot@anthropic.com)"
216.73.217.150 - - [16/Jul/2026:12:43:56 +0000] "GET /?q=23490590397878 HTTP/2" 200 25616 "-" "Mozilla/5.0 AppleWebKit/537.36 (KHTML, like Gecko; compatible; ClaudeBot/1.0; +claudebot@anthropic.com)"
216.73.217.150 - - [16/Jul/2026:12:43:56 +0000] "GET /?q=47587427940032 HTTP/2" 200 25616 "-" "Mozilla/5.0 AppleWebKit/537.36 (KHTML, like Gecko; compatible; ClaudeBot/1.0; +claudebot@anthropic.com)"
216.73.217.150 - - [16/Jul/2026:12:43:57 +0000] "GET /?q=99907171683763 HTTP/2" 200 25614 "-" "Mozilla/5.0 AppleWebKit/537.36 (KHTML, like Gecko; compatible; ClaudeBot/1.0; +claudebot@anthropic.com)"
216.73.217.150 - - [16/Jul/2026:12:43:57 +0000] "GET /?q=32710678840017 HTTP/2" 200 25614 "-" "Mozilla/5.0 AppleWebKit/537.36 (KHTML, like Gecko; compatible; ClaudeBot/1.0; +claudebot@anthropic.com)"
216.73.217.150 - - [16/Jul/2026:12:43:57 +0000] "GET /?q=86785636368038 HTTP/2" 200 25614 "-" "Mozilla/5.0 AppleWebKit/537.36 (KHTML, like Gecko; compatible; ClaudeBot/1.0; +claudebot@anthropic.com)"
216.73.217.150 - - [16/Jul/2026:12:43:57 +0000] "GET /?q=10556114501846 HTTP/2" 200 25614 "-" "Mozilla/5.0 AppleWebKit/537.36 (KHTML, like Gecko; compatible; ClaudeBot/1.0; +claudebot@anthropic.com)"
160.176.196.203 - - [16/Jul/2026:12:44:03 +0000] "POST /xmlrpc.php HTTP/1.1" 200 403 "-" "Jetpack/12.1; WordPress/6.1; http://site37248557.com"
216.73.217.150 - - [16/Jul/2026:12:44:05 +0000] "GET /?q=82382981048389 HTTP/2" 200 25614 "-" "Mozilla/5.0 AppleWebKit/537.36 (KHTML, like Gecko; compatible; ClaudeBot/1.0; +claudebot@anthropic.com)"
216.73.217.150 - - [16/Jul/2026:12:44:05 +0000] "GET /?q=68943913426179 HTTP/2" 200 25616 "-" "Mozilla/5.0 AppleWebKit/537.36 (KHTML, like Gecko; compatible; ClaudeBot/1.0; +claudebot@anthropic.com)"
216.73.217.150 - - [16/Jul/2026:12:44:05 +0000] "GET /?q=68850970825181 HTTP/2" 200 25616 "-" "Mozilla/5.0 AppleWebKit/537.36 (KHTML, like Gecko; compatible; ClaudeBot/1.0; +claudebot@anthropic.com)"
216.73.217.150 - - [16/Jul/2026:12:44:05 +0000] "GET /?q=16173031945991 HTTP/2" 200 25616 "-" "Mozilla/5.0 AppleWebKit/537.36 (KHTML, like Gecko; compatible; ClaudeBot/1.0; +claudebot@anthropic.com)"
216.73.217.150 - - [16/Jul/2026:12:44:05 +0000] "GET /?q=79289025279080 HTTP/2" 200 25616 "-" "Mozilla/5.0 AppleWebKit/537.36 (KHTML, like Gecko; compatible; ClaudeBot/1.0; +claudebot@anthropic.com)"
216.73.217.150 - - [16/Jul/2026:12:44:05 +0000] "GET /?q=62193580425466 HTTP/2" 200 25616 "-" "Mozilla/5.0 AppleWebKit/537.36 (KHTML, like Gecko; compatible; ClaudeBot/1.0; +claudebot@anthropic.com)"
216.73.217.150 - - [16/Jul/2026:12:44:05 +0000] "GET /?q=92177739183827 HTTP/2" 200 25616 "-" "Mozilla/5.0 AppleWebKit/537.36 (KHTML, like Gecko; compatible; ClaudeBot/1.0; +claudebot@anthropic.com)"
216.73.217.150 - - [16/Jul/2026:12:44:05 +0000] "GET /?q=79865239785514 HTTP/2" 200 25616 "-" "Mozilla/5.0 AppleWebKit/537.36 (KHTML, like Gecko; compatible; ClaudeBot/1.0; +claudebot@anthropic.com)"
216.73.217.150 - - [16/Jul/2026:12:44:05 +0000] "GET /?q=83864711139875 HTTP/2" 200 25616 "-" "Mozilla/5.0 AppleWebKit/537.36 (KHTML, like Gecko; compatible; ClaudeBot/1.0; +claudebot@anthropic.com)"
216.73.217.150 - - [16/Jul/2026:12:44:05 +0000] "GET /?q=91499268874275 HTTP/2" 200 25616 "-" "Mozilla/5.0 AppleWebKit/537.36 (KHTML, like Gecko; compatible; ClaudeBot/1.0; +claudebot@anthropic.com)"
216.73.217.150 - - [16/Jul/2026:12:44:06 +0000] "GET /?q=59760056253896 HTTP/2" 200 25614 "-" "Mozilla/5.0 AppleWebKit/537.36 (KHTML, like Gecko; compatible; ClaudeBot/1.0; +claudebot@anthropic.com)"
216.73.217.150 - - [16/Jul/2026:12:44:07 +0000] "GET /?q=45513051516168 HTTP/2" 200 25614 "-" "Mozilla/5.0 AppleWebKit/537.36 (KHTML, like Gecko; compatible; ClaudeBot/1.0; +claudebot@anthropic.com)"
216.73.217.150 - - [16/Jul/2026:12:44:07 +0000] "GET /?q=84664164726890 HTTP/2" 200 25614 "-" "Mozilla/5.0 AppleWebKit/537.36 (KHTML, like Gecko; compatible; ClaudeBot/1.0; +claudebot@anthropic.com)"
216.73.217.150 - - [16/Jul/2026:12:44:08 +0000] "GET /?q=3658662002626 HTTP/2" 200 25614 "-" "Mozilla/5.0 AppleWebKit/537.36 (KHTML, like Gecko; compatible; ClaudeBot/1.0; +claudebot@anthropic.com)"
216.73.217.150 - - [16/Jul/2026:12:44:08 +0000] "GET /?q=42312742471165 HTTP/2" 200 25616 "-" "Mozilla/5.0 AppleWebKit/537.36 (KHTML, like Gecko; compatible; ClaudeBot/1.0; +claudebot@anthropic.com)"
216.73.217.150 - - [16/Jul/2026:12:44:08 +0000] "GET /?q=74310820130632 HTTP/2" 200 25614 "-" "Mozilla/5.0 AppleWebKit/537.36 (KHTML, like Gecko; compatible; ClaudeBot/1.0; +claudebot@anthropic.com)"
216.73.217.150 - - [16/Jul/2026:12:44:08 +0000] "GET /?q=54686030206150 HTTP/2" 200 25614 "-" "Mozilla/5.0 AppleWebKit/537.36 (KHTML, like Gecko; compatible; ClaudeBot/1.0; +claudebot@anthropic.com)"
216.73.217.150 - - [16/Jul/2026:12:44:08 +0000] "GET /?q=54184861723389 HTTP/2" 200 25616 "-" "Mozilla/5.0 AppleWebKit/537.36 (KHTML, like Gecko; compatible; ClaudeBot/1.0; +claudebot@anthropic.com)"
216.73.217.150 - - [16/Jul/2026:12:44:08 +0000] "GET /?q=84611614447661 HTTP/2" 200 25616 "-" "Mozilla/5.0 AppleWebKit/537.36 (KHTML, like Gecko; compatible; ClaudeBot/1.0; +claudebot@anthropic.com)"
216.73.217.150 - - [16/Jul/2026:12:44:08 +0000] "GET /?q=82922395708699 HTTP/2" 200 25616 "-" "Mozilla/5.0 AppleWebKit/537.36 (KHTML, like Gecko; compatible; ClaudeBot/1.0; +claudebot@anthropic.com)"
216.73.217.150 - - [16/Jul/2026:12:44:08 +0000] "GET /?q=80018230410725 HTTP/2" 200 25616 "-" "Mozilla/5.0 AppleWebKit/537.36 (KHTML, like Gecko; compatible; ClaudeBot/1.0; +claudebot@anthropic.com)"
216.73.217.150 - - [16/Jul/2026:12:44:09 +0000] "GET /?q=71188665958302 HTTP/2" 200 25614 "-" "Mozilla/5.0 AppleWebKit/537.36 (KHTML, like Gecko; compatible; ClaudeBot/1.0; +claudebot@anthropic.com)"
216.73.217.150 - - [16/Jul/2026:12:44:08 +0000] "GET /?q=81205246893849 HTTP/2" 200 25616 "-" "Mozilla/5.0 AppleWebKit/537.36 (KHTML, like Gecko; compatible; ClaudeBot/1.0; +claudebot@anthropic.com)"
216.73.217.150 - - [16/Jul/2026:12:44:09 +0000] "GET /?q=46731679892753 HTTP/2" 200 25616 "-" "Mozilla/5.0 AppleWebKit/537.36 (KHTML, like Gecko; compatible; ClaudeBot/1.0; +claudebot@anthropic.com)"
216.73.217.150 - - [16/Jul/2026:12:44:09 +0000] "GET /?q=39751806920623 HTTP/2" 200 25616 "-" "Mozilla/5.0 AppleWebKit/537.36 (KHTML, like Gecko; compatible; ClaudeBot/1.0; +claudebot@anthropic.com)"
216.73.217.150 - - [16/Jul/2026:12:44:09 +0000] "GET /?q=3821232951021 HTTP/2" 200 25616 "-" "Mozilla/5.0 AppleWebKit/537.36 (KHTML, like Gecko; compatible; ClaudeBot/1.0; +claudebot@anthropic.com)"
216.73.217.150 - - [16/Jul/2026:12:44:10 +0000] "GET /?q=78986815575031 HTTP/2" 200 25616 "-" "Mozilla/5.0 AppleWebKit/537.36 (KHTML, like Gecko; compatible; ClaudeBot/1.0; +claudebot@anthropic.com)"
216.73.217.150 - - [16/Jul/2026:12:44:10 +0000] "GET /?q=81469805796611 HTTP/2" 200 25614 "-" "Mozilla/5.0 AppleWebKit/537.36 (KHTML, like Gecko; compatible; ClaudeBot/1.0; +claudebot@anthropic.com)"
216.73.217.150 - - [16/Jul/2026:12:44:10 +0000] "GET /?q=88113843579619 HTTP/2" 200 25616 "-" "Mozilla/5.0 AppleWebKit/537.36 (KHTML, like Gecko; compatible; ClaudeBot/1.0; +claudebot@anthropic.com)"
216.73.217.150 - - [16/Jul/2026:12:44:10 +0000] "GET /?q=94760349672377 HTTP/2" 200 25616 "-" "Mozilla/5.0 AppleWebKit/537.36 (KHTML, like Gecko; compatible; ClaudeBot/1.0; +claudebot@anthropic.com)"
216.73.217.150 - - [16/Jul/2026:12:44:11 +0000] "GET /?q=70557627848521 HTTP/2" 200 25614 "-" "Mozilla/5.0 AppleWebKit/537.36 (KHTML, like Gecko; compatible; ClaudeBot/1.0; +claudebot@anthropic.com)"
216.73.217.150 - - [16/Jul/2026:12:44:10 +0000] "GET /?q=23886233118505 HTTP/2" 200 25616 "-" "Mozilla/5.0 AppleWebKit/537.36 (KHTML, like Gecko; compatible; ClaudeBot/1.0; +claudebot@anthropic.com)"
216.73.217.150 - - [16/Jul/2026:12:44:11 +0000] "GET /?q=92130567038201 HTTP/2" 200 25614 "-" "Mozilla/5.0 AppleWebKit/537.36 (KHTML, like Gecko; compatible; ClaudeBot/1.0; +claudebot@anthropic.com)"
216.73.217.150 - - [16/Jul/2026:12:44:11 +0000] "GET /?q=85925334539107 HTTP/2" 200 25614 "-" "Mozilla/5.0 AppleWebKit/537.36 (KHTML, like Gecko; compatible; ClaudeBot/1.0; +claudebot@anthropic.com)"
216.73.217.150 - - [16/Jul/2026:12:44:11 +0000] "GET /?q=71861166126251 HTTP/2" 200 25614 "-" "Mozilla/5.0 AppleWebKit/537.36 (KHTML, like Gecko; compatible; ClaudeBot/1.0; +claudebot@anthropic.com)"
216.73.217.150 - - [16/Jul/2026:12:44:11 +0000] "GET /?q=42075178106320 HTTP/2" 200 25614 "-" "Mozilla/5.0 AppleWebKit/537.36 (KHTML, like Gecko; compatible; ClaudeBot/1.0; +claudebot@anthropic.com)"
216.73.217.150 - - [16/Jul/2026:12:44:11 +0000] "GET /?q=26999661479855 HTTP/2" 200 25614 "-" "Mozilla/5.0 AppleWebKit/537.36 (KHTML, like Gecko; compatible; ClaudeBot/1.0; +claudebot@anthropic.com)"
160.176.196.203 - - [16/Jul/2026:12:44:13 +0000] "POST /xmlrpc.php HTTP/1.1" 200 403 "-" "Jetpack by WordPress.com"
160.176.196.203 - - [16/Jul/2026:12:44:24 +0000] "POST /xmlrpc.php HTTP/1.1" 200 403 "-" "Jetpack by WordPress.com"
160.176.196.203 - - [16/Jul/2026:12:44:34 +0000] "POST /xmlrpc.php HTTP/1.1" 200 403 "-" "WordPress.com; https://wordpress.com"
216.73.217.150 - - [16/Jul/2026:12:44:36 +0000] "GET /?q=82738000819180 HTTP/2" 200 25616 "-" "Mozilla/5.0 AppleWebKit/537.36 (KHTML, like Gecko; compatible; ClaudeBot/1.0; +claudebot@anthropic.com)"
216.73.217.150 - - [16/Jul/2026:12:44:36 +0000] "GET /?q=38049414265428 HTTP/2" 200 25616 "-" "Mozilla/5.0 AppleWebKit/537.36 (KHTML, like Gecko; compatible; ClaudeBot/1.0; +claudebot@anthropic.com)"
216.73.217.150 - - [16/Jul/2026:12:44:36 +0000] "GET /?q=59588878038058 HTTP/2" 200 25616 "-" "Mozilla/5.0 AppleWebKit/537.36 (KHTML, like Gecko; compatible; ClaudeBot/1.0; +claudebot@anthropic.com)"
216.73.217.150 - - [16/Jul/2026:12:44:36 +0000] "GET /?q=37153275195320 HTTP/2" 200 25616 "-" "Mozilla/5.0 AppleWebKit/537.36 (KHTML, like Gecko; compatible; ClaudeBot/1.0; +claudebot@anthropic.com)"
216.73.217.150 - - [16/Jul/2026:12:44:36 +0000] "GET /?q=26940265861290 HTTP/2" 200 25616 "-" "Mozilla/5.0 AppleWebKit/537.36 (KHTML, like Gecko; compatible; ClaudeBot/1.0; +claudebot@anthropic.com)"
216.73.217.150 - - [16/Jul/2026:12:44:36 +0000] "GET /?q=41608270607827 HTTP/2" 200 25616 "-" "Mozilla/5.0 AppleWebKit/537.36 (KHTML, like Gecko; compatible; ClaudeBot/1.0; +claudebot@anthropic.com)"
216.73.217.150 - - [16/Jul/2026:12:44:36 +0000] "GET /?q=80822478479242 HTTP/2" 200 25616 "-" "Mozilla/5.0 AppleWebKit/537.36 (KHTML, like Gecko; compatible; ClaudeBot/1.0; +claudebot@anthropic.com)"
216.73.217.150 - - [16/Jul/2026:12:44:36 +0000] "GET /?q=18064258639185 HTTP/2" 200 25616 "-" "Mozilla/5.0 AppleWebKit/537.36 (KHTML, like Gecko; compatible; ClaudeBot/1.0; +claudebot@anthropic.com)"
216.73.217.150 - - [16/Jul/2026:12:44:36 +0000] "GET /?q=75868811705832 HTTP/2" 200 25616 "-" "Mozilla/5.0 AppleWebKit/537.36 (KHTML, like Gecko; compatible; ClaudeBot/1.0; +claudebot@anthropic.com)"
216.73.217.150 - - [16/Jul/2026:12:44:36 +0000] "GET /?q=17923571256870 HTTP/2" 200 25616 "-" "Mozilla/5.0 AppleWebKit/537.36 (KHTML, like Gecko; compatible; ClaudeBot/1.0; +claudebot@anthropic.com)"
216.73.217.150 - - [16/Jul/2026:12:44:37 +0000] "GET /?q=88419511269215 HTTP/2" 200 25614 "-" "Mozilla/5.0 AppleWebKit/537.36 (KHTML, like Gecko; compatible; ClaudeBot/1.0; +claudebot@anthropic.com)"
216.73.217.150 - - [16/Jul/2026:12:44:38 +0000] "GET /?q=60398027715222 HTTP/2" 200 25614 "-" "Mozilla/5.0 AppleWebKit/537.36 (KHTML, like Gecko; compatible; ClaudeBot/1.0; +claudebot@anthropic.com)"
216.73.217.150 - - [16/Jul/2026:12:44:38 +0000] "GET /?q=17291642545614 HTTP/2" 200 25614 "-" "Mozilla/5.0 AppleWebKit/537.36 (KHTML, like Gecko; compatible; ClaudeBot/1.0; +claudebot@anthropic.com)"
216.73.217.150 - - [16/Jul/2026:12:44:38 +0000] "GET /?q=23172602979951 HTTP/2" 200 25614 "-" "Mozilla/5.0 AppleWebKit/537.36 (KHTML, like Gecko; compatible; ClaudeBot/1.0; +claudebot@anthropic.com)"
216.73.217.150 - - [16/Jul/2026:12:44:38 +0000] "GET /?q=13259002792784 HTTP/2" 200 25616 "-" "Mozilla/5.0 AppleWebKit/537.36 (KHTML, like Gecko; compatible; ClaudeBot/1.0; +claudebot@anthropic.com)"
216.73.217.150 - - [16/Jul/2026:12:44:39 +0000] "GET /?q=69078742229847 HTTP/2" 200 25616 "-" "Mozilla/5.0 AppleWebKit/537.36 (KHTML, like Gecko; compatible; ClaudeBot/1.0; +claudebot@anthropic.com)"
216.73.217.150 - - [16/Jul/2026:12:44:39 +0000] "GET /?q=94763939470859 HTTP/2" 200 25616 "-" "Mozilla/5.0 AppleWebKit/537.36 (KHTML, like Gecko; compatible; ClaudeBot/1.0; +claudebot@anthropic.com)"
216.73.217.150 - - [16/Jul/2026:12:44:39 +0000] "GET /?q=27364364136689 HTTP/2" 200 25616 "-" "Mozilla/5.0 AppleWebKit/537.36 (KHTML, like Gecko; compatible; ClaudeBot/1.0; +claudebot@anthropic.com)"
216.73.217.150 - - [16/Jul/2026:12:44:39 +0000] "GET /?q=75385847300544 HTTP/2" 200 25616 "-" "Mozilla/5.0 AppleWebKit/537.36 (KHTML, like Gecko; compatible; ClaudeBot/1.0; +claudebot@anthropic.com)"
216.73.217.150 - - [16/Jul/2026:12:44:39 +0000] "GET /?q=69235840831932 HTTP/2" 200 25616 "-" "Mozilla/5.0 AppleWebKit/537.36 (KHTML, like Gecko; compatible; ClaudeBot/1.0; +claudebot@anthropic.com)"
216.73.217.150 - - [16/Jul/2026:12:44:39 +0000] "GET /?q=80124819295391 HTTP/2" 200 25614 "-" "Mozilla/5.0 AppleWebKit/537.36 (KHTML, like Gecko; compatible; ClaudeBot/1.0; +claudebot@anthropic.com)"
216.73.217.150 - - [16/Jul/2026:12:44:40 +0000] "GET /?q=43773591001058 HTTP/2" 200 25614 "-" "Mozilla/5.0 AppleWebKit/537.36 (KHTML, like Gecko; compatible; ClaudeBot/1.0; +claudebot@anthropic.com)"
216.73.217.150 - - [16/Jul/2026:12:44:39 +0000] "GET /?q=94212102282198 HTTP/2" 200 25616 "-" "Mozilla/5.0 AppleWebKit/537.36 (KHTML, like Gecko; compatible; ClaudeBot/1.0; +claudebot@anthropic.com)"
216.73.217.150 - - [16/Jul/2026:12:44:40 +0000] "GET /?q=29592094134171 HTTP/2" 200 25616 "-" "Mozilla/5.0 AppleWebKit/537.36 (KHTML, like Gecko; compatible; ClaudeBot/1.0; +claudebot@anthropic.com)"
216.73.217.150 - - [16/Jul/2026:12:44:40 +0000] "GET /?q=6376053491190 HTTP/2" 200 25614 "-" "Mozilla/5.0 AppleWebKit/537.36 (KHTML, like Gecko; compatible; ClaudeBot/1.0; +claudebot@anthropic.com)"
216.73.217.150 - - [16/Jul/2026:12:44:40 +0000] "GET /?q=52730190985104 HTTP/2" 200 25616 "-" "Mozilla/5.0 AppleWebKit/537.36 (KHTML, like Gecko; compatible; ClaudeBot/1.0; +claudebot@anthropic.com)"
216.73.217.150 - - [16/Jul/2026:12:44:41 +0000] "GET /?q=64362225380969 HTTP/2" 200 25616 "-" "Mozilla/5.0 AppleWebKit/537.36 (KHTML, like Gecko; compatible; ClaudeBot/1.0; +claudebot@anthropic.com)"
216.73.217.150 - - [16/Jul/2026:12:44:41 +0000] "GET /?q=24913967765553 HTTP/2" 200 25614 "-" "Mozilla/5.0 AppleWebKit/537.36 (KHTML, like Gecko; compatible; ClaudeBot/1.0; +claudebot@anthropic.com)"
216.73.217.150 - - [16/Jul/2026:12:44:41 +0000] "GET /?q=17363262180815 HTTP/2" 200 25614 "-" "Mozilla/5.0 AppleWebKit/537.36 (KHTML, like Gecko; compatible; ClaudeBot/1.0; +claudebot@anthropic.com)"
216.73.217.150 - - [16/Jul/2026:12:44:41 +0000] "GET /?q=34583653594179 HTTP/2" 200 25616 "-" "Mozilla/5.0 AppleWebKit/537.36 (KHTML, like Gecko; compatible; ClaudeBot/1.0; +claudebot@anthropic.com)"
216.73.217.150 - - [16/Jul/2026:12:44:41 +0000] "GET /?q=92888198700066 HTTP/2" 200 25616 "-" "Mozilla/5.0 AppleWebKit/537.36 (KHTML, like Gecko; compatible; ClaudeBot/1.0; +claudebot@anthropic.com)"
216.73.217.150 - - [16/Jul/2026:12:44:41 +0000] "GET /?q=89660868588001 HTTP/2" 200 25614 "-" "Mozilla/5.0 AppleWebKit/537.36 (KHTML, like Gecko; compatible; ClaudeBot/1.0; +claudebot@anthropic.com)"
216.73.217.150 - - [16/Jul/2026:12:44:42 +0000] "GET /?q=92228841938977 HTTP/2" 200 25614 "-" "Mozilla/5.0 AppleWebKit/537.36 (KHTML, like Gecko; compatible; ClaudeBot/1.0; +claudebot@anthropic.com)"
216.73.217.150 - - [16/Jul/2026:12:44:42 +0000] "GET /?q=46015515143888 HTTP/2" 200 25614 "-" "Mozilla/5.0 AppleWebKit/537.36 (KHTML, like Gecko; compatible; ClaudeBot/1.0; +claudebot@anthropic.com)"
216.73.217.150 - - [16/Jul/2026:12:44:42 +0000] "GET /?q=17896031796438 HTTP/2" 200 25614 "-" "Mozilla/5.0 AppleWebKit/537.36 (KHTML, like Gecko; compatible; ClaudeBot/1.0; +claudebot@anthropic.com)"
216.73.217.150 - - [16/Jul/2026:12:44:42 +0000] "GET /?q=33646246934410 HTTP/2" 200 25616 "-" "Mozilla/5.0 AppleWebKit/537.36 (KHTML, like Gecko; compatible; ClaudeBot/1.0; +claudebot@anthropic.com)"
216.73.217.150 - - [16/Jul/2026:12:44:42 +0000] "GET /?q=93410115181115 HTTP/2" 200 25614 "-" "Mozilla/5.0 AppleWebKit/537.36 (KHTML, like Gecko; compatible; ClaudeBot/1.0; +claudebot@anthropic.com)"
160.176.196.203 - - [16/Jul/2026:12:44:45 +0000] "POST /xmlrpc.php HTTP/1.1" 200 403 "-" "Jetpack/12.0; WordPress/6.2; http://site80813895.com"
66.249.65.198 - - [16/Jul/2026:12:44:42 +0000] "GET /?q=45609575135686 HTTP/1.1" 200 25596 "-" "Mozilla/5.0 (compatible; Googlebot/2.1; +http://www.google.com/bot.html)"
216.73.217.150 - - [16/Jul/2026:12:44:48 +0000] "GET /?q=92729810771055 HTTP/2" 200 25616 "-" "Mozilla/5.0 AppleWebKit/537.36 (KHTML, like Gecko; compatible; ClaudeBot/1.0; +claudebot@anthropic.com)"
216.73.217.150 - - [16/Jul/2026:12:44:48 +0000] "GET /?q=86098585810776 HTTP/2" 200 25616 "-" "Mozilla/5.0 AppleWebKit/537.36 (KHTML, like Gecko; compatible; ClaudeBot/1.0; +claudebot@anthropic.com)"
216.73.217.150 - - [16/Jul/2026:12:44:48 +0000] "GET /?q=89112803644390 HTTP/2" 200 25616 "-" "Mozilla/5.0 AppleWebKit/537.36 (KHTML, like Gecko; compatible; ClaudeBot/1.0; +claudebot@anthropic.com)"
216.73.217.150 - - [16/Jul/2026:12:44:48 +0000] "GET /?q=27086959044071 HTTP/2" 200 25616 "-" "Mozilla/5.0 AppleWebKit/537.36 (KHTML, like Gecko; compatible; ClaudeBot/1.0; +claudebot@anthropic.com)"
216.73.217.150 - - [16/Jul/2026:12:44:49 +0000] "GET /?q=6218732673888 HTTP/2" 200 25616 "-" "Mozilla/5.0 AppleWebKit/537.36 (KHTML, like Gecko; compatible; ClaudeBot/1.0; +claudebot@anthropic.com)"
216.73.217.150 - - [16/Jul/2026:12:44:49 +0000] "GET /?q=41613652871411 HTTP/2" 200 25614 "-" "Mozilla/5.0 AppleWebKit/537.36 (KHTML, like Gecko; compatible; ClaudeBot/1.0; +claudebot@anthropic.com)"
216.73.217.150 - - [16/Jul/2026:12:44:49 +0000] "GET /?q=69132101119728 HTTP/2" 200 25616 "-" "Mozilla/5.0 AppleWebKit/537.36 (KHTML, like Gecko; compatible; ClaudeBot/1.0; +claudebot@anthropic.com)"
216.73.217.150 - - [16/Jul/2026:12:44:49 +0000] "GET /?q=31090556451299 HTTP/2" 200 25616 "-" "Mozilla/5.0 AppleWebKit/537.36 (KHTML, like Gecko; compatible; ClaudeBot/1.0; +claudebot@anthropic.com)"
216.73.217.150 - - [16/Jul/2026:12:44:49 +0000] "GET /?q=57194107012624 HTTP/2" 200 25616 "-" "Mozilla/5.0 AppleWebKit/537.36 (KHTML, like Gecko; compatible; ClaudeBot/1.0; +claudebot@anthropic.com)"
216.73.217.150 - - [16/Jul/2026:12:44:49 +0000] "GET /?q=19031342480996 HTTP/2" 200 25616 "-" "Mozilla/5.0 AppleWebKit/537.36 (KHTML, like Gecko; compatible; ClaudeBot/1.0; +claudebot@anthropic.com)"
216.73.217.150 - - [16/Jul/2026:12:44:49 +0000] "GET /?q=94788421120284 HTTP/2" 200 25616 "-" "Mozilla/5.0 AppleWebKit/537.36 (KHTML, like Gecko; compatible; ClaudeBot/1.0; +claudebot@anthropic.com)"
216.73.217.150 - - [16/Jul/2026:12:44:50 +0000] "GET /?q=1711233095957 HTTP/2" 200 25616 "-" "Mozilla/5.0 AppleWebKit/537.36 (KHTML, like Gecko; compatible; ClaudeBot/1.0; +claudebot@anthropic.com)"
216.73.217.150 - - [16/Jul/2026:12:44:50 +0000] "GET /?q=40052566368578 HTTP/2" 200 25616 "-" "Mozilla/5.0 AppleWebKit/537.36 (KHTML, like Gecko; compatible; ClaudeBot/1.0; +claudebot@anthropic.com)"
216.73.217.150 - - [16/Jul/2026:12:44:51 +0000] "GET /?q=95423869685561 HTTP/2" 200 25616 "-" "Mozilla/5.0 AppleWebKit/537.36 (KHTML, like Gecko; compatible; ClaudeBot/1.0; +claudebot@anthropic.com)"
216.73.217.150 - - [16/Jul/2026:12:44:51 +0000] "GET /?q=60690539135005 HTTP/2" 200 25614 "-" "Mozilla/5.0 AppleWebKit/537.36 (KHTML, like Gecko; compatible; ClaudeBot/1.0; +claudebot@anthropic.com)"
216.73.217.150 - - [16/Jul/2026:12:44:52 +0000] "GET /?q=51850277514270 HTTP/2" 200 25616 "-" "Mozilla/5.0 AppleWebKit/537.36 (KHTML, like Gecko; compatible; ClaudeBot/1.0; +claudebot@anthropic.com)"
216.73.217.150 - - [16/Jul/2026:12:44:52 +0000] "GET /?q=39143321396021 HTTP/2" 200 25616 "-" "Mozilla/5.0 AppleWebKit/537.36 (KHTML, like Gecko; compatible; ClaudeBot/1.0; +claudebot@anthropic.com)"
216.73.217.150 - - [16/Jul/2026:12:44:52 +0000] "GET /?q=99957862971273 HTTP/2" 200 25616 "-" "Mozilla/5.0 AppleWebKit/537.36 (KHTML, like Gecko; compatible; ClaudeBot/1.0; +claudebot@anthropic.com)"
216.73.217.150 - - [16/Jul/2026:12:44:53 +0000] "GET /?q=14572519056390 HTTP/2" 200 25694 "-" "Mozilla/5.0 AppleWebKit/537.36 (KHTML, like Gecko; compatible; ClaudeBot/1.0; +claudebot@anthropic.com)"
216.73.217.150 - - [16/Jul/2026:12:44:53 +0000] "GET /?q=1923661377788 HTTP/2" 200 25616 "-" "Mozilla/5.0 AppleWebKit/537.36 (KHTML, like Gecko; compatible; ClaudeBot/1.0; +claudebot@anthropic.com)"
216.73.217.150 - - [16/Jul/2026:12:44:53 +0000] "GET /?q=15198999880177 HTTP/2" 200 25616 "-" "Mozilla/5.0 AppleWebKit/537.36 (KHTML, like Gecko; compatible; ClaudeBot/1.0; +claudebot@anthropic.com)"
216.73.217.150 - - [16/Jul/2026:12:44:53 +0000] "GET /?q=78253215649025 HTTP/2" 200 25616 "-" "Mozilla/5.0 AppleWebKit/537.36 (KHTML, like Gecko; compatible; ClaudeBot/1.0; +claudebot@anthropic.com)"
216.73.217.150 - - [16/Jul/2026:12:44:53 +0000] "GET /?q=14470839257056 HTTP/2" 200 25696 "-" "Mozilla/5.0 AppleWebKit/537.36 (KHTML, like Gecko; compatible; ClaudeBot/1.0; +claudebot@anthropic.com)"
216.73.217.150 - - [16/Jul/2026:12:44:53 +0000] "GET /?q=11450262599940 HTTP/2" 200 25616 "-" "Mozilla/5.0 AppleWebKit/537.36 (KHTML, like Gecko; compatible; ClaudeBot/1.0; +claudebot@anthropic.com)"
216.73.217.150 - - [16/Jul/2026:12:44:53 +0000] "GET /?q=66075543212039 HTTP/2" 200 25616 "-" "Mozilla/5.0 AppleWebKit/537.36 (KHTML, like Gecko; compatible; ClaudeBot/1.0; +claudebot@anthropic.com)"
216.73.217.150 - - [16/Jul/2026:12:44:53 +0000] "GET /?q=42258930372041 HTTP/2" 200 25616 "-" "Mozilla/5.0 AppleWebKit/537.36 (KHTML, like Gecko; compatible; ClaudeBot/1.0; +claudebot@anthropic.com)"
216.73.217.150 - - [16/Jul/2026:12:44:54 +0000] "GET /?q=12627125482700 HTTP/2" 200 25616 "-" "Mozilla/5.0 AppleWebKit/537.36 (KHTML, like Gecko; compatible; ClaudeBot/1.0; +claudebot@anthropic.com)"
216.73.217.150 - - [16/Jul/2026:12:44:53 +0000] "GET /?q=40497853822030 HTTP/2" 200 25616 "-" "Mozilla/5.0 AppleWebKit/537.36 (KHTML, like Gecko; compatible; ClaudeBot/1.0; +claudebot@anthropic.com)"
216.73.217.150 - - [16/Jul/2026:12:44:54 +0000] "GET /?q=37466237012511 HTTP/2" 200 25614 "-" "Mozilla/5.0 AppleWebKit/537.36 (KHTML, like Gecko; compatible; ClaudeBot/1.0; +claudebot@anthropic.com)"
216.73.217.150 - - [16/Jul/2026:12:44:54 +0000] "GET /?q=66235279414695 HTTP/2" 200 25616 "-" "Mozilla/5.0 AppleWebKit/537.36 (KHTML, like Gecko; compatible; ClaudeBot/1.0; +claudebot@anthropic.com)"
216.73.217.150 - - [16/Jul/2026:12:44:55 +0000] "GET /?q=31650297249415 HTTP/2" 200 25616 "-" "Mozilla/5.0 AppleWebKit/537.36 (KHTML, like Gecko; compatible; ClaudeBot/1.0; +claudebot@anthropic.com)"
216.73.217.150 - - [16/Jul/2026:12:44:55 +0000] "GET /?q=83411786254211 HTTP/2" 200 25616 "-" "Mozilla/5.0 AppleWebKit/537.36 (KHTML, like Gecko; compatible; ClaudeBot/1.0; +claudebot@anthropic.com)"
160.176.196.203 - - [16/Jul/2026:12:44:55 +0000] "POST /xmlrpc.php HTTP/1.1" 200 403 "-" "Jetpack by WordPress.com (Jetpack 12.1; WordPress 6.4)"
216.73.217.150 - - [16/Jul/2026:12:44:55 +0000] "GET /?q=86584145748035 HTTP/2" 200 25616 "-" "Mozilla/5.0 AppleWebKit/537.36 (KHTML, like Gecko; compatible; ClaudeBot/1.0; +claudebot@anthropic.com)"
216.73.217.150 - - [16/Jul/2026:12:44:55 +0000] "GET /?q=41620361713084 HTTP/2" 200 25616 "-" "Mozilla/5.0 AppleWebKit/537.36 (KHTML, like Gecko; compatible; ClaudeBot/1.0; +claudebot@anthropic.com)"
216.73.217.150 - - [16/Jul/2026:12:44:55 +0000] "GET /?q=81614012036146 HTTP/2" 200 25616 "-" "Mozilla/5.0 AppleWebKit/537.36 (KHTML, like Gecko; compatible; ClaudeBot/1.0; +claudebot@anthropic.com)"
216.73.217.150 - - [16/Jul/2026:12:44:55 +0000] "GET /?q=66918227475809 HTTP/2" 200 25614 "-" "Mozilla/5.0 AppleWebKit/537.36 (KHTML, like Gecko; compatible; ClaudeBot/1.0; +claudebot@anthropic.com)"
216.73.217.150 - - [16/Jul/2026:12:44:56 +0000] "GET /?q=47389639985420 HTTP/2" 200 25614 "-" "Mozilla/5.0 AppleWebKit/537.36 (KHTML, like Gecko; compatible; ClaudeBot/1.0; +claudebot@anthropic.com)"
160.176.196.203 - - [16/Jul/2026:12:45:06 +0000] "POST /xmlrpc.php HTTP/1.1" 200 403 "-" "WordPress.com; https://wordpress.com"
160.176.196.203 - - [16/Jul/2026:12:45:16 +0000] "POST /xmlrpc.php HTTP/1.1" 200 403 "-" "Jetpack by WordPress.com"
66.249.65.199 - - [16/Jul/2026:12:45:23 +0000] "GET /?q=30786879243218 HTTP/1.1" 200 24737 "-" "Mozilla/5.0 (Linux; Android 6.0.1; Nexus 5X Build/MMB29P) AppleWebKit/537.36 (KHTML, like Gecko) Chrome/150.0.7871.114 Mobile Safari/537.36 (compatible; Googlebot/2.1; +http://www.google.com/bot.html)"
160.176.196.203 - - [16/Jul/2026:12:45:27 +0000] "POST /xmlrpc.php HTTP/1.1" 200 403 "-" "WordPress.com; https://wordpress.com"
69.171.231.3 - - [16/Jul/2026:12:45:32 +0000] "GET /robots.txt HTTP/2" 206 67 "-" "facebookexternalhit/1.1 (+http://www.facebook.com/externalhit_uatext.php)"
69.171.231.14 - - [16/Jul/2026:12:45:33 +0000] "GET /robots.txt HTTP/2" 206 67 "-" "facebookexternalhit/1.1 (+http://www.facebook.com/externalhit_uatext.php)"
57.141.0.20 - - [16/Jul/2026:12:45:34 +0000] "GET /wp-json/oembed/1.0/embed?url=https%3A%2F%2Fsurajauto.com%2F2026%2F06%2F29%2F10-mifov-o-kazino-pinco-razvenchannykh-faktami-2%2F HTTP/2" 200 2821 "-" "Mozilla/5.0 (Macintosh; Intel Mac OS X 10_15_7) AppleWebKit/537.36 (KHTML, like Gecko) Chrome/145.0.0.0 Safari/537.36 (compatible; meta-externalagent/1.1 (+https://developers.facebook.com/docs/sharing/webmasters/crawler))"
160.176.196.203 - - [16/Jul/2026:12:45:37 +0000] "POST /xmlrpc.php HTTP/1.1" 200 403 "-" "Jetpack by WordPress.com (Jetpack 12.5; WordPress 6.1)"
160.176.196.203 - - [16/Jul/2026:12:45:48 +0000] "POST /xmlrpc.php HTTP/1.1" 200 403 "-" "Jetpack by WordPress.com (Jetpack 13.0; WordPress 6.2)"
66.249.65.197 - - [16/Jul/2026:12:45:52 +0000] "GET /?q=81559874528381 HTTP/1.1" 200 24413 "-" "Mozilla/5.0 (Linux; Android 6.0.1; Nexus 5X Build/MMB29P) AppleWebKit/537.36 (KHTML, like Gecko) Chrome/150.0.7871.114 Mobile Safari/537.36 (compatible; Googlebot/2.1; +http://www.google.com/bot.html)"
160.176.196.203 - - [16/Jul/2026:12:45:59 +0000] "POST /xmlrpc.php HTTP/1.1" 200 403 "-" "Jetpack/13.0; WordPress/6.4; http://site45248866.com"
160.176.196.203 - - [16/Jul/2026:12:46:09 +0000] "POST /xmlrpc.php HTTP/1.1" 200 403 "-" "Jetpack by WordPress.com (Jetpack 13.0; WordPress 6.3)"
66.249.65.198 - - [16/Jul/2026:12:46:15 +0000] "GET /?q=36794403183311 HTTP/1.1" 200 24872 "-" "Mozilla/5.0 (compatible; Googlebot/2.1; +http://www.google.com/bot.html)"
160.176.196.203 - - [16/Jul/2026:12:46:20 +0000] "POST /xmlrpc.php HTTP/1.1" 200 403 "-" "Jetpack by WordPress.com"
160.176.196.203 - - [16/Jul/2026:12:46:30 +0000] "POST /xmlrpc.php HTTP/1.1" 200 403 "-" "Jetpack by WordPress.com (Jetpack 12.5; WordPress 6.3)"
160.176.196.203 - - [16/Jul/2026:12:46:41 +0000] "POST /xmlrpc.php HTTP/1.1" 200 403 "-" "WordPress.com; https://wordpress.com"
160.176.196.203 - - [16/Jul/2026:12:46:51 +0000] "POST /xmlrpc.php HTTP/1.1" 200 403 "-" "Jetpack by WordPress.com (Jetpack 12.5; WordPress 6.4)"
98.159.37.76 - - [16/Jul/2026:12:46:59 +0000] "POST /wp-login.php HTTP/1.1" 200 2461 "-" "Mozilla/5.0 (Windows NT 10.0; Win64; rv:143.0) Gecko/20100101 Firefox/143.0"
98.159.37.78 - - [16/Jul/2026:12:46:59 +0000] "POST /wp-login.php HTTP/1.1" 200 2469 "-" "Mozilla/5.0 (Windows NT 10.0; Win64; x64) AppleWebKit/537.36 Chrome/129.0.0.0 Safari/537.36"
160.176.196.203 - - [16/Jul/2026:12:47:02 +0000] "POST /xmlrpc.php HTTP/1.1" 200 403 "-" "Jetpack by WordPress.com (Jetpack 13.0; WordPress 6.1)"
160.176.196.203 - - [16/Jul/2026:12:47:12 +0000] "POST /xmlrpc.php HTTP/1.1" 200 403 "-" "Jetpack by WordPress.com (Jetpack 12.1; WordPress 6.4)"
160.176.196.203 - - [16/Jul/2026:12:47:23 +0000] "POST /xmlrpc.php HTTP/1.1" 200 403 "-" "Jetpack/12.1; WordPress/6.2; http://site21460002.com"
160.176.196.203 - - [16/Jul/2026:12:47:33 +0000] "POST /xmlrpc.php HTTP/1.1" 200 403 "-" "Jetpack by WordPress.com (Jetpack 12.1; WordPress 6.1)"
66.249.65.198 - - [16/Jul/2026:12:47:37 +0000] "GET /?q=89090847338911 HTTP/1.1" 200 25076 "-" "Mozilla/5.0 (compatible; Googlebot/2.1; +http://www.google.com/bot.html)"
160.176.196.203 - - [16/Jul/2026:12:47:44 +0000] "POST /xmlrpc.php HTTP/1.1" 200 403 "-" "Jetpack by WordPress.com (Jetpack 13.0; WordPress 6.3)"
160.176.196.203 - - [16/Jul/2026:12:47:54 +0000] "POST /xmlrpc.php HTTP/1.1" 200 403 "-" "WordPress.com; https://wordpress.com"
160.176.196.203 - - [16/Jul/2026:12:48:05 +0000] "POST /xmlrpc.php HTTP/1.1" 200 0 "-" "Jetpack/12.5; WordPress/6.2; http://site64976359.com"
66.249.65.197 - - [16/Jul/2026:12:48:18 +0000] "GET /?q=78484347906624 HTTP/1.1" 200 25958 "-" "Mozilla/5.0 (compatible; Googlebot/2.1; +http://www.google.com/bot.html)"
160.176.196.203 - - [16/Jul/2026:12:48:16 +0000] "POST /xmlrpc.php HTTP/1.1" 200 0 "-" "Jetpack by WordPress.com"
160.176.196.203 - - [16/Jul/2026:12:48:26 +0000] "POST /xmlrpc.php HTTP/1.1" 200 0 "-" "WordPress.com; https://wordpress.com"
160.176.196.203 - - [16/Jul/2026:12:48:37 +0000] "POST /xmlrpc.php HTTP/1.1" 200 0 "-" "Jetpack/13.0; WordPress/6.4; http://site92943987.com"
160.176.196.203 - - [16/Jul/2026:12:48:47 +0000] "POST /xmlrpc.php HTTP/1.1" 200 0 "-" "Jetpack by WordPress.com"
3.93.128.70 - - [16/Jul/2026:12:49:02 +0000] "GET /robots.txt HTTP/1.1" 200 67 "-" "Mozilla/5.0 (Macintosh; Intel Mac OS X 10_10_1) AppleWebKit/600.2.5 (KHTML, like Gecko) Version/8.0.2 Safari/600.2.5 (Gort)"
160.176.196.203 - - [16/Jul/2026:12:48:58 +0000] "POST /xmlrpc.php HTTP/1.1" 200 0 "-" "Jetpack by WordPress.com (Jetpack 12.0; WordPress 6.1)"
160.176.196.203 - - [16/Jul/2026:12:49:08 +0000] "POST /xmlrpc.php HTTP/1.1" 200 0 "-" "Jetpack by WordPress.com (Jetpack 12.5; WordPress 6.1)"
160.176.196.203 - - [16/Jul/2026:12:49:19 +0000] "POST /xmlrpc.php HTTP/1.1" 200 0 "-" "Jetpack by WordPress.com (Jetpack 13.0; WordPress 6.2)"
160.176.196.203 - - [16/Jul/2026:12:49:29 +0000] "POST /xmlrpc.php HTTP/1.1" 200 0 "-" "Jetpack by WordPress.com"
160.176.196.203 - - [16/Jul/2026:12:49:40 +0000] "POST /xmlrpc.php HTTP/1.1" 200 0 "-" "Jetpack by WordPress.com"
160.176.196.203 - - [16/Jul/2026:12:49:50 +0000] "POST /xmlrpc.php HTTP/1.1" 200 0 "-" "Jetpack/13.0; WordPress/6.1; http://site79608063.com"
160.176.196.203 - - [16/Jul/2026:12:50:01 +0000] "POST /xmlrpc.php HTTP/1.1" 200 0 "-" "Jetpack/13.0; WordPress/6.1; http://site71181216.com"
160.176.196.203 - - [16/Jul/2026:12:50:12 +0000] "POST /xmlrpc.php HTTP/1.1" 200 0 "-" "WordPress.com; https://wordpress.com"
160.176.196.203 - - [16/Jul/2026:12:50:22 +0000] "POST /xmlrpc.php HTTP/1.1" 200 0 "-" "Jetpack/12.5; WordPress/6.3; http://site20671262.com"
160.176.196.203 - - [16/Jul/2026:12:50:33 +0000] "POST /xmlrpc.php HTTP/1.1" 200 0 "-" "Jetpack by WordPress.com"
160.176.196.203 - - [16/Jul/2026:12:50:43 +0000] "POST /xmlrpc.php HTTP/1.1" 200 0 "-" "Jetpack by WordPress.com (Jetpack 12.0; WordPress 6.4)"
160.176.196.203 - - [16/Jul/2026:12:50:54 +0000] "POST /xmlrpc.php HTTP/1.1" 200 0 "-" "Jetpack by WordPress.com (Jetpack 12.0; WordPress 6.2)"
97.74.93.24 - - [16/Jul/2026:12:51:00 +0000] "GET /wp-login.php HTTP/2" 200 2075 "-" "Mozilla/5.0 (Linux; Android 10; K) AppleWebKit/537.36 (KHTML, like Gecko) Chrome/147.0.0.0 Mobile Safari/537.36"
97.74.93.24 - - [16/Jul/2026:12:51:00 +0000] "POST /wp-login.php HTTP/2" 200 2210 "https://surajauto.com/wp-login.php" "Mozilla/5.0 (Linux; Android 10; K) AppleWebKit/537.36 (KHTML, like Gecko) Chrome/147.0.0.0 Mobile Safari/537.36"
160.176.196.203 - - [16/Jul/2026:12:51:04 +0000] "POST /xmlrpc.php HTTP/1.1" 200 0 "-" "WordPress.com; https://wordpress.com"
160.176.196.203 - - [16/Jul/2026:12:51:15 +0000] "POST /xmlrpc.php HTTP/1.1" 200 0 "-" "WordPress.com; https://wordpress.com"
160.176.196.203 - - [16/Jul/2026:12:51:25 +0000] "POST /xmlrpc.php HTTP/1.1" 200 0 "-" "WordPress.com; https://wordpress.com"
66.249.65.197 - - [16/Jul/2026:12:51:38 +0000] "GET /?q=59810695017747 HTTP/1.1" 200 26094 "-" "Mozilla/5.0 (Linux; Android 6.0.1; Nexus 5X Build/MMB29P) AppleWebKit/537.36 (KHTML, like Gecko) Chrome/150.0.7871.114 Mobile Safari/537.36 (compatible; Googlebot/2.1; +http://www.google.com/bot.html)"
160.176.196.203 - - [16/Jul/2026:12:51:36 +0000] "POST /xmlrpc.php HTTP/1.1" 200 0 "-" "Jetpack/12.5; WordPress/6.1; http://site69999806.com"
66.249.65.197 - - [16/Jul/2026:12:51:47 +0000] "GET /?q=95628533956301 HTTP/1.1" 200 24940 "-" "Mozilla/5.0 (compatible; Googlebot/2.1; +http://www.google.com/bot.html)"
160.176.196.203 - - [16/Jul/2026:12:51:46 +0000] "POST /xmlrpc.php HTTP/1.1" 200 0 "-" "Jetpack/12.1; WordPress/6.2; http://site72362995.com"
160.176.196.203 - - [16/Jul/2026:12:51:57 +0000] "POST /xmlrpc.php HTTP/1.1" 200 0 "-" "Jetpack by WordPress.com"
66.249.65.197 - - [16/Jul/2026:12:52:06 +0000] "GET /?q=21867907215773 HTTP/1.1" 200 25293 "-" "Mozilla/5.0 (Linux; Android 6.0.1; Nexus 5X Build/MMB29P) AppleWebKit/537.36 (KHTML, like Gecko) Chrome/150.0.7871.114 Mobile Safari/537.36 (compatible; Googlebot/2.1; +http://www.google.com/bot.html)"
160.176.196.203 - - [16/Jul/2026:12:52:07 +0000] "POST /xmlrpc.php HTTP/1.1" 200 0 "-" "Jetpack by WordPress.com"
160.176.196.203 - - [16/Jul/2026:12:52:18 +0000] "POST /xmlrpc.php HTTP/1.1" 200 0 "-" "Jetpack by WordPress.com (Jetpack 12.0; WordPress 6.3)"
160.176.196.203 - - [16/Jul/2026:12:52:28 +0000] "POST /xmlrpc.php HTTP/1.1" 200 0 "-" "WordPress.com; https://wordpress.com"
160.176.196.203 - - [16/Jul/2026:12:52:39 +0000] "POST /xmlrpc.php HTTP/1.1" 200 0 "-" "Jetpack by WordPress.com"
160.176.196.203 - - [16/Jul/2026:12:52:49 +0000] "POST /xmlrpc.php HTTP/1.1" 200 0 "-" "WordPress.com; https://wordpress.com"
160.176.196.203 - - [16/Jul/2026:12:53:00 +0000] "POST /xmlrpc.php HTTP/1.1" 200 0 "-" "Jetpack by WordPress.com (Jetpack 12.1; WordPress 6.4)"
160.176.196.203 - - [16/Jul/2026:12:53:10 +0000] "POST /xmlrpc.php HTTP/1.1" 200 0 "-" "Jetpack/12.0; WordPress/6.4; http://site85323353.com"
160.176.196.203 - - [16/Jul/2026:12:53:21 +0000] "POST /xmlrpc.php HTTP/1.1" 200 0 "-" "Jetpack by WordPress.com"
66.249.65.199 - - [16/Jul/2026:12:53:32 +0000] "GET /?q=98783574443465 HTTP/1.1" 200 25047 "-" "Mozilla/5.0 (Linux; Android 6.0.1; Nexus 5X Build/MMB29P) AppleWebKit/537.36 (KHTML, like Gecko) Chrome/150.0.7871.114 Mobile Safari/537.36 (compatible; Googlebot/2.1; +http://www.google.com/bot.html)"
66.249.65.198 - - [16/Jul/2026:12:53:36 +0000] "GET /?q=25937758997371 HTTP/1.1" 200 24502 "-" "Mozilla/5.0 (compatible; Googlebot/2.1; +http://www.google.com/bot.html)"
160.176.196.203 - - [16/Jul/2026:12:53:31 +0000] "POST /xmlrpc.php HTTP/1.1" 200 0 "-" "Jetpack by WordPress.com"
160.176.196.203 - - [16/Jul/2026:12:53:42 +0000] "POST /xmlrpc.php HTTP/1.1" 200 0 "-" "WordPress.com; https://wordpress.com"
160.176.196.203 - - [16/Jul/2026:12:53:53 +0000] "POST /xmlrpc.php HTTP/1.1" 200 0 "-" "Jetpack/12.0; WordPress/6.1; http://site73660660.com"
160.176.196.203 - - [16/Jul/2026:12:54:03 +0000] "POST /xmlrpc.php HTTP/1.1" 200 0 "-" "Jetpack/12.0; WordPress/6.3; http://site21629385.com"
160.176.196.203 - - [16/Jul/2026:12:54:14 +0000] "POST /xmlrpc.php HTTP/1.1" 200 0 "-" "WordPress.com; https://wordpress.com"
66.249.65.197 - - [16/Jul/2026:12:54:26 +0000] "GET /?q=66837796038005 HTTP/1.1" 200 24920 "-" "Mozilla/5.0 (Linux; Android 6.0.1; Nexus 5X Build/MMB29P) AppleWebKit/537.36 (KHTML, like Gecko) Chrome/150.0.7871.114 Mobile Safari/537.36 (compatible; Googlebot/2.1; +http://www.google.com/bot.html)"
160.176.196.203 - - [16/Jul/2026:12:54:24 +0000] "POST /xmlrpc.php HTTP/1.1" 200 0 "-" "Jetpack by WordPress.com"
160.176.196.203 - - [16/Jul/2026:12:54:35 +0000] "POST /xmlrpc.php HTTP/1.1" 200 0 "-" "WordPress.com; https://wordpress.com"
160.176.196.203 - - [16/Jul/2026:12:54:45 +0000] "POST /xmlrpc.php HTTP/1.1" 200 0 "-" "Jetpack by WordPress.com"
66.249.65.198 - - [16/Jul/2026:12:54:50 +0000] "GET /?q=5263843681406 HTTP/1.1" 200 26085 "-" "Mozilla/5.0 (Linux; Android 6.0.1; Nexus 5X Build/MMB29P) AppleWebKit/537.36 (KHTML, like Gecko) Chrome/150.0.7871.114 Mobile Safari/537.36 (compatible; Googlebot/2.1; +http://www.google.com/bot.html)"
160.176.196.203 - - [16/Jul/2026:12:54:56 +0000] "POST /xmlrpc.php HTTP/1.1" 200 0 "-" "Jetpack by WordPress.com (Jetpack 12.1; WordPress 6.1)"
160.176.196.203 - - [16/Jul/2026:12:55:06 +0000] "POST /xmlrpc.php HTTP/1.1" 200 0 "-" "Jetpack by WordPress.com (Jetpack 12.1; WordPress 6.2)"
152.58.158.126 - - [16/Jul/2026:12:55:20 +0000] "GET / HTTP/2" 302 0 "https://www.google.com/" "Mozilla/5.0 (Linux; Android 10; K) AppleWebKit/537.36 (KHTML, like Gecko) Chrome/150.0.0.0 Mobile Safari/537.36"
160.176.196.203 - - [16/Jul/2026:12:55:17 +0000] "POST /xmlrpc.php HTTP/1.1" 200 0 "-" "WordPress.com; https://wordpress.com"
66.249.65.199 - - [16/Jul/2026:12:55:26 +0000] "GET /?q=57819530982410 HTTP/1.1" 200 25116 "-" "Mozilla/5.0 (Linux; Android 6.0.1; Nexus 5X Build/MMB29P) AppleWebKit/537.36 (KHTML, like Gecko) Chrome/150.0.7871.114 Mobile Safari/537.36 (compatible; Googlebot/2.1; +http://www.google.com/bot.html)"
160.176.196.203 - - [16/Jul/2026:12:55:27 +0000] "POST /xmlrpc.php HTTP/1.1" 200 0 "-" "Jetpack by WordPress.com (Jetpack 12.1; WordPress 6.4)"
160.176.196.203 - - [16/Jul/2026:12:55:38 +0000] "POST /xmlrpc.php HTTP/1.1" 200 0 "-" "Jetpack by WordPress.com"
160.176.196.203 - - [16/Jul/2026:12:55:48 +0000] "POST /xmlrpc.php HTTP/1.1" 200 0 "-" "Jetpack/13.0; WordPress/6.3; http://site10206802.com"
98.159.37.88 - - [16/Jul/2026:12:56:03 +0000] "POST /wp-login.php HTTP/1.1" 200 2469 "-" "Mozilla/5.0 (Windows NT 10.0; Win64; rv:143.0) Gecko/20100101 Firefox/143.0"
216.24.210.164 - - [16/Jul/2026:12:56:03 +0000] "POST /wp-login.php HTTP/1.1" 200 2461 "-" "Mozilla/5.0 (Windows NT 10.0; Win64; x64) AppleWebKit/537.36 Chrome/129.0.0.0 Safari/537.36"
160.176.196.203 - - [16/Jul/2026:12:55:59 +0000] "POST /xmlrpc.php HTTP/1.1" 200 0 "-" "Jetpack by WordPress.com"
160.176.196.203 - - [16/Jul/2026:12:56:09 +0000] "POST /xmlrpc.php HTTP/1.1" 200 0 "-" "Jetpack by WordPress.com (Jetpack 12.5; WordPress 6.2)"
160.176.196.203 - - [16/Jul/2026:12:56:20 +0000] "POST /xmlrpc.php HTTP/1.1" 200 0 "-" "Jetpack by WordPress.com"
160.176.196.203 - - [16/Jul/2026:12:56:30 +0000] "POST /xmlrpc.php HTTP/1.1" 200 0 "-" "Jetpack by WordPress.com"
66.249.65.199 - - [16/Jul/2026:12:56:32 +0000] "GET /?q=26510059298276 HTTP/1.1" 200 25960 "-" "Mozilla/5.0 (Linux; Android 6.0.1; Nexus 5X Build/MMB29P) AppleWebKit/537.36 (KHTML, like Gecko) Chrome/150.0.7871.114 Mobile Safari/537.36 (compatible; Googlebot/2.1; +http://www.google.com/bot.html)"
66.249.65.199 - - [16/Jul/2026:12:56:37 +0000] "GET /?q=66400991174954 HTTP/1.1" 200 24587 "-" "Mozilla/5.0 (Linux; Android 6.0.1; Nexus 5X Build/MMB29P) AppleWebKit/537.36 (KHTML, like Gecko) Chrome/150.0.7871.114 Mobile Safari/537.36 (compatible; Googlebot/2.1; +http://www.google.com/bot.html)"
160.176.196.203 - - [16/Jul/2026:12:56:41 +0000] "POST /xmlrpc.php HTTP/1.1" 200 0 "-" "Jetpack by WordPress.com (Jetpack 12.5; WordPress 6.1)"
66.249.65.197 - - [16/Jul/2026:12:56:48 +0000] "GET /?q=32089082278698 HTTP/1.1" 200 25969 "-" "Mozilla/5.0 (compatible; Googlebot/2.1; +http://www.google.com/bot.html)"
66.249.65.197 - - [16/Jul/2026:12:56:51 +0000] "GET /?q=43778354416955 HTTP/1.1" 200 25495 "-" "Mozilla/5.0 (Linux; Android 6.0.1; Nexus 5X Build/MMB29P) AppleWebKit/537.36 (KHTML, like Gecko) Chrome/150.0.7871.114 Mobile Safari/537.36 (compatible; Googlebot/2.1; +http://www.google.com/bot.html)"
160.176.196.203 - - [16/Jul/2026:12:56:51 +0000] "POST /xmlrpc.php HTTP/1.1" 200 0 "-" "Jetpack/12.5; WordPress/6.3; http://site91812501.com"
160.176.196.203 - - [16/Jul/2026:12:57:02 +0000] "POST /xmlrpc.php HTTP/1.1" 200 0 "-" "Jetpack by WordPress.com (Jetpack 13.0; WordPress 6.1)"
66.249.65.197 - - [16/Jul/2026:12:57:08 +0000] "GET /?q=71436563992917 HTTP/1.1" 200 25305 "-" "Mozilla/5.0 (compatible; Googlebot/2.1; +http://www.google.com/bot.html)"
160.176.196.203 - - [16/Jul/2026:12:57:12 +0000] "POST /xmlrpc.php HTTP/1.1" 200 0 "-" "Jetpack by WordPress.com (Jetpack 12.0; WordPress 6.3)"
66.249.65.198 - - [16/Jul/2026:12:57:24 +0000] "GET /?q=65921479608922 HTTP/1.1" 200 25937 "-" "Mozilla/5.0 (Linux; Android 6.0.1; Nexus 5X Build/MMB29P) AppleWebKit/537.36 (KHTML, like Gecko) Chrome/150.0.7871.114 Mobile Safari/537.36 (compatible; Googlebot/2.1; +http://www.google.com/bot.html)"
66.249.65.197 - - [16/Jul/2026:12:57:25 +0000] "GET /?q=65223709504927 HTTP/1.1" 200 25469 "-" "Mozilla/5.0 (compatible; Googlebot/2.1; +http://www.google.com/bot.html)"
160.176.196.203 - - [16/Jul/2026:12:57:23 +0000] "POST /xmlrpc.php HTTP/1.1" 200 0 "-" "Jetpack/13.0; WordPress/6.2; http://site98821874.com"
66.249.65.197 - - [16/Jul/2026:12:57:33 +0000] "GET /?q=48168095191183 HTTP/1.1" 200 24842 "-" "Mozilla/5.0 (compatible; Googlebot/2.1; +http://www.google.com/bot.html)"
160.176.196.203 - - [16/Jul/2026:12:57:33 +0000] "POST /xmlrpc.php HTTP/1.1" 200 0 "-" "Jetpack by WordPress.com (Jetpack 12.5; WordPress 6.4)"
160.176.196.203 - - [16/Jul/2026:12:57:44 +0000] "POST /xmlrpc.php HTTP/1.1" 200 0 "-" "Jetpack by WordPress.com"
160.176.196.203 - - [16/Jul/2026:12:57:55 +0000] "POST /xmlrpc.php HTTP/1.1" 200 0 "-" "Jetpack by WordPress.com"
160.176.196.203 - - [16/Jul/2026:12:58:05 +0000] "POST /xmlrpc.php HTTP/1.1" 200 0 "-" "Jetpack by WordPress.com (Jetpack 13.0; WordPress 6.4)"
66.249.65.199 - - [16/Jul/2026:12:58:13 +0000] "GET /?q=71114693751102 HTTP/1.1" 200 25642 "-" "Mozilla/5.0 (compatible; Googlebot/2.1; +http://www.google.com/bot.html)"
160.176.196.203 - - [16/Jul/2026:12:58:16 +0000] "POST /xmlrpc.php HTTP/1.1" 200 0 "-" "Jetpack by WordPress.com"
66.249.65.198 - - [16/Jul/2026:12:58:27 +0000] "GET /?q=69865517000138 HTTP/1.1" 200 25118 "-" "Mozilla/5.0 (compatible; Googlebot/2.1; +http://www.google.com/bot.html)"
160.176.196.203 - - [16/Jul/2026:12:58:26 +0000] "POST /xmlrpc.php HTTP/1.1" 200 0 "-" "Jetpack by WordPress.com (Jetpack 13.0; WordPress 6.2)"
152.58.158.126 - - [16/Jul/2026:12:58:37 +0000] "GET / HTTP/3" 302 0 "https://www.google.com/" "Mozilla/5.0 (Linux; Android 10; K) AppleWebKit/537.36 (KHTML, like Gecko) Chrome/150.0.0.0 Mobile Safari/537.36"
160.176.196.203 - - [16/Jul/2026:12:58:37 +0000] "POST /xmlrpc.php HTTP/1.1" 200 0 "-" "Jetpack by WordPress.com (Jetpack 12.5; WordPress 6.1)"
160.176.196.203 - - [16/Jul/2026:12:58:47 +0000] "POST /xmlrpc.php HTTP/1.1" 200 0 "-" "WordPress.com; https://wordpress.com"
160.176.196.203 - - [16/Jul/2026:12:58:58 +0000] "POST /xmlrpc.php HTTP/1.1" 200 0 "-" "Jetpack by WordPress.com (Jetpack 13.0; WordPress 6.2)"
160.176.196.203 - - [16/Jul/2026:12:59:08 +0000] "POST /xmlrpc.php HTTP/1.1" 200 0 "-" "Jetpack/12.1; WordPress/6.1; http://site72352474.com"
66.249.65.197 - - [16/Jul/2026:12:59:21 +0000] "GET /?q=37828295756401 HTTP/1.1" 200 24789 "-" "Mozilla/5.0 (compatible; Googlebot/2.1; +http://www.google.com/bot.html)"
160.176.196.203 - - [16/Jul/2026:12:59:19 +0000] "POST /xmlrpc.php HTTP/1.1" 200 0 "-" "Jetpack/12.1; WordPress/6.4; http://site14961901.com"
160.176.196.203 - - [16/Jul/2026:12:59:29 +0000] "POST /xmlrpc.php HTTP/1.1" 200 0 "-" "WordPress.com; https://wordpress.com"
160.176.196.203 - - [16/Jul/2026:12:59:40 +0000] "POST /xmlrpc.php HTTP/1.1" 200 0 "-" "Jetpack/12.1; WordPress/6.1; http://site87916462.com"
160.176.196.203 - - [16/Jul/2026:12:59:50 +0000] "POST /xmlrpc.php HTTP/1.1" 200 0 "-" "WordPress.com; https://wordpress.com"
160.176.196.203 - - [16/Jul/2026:13:00:01 +0000] "POST /xmlrpc.php HTTP/1.1" 200 0 "-" "WordPress.com; https://wordpress.com"
66.249.65.197 - - [16/Jul/2026:13:00:09 +0000] "GET /?q=96257330181997 HTTP/1.1" 200 25812 "-" "Mozilla/5.0 (Linux; Android 6.0.1; Nexus 5X Build/MMB29P) AppleWebKit/537.36 (KHTML, like Gecko) Chrome/150.0.7871.114 Mobile Safari/537.36 (compatible; Googlebot/2.1; +http://www.google.com/bot.html)"
160.176.196.203 - - [16/Jul/2026:13:00:11 +0000] "POST /xmlrpc.php HTTP/1.1" 200 0 "-" "WordPress.com; https://wordpress.com"
66.249.65.197 - - [16/Jul/2026:13:00:22 +0000] "GET /?q=65446272153894 HTTP/1.1" 200 26024 "-" "Mozilla/5.0 (Linux; Android 6.0.1; Nexus 5X Build/MMB29P) AppleWebKit/537.36 (KHTML, like Gecko) Chrome/150.0.7871.114 Mobile Safari/537.36 (compatible; Googlebot/2.1; +http://www.google.com/bot.html)"
160.176.196.203 - - [16/Jul/2026:13:00:22 +0000] "POST /xmlrpc.php HTTP/1.1" 200 0 "-" "WordPress.com; https://wordpress.com"
66.249.65.197 - - [16/Jul/2026:13:00:35 +0000] "GET /index.php?q=81618567984302 HTTP/1.1" 200 25584 "-" "Mozilla/5.0 (Linux; Android 6.0.1; Nexus 5X Build/MMB29P) AppleWebKit/537.36 (KHTML, like Gecko) Chrome/150.0.7871.114 Mobile Safari/537.36 (compatible; Googlebot/2.1; +http://www.google.com/bot.html)"
160.176.196.203 - - [16/Jul/2026:13:00:32 +0000] "POST /xmlrpc.php HTTP/1.1" 200 0 "-" "Jetpack/12.0; WordPress/6.1; http://site60616103.com"
40.77.167.0 - - [16/Jul/2026:13:00:46 +0000] "GET /category/casino/2 HTTP/2" 200 25199 "-" "Mozilla/5.0 AppleWebKit/537.36 (KHTML, like Gecko; compatible; bingbot/2.0; +http://www.bing.com/bingbot.htm) Chrome/116.0.1938.76 Safari/537.36"
160.176.196.203 - - [16/Jul/2026:13:00:43 +0000] "POST /xmlrpc.php HTTP/1.1" 200 0 "-" "Jetpack/12.0; WordPress/6.3; http://site40069198.com"
